{"id":1905,"date":"2020-08-21T09:26:34","date_gmt":"2020-08-21T07:26:34","guid":{"rendered":"http:\/\/sitetab3.ac-reims.fr\/clg-cote-legris\/-wp-\/?page_id=1905"},"modified":"2026-01-23T00:51:48","modified_gmt":"2026-01-22T23:51:48","slug":"accueil","status":"publish","type":"page","link":"https:\/\/sitetab3.ac-reims.fr\/clg-cote-legris\/-wp-\/","title":{"rendered":"Accueil"},"content":{"rendered":"\n<hr class=\"wp-block-separator has-css-opacity is-style-wide\"\/>\n\n\n\n<h2 class=\"wp-block-heading has-text-align-center\">Journ\u00e9e portes ouvertes<\/h2>\n\n\n<div class=\"wp-block-image\">\n<figure class=\"aligncenter size-large is-resized\"><img loading=\"lazy\" decoding=\"async\" width=\"1024\" height=\"683\" src=\"http:\/\/sitetab3.ac-reims.fr\/clg-cote-legris\/-wp-\/wp-content\/uploads\/portes-ouvertes-2026-1024x683.jpg\" alt=\"\" class=\"wp-image-3719\" style=\"width:290px;height:auto\" srcset=\"https:\/\/sitetab3.ac-reims.fr\/clg-cote-legris\/-wp-\/wp-content\/uploads\/portes-ouvertes-2026-1024x683.jpg 1024w, https:\/\/sitetab3.ac-reims.fr\/clg-cote-legris\/-wp-\/wp-content\/uploads\/portes-ouvertes-2026-300x200.jpg 300w, https:\/\/sitetab3.ac-reims.fr\/clg-cote-legris\/-wp-\/wp-content\/uploads\/portes-ouvertes-2026-768x512.jpg 768w, https:\/\/sitetab3.ac-reims.fr\/clg-cote-legris\/-wp-\/wp-content\/uploads\/portes-ouvertes-2026.jpg 1536w\" sizes=\"(max-width: 1024px) 100vw, 1024px\" \/><\/figure><\/div>\n\n\n<hr class=\"wp-block-separator has-css-opacity is-style-wide\"\/>\n\n\n\n<h2 class=\"wp-block-heading has-text-align-center\">Dossier d&#8217;inscription \u00e0 la section sportive foot<\/h2>\n\n\n<p><a href=\"http:\/\/sitetab3.ac-reims.fr\/clg-cote-legris\/-wp-\/wp-content\/uploads\/SSF-Dossier-Inscrip.-2026-2027.pdf\"><img loading=\"lazy\" decoding=\"async\" class=\"alignnone  wp-image-801 aligncenter\" src=\"http:\/\/sitetab3.ac-reims.fr\/clg-cote-legris\/-wp-\/wp-content\/uploads\/Section_sportive\/2013_2014\/Tests2-300x252.jpg\" alt=\"Tests2\" width=\"168\" height=\"141\" srcset=\"https:\/\/sitetab3.ac-reims.fr\/clg-cote-legris\/-wp-\/wp-content\/uploads\/Section_sportive\/2013_2014\/Tests2-300x252.jpg 300w, https:\/\/sitetab3.ac-reims.fr\/clg-cote-legris\/-wp-\/wp-content\/uploads\/Section_sportive\/2013_2014\/Tests2.jpg 546w\" sizes=\"(max-width: 168px) 100vw, 168px\" \/><\/a><\/p>\n\n\n<hr class=\"wp-block-separator has-css-opacity aligncenter is-style-wide\"\/>\n\n\n\n<h2 class=\"wp-block-heading has-text-align-center\">D\u00e9couverte de lieux de m\u00e9moire \u00e0 Verdun<\/h2>\n\n\n<div class=\"wp-block-image\">\n<figure class=\"aligncenter size-full is-resized\"><a href=\"https:\/\/sitetab3.ac-reims.fr\/clg-cote-legris\/-wp-\/decouverte-de-lieux-de-memoire-sur-la-premiere-guerre-mondiale\/\"><img loading=\"lazy\" decoding=\"async\" width=\"1008\" height=\"756\" src=\"http:\/\/sitetab3.ac-reims.fr\/clg-cote-legris\/-wp-\/wp-content\/uploads\/IMG_7532.jpg\" alt=\"\" class=\"wp-image-3619\" style=\"width:321px;height:auto\" srcset=\"https:\/\/sitetab3.ac-reims.fr\/clg-cote-legris\/-wp-\/wp-content\/uploads\/IMG_7532.jpg 1008w, https:\/\/sitetab3.ac-reims.fr\/clg-cote-legris\/-wp-\/wp-content\/uploads\/IMG_7532-300x225.jpg 300w, https:\/\/sitetab3.ac-reims.fr\/clg-cote-legris\/-wp-\/wp-content\/uploads\/IMG_7532-768x576.jpg 768w\" sizes=\"(max-width: 1008px) 100vw, 1008px\" \/><\/a><\/figure><\/div>\n\n\n<hr class=\"wp-block-separator has-css-opacity is-style-wide\"\/>\n\n\n\n<h2 class=\"wp-block-heading has-text-align-center\">Retour sur la victoire des \u00e9l\u00e8ves au tennis de table<\/h2>\n\n\n<div class=\"wp-block-image\">\n<figure class=\"aligncenter size-large is-resized\"><a href=\"https:\/\/sitetab3.ac-reims.fr\/clg-cote-legris\/-wp-\/victoire-des-eleves-au-tennis-de-table\/\"><img loading=\"lazy\" decoding=\"async\" width=\"768\" height=\"1024\" src=\"http:\/\/sitetab3.ac-reims.fr\/clg-cote-legris\/-wp-\/wp-content\/uploads\/FANJ8551-768x1024.jpg\" alt=\"\" class=\"wp-image-3686\" style=\"width:177px;height:auto\" srcset=\"https:\/\/sitetab3.ac-reims.fr\/clg-cote-legris\/-wp-\/wp-content\/uploads\/FANJ8551-768x1024.jpg 768w, https:\/\/sitetab3.ac-reims.fr\/clg-cote-legris\/-wp-\/wp-content\/uploads\/FANJ8551-225x300.jpg 225w, https:\/\/sitetab3.ac-reims.fr\/clg-cote-legris\/-wp-\/wp-content\/uploads\/FANJ8551-1152x1536.jpg 1152w, https:\/\/sitetab3.ac-reims.fr\/clg-cote-legris\/-wp-\/wp-content\/uploads\/FANJ8551.jpg 1200w\" sizes=\"(max-width: 768px) 100vw, 768px\" \/><\/a><\/figure><\/div>\n\n\n<hr class=\"wp-block-separator has-css-opacity is-style-wide\"\/>\n\n\n\n<p class=\"has-text-align-center\"><\/p>\n\n\n\n<div class=\"wp-block-group\"><div class=\"wp-block-group__inner-container is-layout-flow wp-block-group-is-layout-flow\">\n<p><script>(function (d) { var js, id = \"genially-embed-js\", ref = d.getElementsByTagName(\"script\")[0]; if (d.getElementById(id)) { return; } js = d.createElement(\"script\"); js.id = id; js.async = true; js.src = \"https:\/\/view.genial.ly\/static\/embed\/embed.js\"; ref.parentNode.insertBefore(js, ref); }(document));<\/script><\/p>\n<div style=\"width: 100%;\">\n<div style=\"position: relative; padding-bottom: 56.25%; padding-top: 0; height: 0;\">\n<table class=\" alignleft\" style=\"height: 188px; width: 881px;\" width=\"1040\">\n<tbody>\n<tr style=\"height: 165px;\">\n<td style=\"height: 10px; width: 100%;\">\n<p style=\"text-align: center;\">&nbsp;<\/p>\n<p style=\"text-align: center;\"><span style=\"font-size: 18pt; color: #0000ff;\">Quelques liens utiles<\/span><\/p>\n<p>&nbsp; &nbsp; &nbsp; &nbsp; &nbsp; &nbsp; &nbsp; &nbsp; &nbsp; &nbsp; &nbsp; &nbsp; &nbsp; &nbsp; &nbsp;<a href=\"https:\/\/www.monbureaunumerique.fr\/\" target=\"_blank\" rel=\"noopener noreferrer\"><img loading=\"lazy\" decoding=\"async\" class=\"alignnone wp-image-1427\" src=\"http:\/\/sitetab3.ac-reims.fr\/clg-cote-legris\/-wp-\/wp-content\/uploads\/accueil_sites\/ent.JPG\" alt=\"ent\" width=\"78\" height=\"38\"><\/a>&nbsp; &nbsp; &nbsp; &nbsp; &nbsp;<a href=\"https:\/\/0511189r.esidoc.fr\/\" target=\"_blank\" rel=\"noopener noreferrer\"><img loading=\"lazy\" decoding=\"async\" class=\"alignnone  wp-image-1429\" src=\"http:\/\/sitetab3.ac-reims.fr\/clg-cote-legris\/-wp-\/wp-content\/uploads\/CDI\/2013_2014\/edoc.JPG\" alt=\"edoc\" width=\"101\" height=\"34\"><\/a><span style=\"font-family: inherit; font-size: inherit; font-weight: inherit; color: #1e1e1e;\">&nbsp; &nbsp; &nbsp; &nbsp; <\/span><img loading=\"lazy\" decoding=\"async\" class=\"alignnone wp-image-1426\" style=\"font-family: inherit; font-size: inherit; font-weight: inherit; color: #1e1e1e;\" src=\"http:\/\/sitetab3.ac-reims.fr\/clg-cote-legris\/-wp-\/wp-content\/uploads\/accueil_sites\/iprof.jpg\" alt=\"iprof\" width=\"95\" height=\"58\"><span style=\"font-family: inherit; font-size: inherit; font-weight: inherit; color: #1e1e1e;\">&nbsp; &nbsp; &nbsp; &nbsp; &nbsp; <\/span><a style=\"font-family: inherit; font-size: inherit; font-weight: inherit;\" href=\"https:\/\/ac-reims.monbureaunumerique.fr\/emi-applix\/\"><img loading=\"lazy\" decoding=\"async\" class=\"alignnone  wp-image-2349\" src=\"http:\/\/sitetab3.ac-reims.fr\/clg-cote-legris\/-wp-\/wp-content\/uploads\/Applix-EMI-300x192.png\" alt=\"\" width=\"110\" height=\"71\" srcset=\"https:\/\/sitetab3.ac-reims.fr\/clg-cote-legris\/-wp-\/wp-content\/uploads\/Applix-EMI-300x192.png 300w, https:\/\/sitetab3.ac-reims.fr\/clg-cote-legris\/-wp-\/wp-content\/uploads\/Applix-EMI-768x493.png 768w, https:\/\/sitetab3.ac-reims.fr\/clg-cote-legris\/-wp-\/wp-content\/uploads\/Applix-EMI.png 915w\" sizes=\"(max-width: 110px) 100vw, 110px\" \/><\/a><\/p>\n<\/td>\n<\/tr>\n<\/tbody>\n<\/table>\n<\/div>\n<\/div>\n\n\n\n\n<\/div><\/div>\n","protected":false},"excerpt":{"rendered":"<p>Journ\u00e9e portes ouvertes Dossier d&#8217;inscription \u00e0 la section sportive foot D\u00e9couverte de lieux de m\u00e9moire \u00e0 Verdun Retour sur la victoire des \u00e9l\u00e8ves au tennis de table &nbsp; Quelques liens utiles &nbsp; &nbsp; &nbsp; &nbsp; &nbsp; &nbsp; &nbsp; &nbsp; &nbsp; &nbsp; &nbsp; &nbsp; &nbsp; &nbsp; &nbsp;&nbsp; &nbsp; &nbsp; &nbsp; &nbsp;&nbsp; &nbsp; &nbsp; &nbsp; &nbsp; &nbsp; [&hellip;]<\/p>\n","protected":false},"author":2,"featured_media":0,"parent":0,"menu_order":0,"comment_status":"closed","ping_status":"closed","template":"","meta":{"ngg_post_thumbnail":0,"footnotes":""},"_links":{"self":[{"href":"https:\/\/sitetab3.ac-reims.fr\/clg-cote-legris\/-wp-\/wp-json\/wp\/v2\/pages\/1905"}],"collection":[{"href":"https:\/\/sitetab3.ac-reims.fr\/clg-cote-legris\/-wp-\/wp-json\/wp\/v2\/pages"}],"about":[{"href":"https:\/\/sitetab3.ac-reims.fr\/clg-cote-legris\/-wp-\/wp-json\/wp\/v2\/types\/page"}],"author":[{"embeddable":true,"href":"https:\/\/sitetab3.ac-reims.fr\/clg-cote-legris\/-wp-\/wp-json\/wp\/v2\/users\/2"}],"replies":[{"embeddable":true,"href":"https:\/\/sitetab3.ac-reims.fr\/clg-cote-legris\/-wp-\/wp-json\/wp\/v2\/comments?post=1905"}],"version-history":[{"count":229,"href":"https:\/\/sitetab3.ac-reims.fr\/clg-cote-legris\/-wp-\/wp-json\/wp\/v2\/pages\/1905\/revisions"}],"predecessor-version":[{"id":3725,"href":"https:\/\/sitetab3.ac-reims.fr\/clg-cote-legris\/-wp-\/wp-json\/wp\/v2\/pages\/1905\/revisions\/3725"}],"wp:attachment":[{"href":"https:\/\/sitetab3.ac-reims.fr\/clg-cote-legris\/-wp-\/wp-json\/wp\/v2\/media?parent=1905"}],"curies":[{"name":"wp","href":"https:\/\/api.w.org\/{rel}","templated":true}]}}

<hr class="wp-block-separator has-css-opacity is-style-wide"/>



<h2 class="wp-block-heading has-text-align-center">Journée portes ouvertes</h2>


<div class="wp-block-image">
<figure class="aligncenter size-large is-resized"><img loading="lazy" decoding="async" width="1024" height="683" src="http://sitetab3.ac-reims.fr/clg-cote-legris/-wp-/wp-content/uploads/portes-ouvertes-2026-1024x683.jpg" alt="" class="wp-image-3719" style="width:290px;height:auto" srcset="https://sitetab3.ac-reims.fr/clg-cote-legris/-wp-/wp-content/uploads/portes-ouvertes-2026-1024x683.jpg 1024w, https://sitetab3.ac-reims.fr/clg-cote-legris/-wp-/wp-content/uploads/portes-ouvertes-2026-300x200.jpg 300w, https://sitetab3.ac-reims.fr/clg-cote-legris/-wp-/wp-content/uploads/portes-ouvertes-2026-768x512.jpg 768w, https://sitetab3.ac-reims.fr/clg-cote-legris/-wp-/wp-content/uploads/portes-ouvertes-2026.jpg 1536w" sizes="(max-width: 1024px) 100vw, 1024px" /></figure></div>


<hr class="wp-block-separator has-css-opacity is-style-wide"/>



<h2 class="wp-block-heading has-text-align-center">Dossier d&#8217;inscription à la section sportive foot</h2>


<p><a href="http://sitetab3.ac-reims.fr/clg-cote-legris/-wp-/wp-content/uploads/SSF-Dossier-Inscrip.-2026-2027.pdf"><img loading="lazy" decoding="async" class="alignnone  wp-image-801 aligncenter" src="http://sitetab3.ac-reims.fr/clg-cote-legris/-wp-/wp-content/uploads/Section_sportive/2013_2014/Tests2-300x252.jpg" alt="Tests2" width="168" height="141" srcset="https://sitetab3.ac-reims.fr/clg-cote-legris/-wp-/wp-content/uploads/Section_sportive/2013_2014/Tests2-300x252.jpg 300w, https://sitetab3.ac-reims.fr/clg-cote-legris/-wp-/wp-content/uploads/Section_sportive/2013_2014/Tests2.jpg 546w" sizes="(max-width: 168px) 100vw, 168px" /></a></p>


<hr class="wp-block-separator has-css-opacity aligncenter is-style-wide"/>



<h2 class="wp-block-heading has-text-align-center">Découverte de lieux de mémoire à Verdun</h2>


<div class="wp-block-image">
<figure class="aligncenter size-full is-resized"><a href="https://sitetab3.ac-reims.fr/clg-cote-legris/-wp-/decouverte-de-lieux-de-memoire-sur-la-premiere-guerre-mondiale/"><img loading="lazy" decoding="async" width="1008" height="756" src="http://sitetab3.ac-reims.fr/clg-cote-legris/-wp-/wp-content/uploads/IMG_7532.jpg" alt="" class="wp-image-3619" style="width:321px;height:auto" srcset="https://sitetab3.ac-reims.fr/clg-cote-legris/-wp-/wp-content/uploads/IMG_7532.jpg 1008w, https://sitetab3.ac-reims.fr/clg-cote-legris/-wp-/wp-content/uploads/IMG_7532-300x225.jpg 300w, https://sitetab3.ac-reims.fr/clg-cote-legris/-wp-/wp-content/uploads/IMG_7532-768x576.jpg 768w" sizes="(max-width: 1008px) 100vw, 1008px" /></a></figure></div>


<hr class="wp-block-separator has-css-opacity is-style-wide"/>



<h2 class="wp-block-heading has-text-align-center">Retour sur la victoire des élèves au tennis de table</h2>


<div class="wp-block-image">
<figure class="aligncenter size-large is-resized"><a href="https://sitetab3.ac-reims.fr/clg-cote-legris/-wp-/victoire-des-eleves-au-tennis-de-table/"><img loading="lazy" decoding="async" width="768" height="1024" src="http://sitetab3.ac-reims.fr/clg-cote-legris/-wp-/wp-content/uploads/FANJ8551-768x1024.jpg" alt="" class="wp-image-3686" style="width:177px;height:auto" srcset="https://sitetab3.ac-reims.fr/clg-cote-legris/-wp-/wp-content/uploads/FANJ8551-768x1024.jpg 768w, https://sitetab3.ac-reims.fr/clg-cote-legris/-wp-/wp-content/uploads/FANJ8551-225x300.jpg 225w, https://sitetab3.ac-reims.fr/clg-cote-legris/-wp-/wp-content/uploads/FANJ8551-1152x1536.jpg 1152w, https://sitetab3.ac-reims.fr/clg-cote-legris/-wp-/wp-content/uploads/FANJ8551.jpg 1200w" sizes="(max-width: 768px) 100vw, 768px" /></a></figure></div>


<hr class="wp-block-separator has-css-opacity is-style-wide"/>



<p class="has-text-align-center"></p>



<div class="wp-block-group"><div class="wp-block-group__inner-container is-layout-flow wp-block-group-is-layout-flow">
<p><script>(function (d) { var js, id = "genially-embed-js", ref = d.getElementsByTagName("script")[0]; if (d.getElementById(id)) { return; } js = d.createElement("script"); js.id = id; js.async = true; js.src = "https://view.genial.ly/static/embed/embed.js"; ref.parentNode.insertBefore(js, ref); }(document));</script></p>
<div style="width: 100%;">
<div style="position: relative; padding-bottom: 56.25%; padding-top: 0; height: 0;">
<table class=" alignleft" style="height: 188px; width: 881px;" width="1040">
<tbody>
<tr style="height: 165px;">
<td style="height: 10px; width: 100%;">
<p style="text-align: center;">&nbsp;</p>
<p style="text-align: center;"><span style="font-size: 18pt; color: #0000ff;">Quelques liens utiles</span></p>
<p>&nbsp; &nbsp; &nbsp; &nbsp; &nbsp; &nbsp; &nbsp; &nbsp; &nbsp; &nbsp; &nbsp; &nbsp; &nbsp; &nbsp; &nbsp;<a href="https://www.monbureaunumerique.fr/" target="_blank" rel="noopener noreferrer"><img loading="lazy" decoding="async" class="alignnone wp-image-1427" src="http://sitetab3.ac-reims.fr/clg-cote-legris/-wp-/wp-content/uploads/accueil_sites/ent.JPG" alt="ent" width="78" height="38"></a>&nbsp; &nbsp; &nbsp; &nbsp; &nbsp;<a href="https://0511189r.esidoc.fr/" target="_blank" rel="noopener noreferrer"><img loading="lazy" decoding="async" class="alignnone  wp-image-1429" src="http://sitetab3.ac-reims.fr/clg-cote-legris/-wp-/wp-content/uploads/CDI/2013_2014/edoc.JPG" alt="edoc" width="101" height="34"></a><span style="font-family: inherit; font-size: inherit; font-weight: inherit; color: #1e1e1e;">&nbsp; &nbsp; &nbsp; &nbsp; </span><img loading="lazy" decoding="async" class="alignnone wp-image-1426" style="font-family: inherit; font-size: inherit; font-weight: inherit; color: #1e1e1e;" src="http://sitetab3.ac-reims.fr/clg-cote-legris/-wp-/wp-content/uploads/accueil_sites/iprof.jpg" alt="iprof" width="95" height="58"><span style="font-family: inherit; font-size: inherit; font-weight: inherit; color: #1e1e1e;">&nbsp; &nbsp; &nbsp; &nbsp; &nbsp; </span><a style="font-family: inherit; font-size: inherit; font-weight: inherit;" href="https://ac-reims.monbureaunumerique.fr/emi-applix/"><img loading="lazy" decoding="async" class="alignnone  wp-image-2349" src="http://sitetab3.ac-reims.fr/clg-cote-legris/-wp-/wp-content/uploads/Applix-EMI-300x192.png" alt="" width="110" height="71" srcset="https://sitetab3.ac-reims.fr/clg-cote-legris/-wp-/wp-content/uploads/Applix-EMI-300x192.png 300w, https://sitetab3.ac-reims.fr/clg-cote-legris/-wp-/wp-content/uploads/Applix-EMI-768x493.png 768w, https://sitetab3.ac-reims.fr/clg-cote-legris/-wp-/wp-content/uploads/Applix-EMI.png 915w" sizes="(max-width: 110px) 100vw, 110px" /></a></p>
</td>
</tr>
</tbody>
</table>
</div>
</div>




</div></div>

<p>Journée portes ouvertes Dossier d&#8217;inscription à la section sportive foot Découverte de lieux de mémoire à Verdun Retour sur la victoire des élèves au tennis de table &nbsp; Quelques liens utiles &nbsp; &nbsp; &nbsp; &nbsp; &nbsp; &nbsp; &nbsp; &nbsp; &nbsp; &nbsp; &nbsp; &nbsp; &nbsp; &nbsp; &nbsp;&nbsp; &nbsp; &nbsp; &nbsp; &nbsp;&nbsp; &nbsp; &nbsp; &nbsp; &nbsp; &nbsp; [&hellip;]</p>
