{"id":2041,"date":"2020-08-28T10:40:08","date_gmt":"2020-08-28T08:40:08","guid":{"rendered":"http:\/\/sitetab3.ac-reims.fr\/clg-cote-legris\/-wp-\/?page_id=2041"},"modified":"2020-09-14T10:04:05","modified_gmt":"2020-09-14T08:04:05","slug":"presentation-du-college","status":"publish","type":"page","link":"https:\/\/sitetab3.ac-reims.fr\/clg-cote-legris\/-wp-\/presentation-du-college\/","title":{"rendered":"Pr\u00e9sentation du coll\u00e8ge"},"content":{"rendered":"<p style=\"text-align: center;\"><span style=\"font-size: 18pt; color: #339966;\">Pr\u00e9sentation g\u00e9n\u00e9rale<\/span><\/p>\n<p>&nbsp;<\/p>\n<p>&nbsp;<\/p>\n<p style=\"text-align: center;\"><span style=\"font-size: 18pt; color: #339966;\">Les disciplines enseign\u00e9es au coll\u00e8ge<\/span><\/p>\n<p style=\"text-align: center;\">&nbsp;<\/p>\n<p><a href=\"http:\/\/sitetab3.ac-reims.fr\/clg-cote-legris\/-wp-\/mathematiques-2\/\"><img loading=\"lazy\" decoding=\"async\" class=\"alignnone  wp-image-2098 aligncenter\" src=\"http:\/\/sitetab3.ac-reims.fr\/clg-cote-legris\/-wp-\/wp-content\/uploads\/math\u00e9matiques-300x200.png\" alt=\"\" width=\"185\" height=\"123\" srcset=\"https:\/\/sitetab3.ac-reims.fr\/clg-cote-legris\/-wp-\/wp-content\/uploads\/math\u00e9matiques-300x200.png 300w, https:\/\/sitetab3.ac-reims.fr\/clg-cote-legris\/-wp-\/wp-content\/uploads\/math\u00e9matiques.png 626w\" sizes=\"(max-width: 185px) 100vw, 185px\" \/><\/a><\/p>\n","protected":false},"excerpt":{"rendered":"<p>Pr\u00e9sentation g\u00e9n\u00e9rale &nbsp; &nbsp; Les disciplines enseign\u00e9es au coll\u00e8ge &nbsp;<\/p>\n","protected":false},"author":2,"featured_media":0,"parent":0,"menu_order":0,"comment_status":"closed","ping_status":"closed","template":"","meta":{"ngg_post_thumbnail":0,"footnotes":""},"_links":{"self":[{"href":"https:\/\/sitetab3.ac-reims.fr\/clg-cote-legris\/-wp-\/wp-json\/wp\/v2\/pages\/2041"}],"collection":[{"href":"https:\/\/sitetab3.ac-reims.fr\/clg-cote-legris\/-wp-\/wp-json\/wp\/v2\/pages"}],"about":[{"href":"https:\/\/sitetab3.ac-reims.fr\/clg-cote-legris\/-wp-\/wp-json\/wp\/v2\/types\/page"}],"author":[{"embeddable":true,"href":"https:\/\/sitetab3.ac-reims.fr\/clg-cote-legris\/-wp-\/wp-json\/wp\/v2\/users\/2"}],"replies":[{"embeddable":true,"href":"https:\/\/sitetab3.ac-reims.fr\/clg-cote-legris\/-wp-\/wp-json\/wp\/v2\/comments?post=2041"}],"version-history":[{"count":3,"href":"https:\/\/sitetab3.ac-reims.fr\/clg-cote-legris\/-wp-\/wp-json\/wp\/v2\/pages\/2041\/revisions"}],"predecessor-version":[{"id":2099,"href":"https:\/\/sitetab3.ac-reims.fr\/clg-cote-legris\/-wp-\/wp-json\/wp\/v2\/pages\/2041\/revisions\/2099"}],"wp:attachment":[{"href":"https:\/\/sitetab3.ac-reims.fr\/clg-cote-legris\/-wp-\/wp-json\/wp\/v2\/media?parent=2041"}],"curies":[{"name":"wp","href":"https:\/\/api.w.org\/{rel}","templated":true}]}}

Présentation du collège

<p style="text-align: center;"><span style="font-size: 18pt; color: #339966;">Présentation générale</span></p>
<p>&nbsp;</p>
<p>&nbsp;</p>
<p style="text-align: center;"><span style="font-size: 18pt; color: #339966;">Les disciplines enseignées au collège</span></p>
<p style="text-align: center;">&nbsp;</p>
<p><a href="http://sitetab3.ac-reims.fr/clg-cote-legris/-wp-/mathematiques-2/"><img loading="lazy" decoding="async" class="alignnone  wp-image-2098 aligncenter" src="http://sitetab3.ac-reims.fr/clg-cote-legris/-wp-/wp-content/uploads/mathématiques-300x200.png" alt="" width="185" height="123" srcset="https://sitetab3.ac-reims.fr/clg-cote-legris/-wp-/wp-content/uploads/mathématiques-300x200.png 300w, https://sitetab3.ac-reims.fr/clg-cote-legris/-wp-/wp-content/uploads/mathématiques.png 626w" sizes="(max-width: 185px) 100vw, 185px" /></a></p>

<p>Présentation générale &nbsp; &nbsp; Les disciplines enseignées au collège &nbsp;</p>
