{"id":2072,"date":"2020-09-14T09:53:55","date_gmt":"2020-09-14T07:53:55","guid":{"rendered":"http:\/\/sitetab3.ac-reims.fr\/clg-cote-legris\/-wp-\/?page_id=2072"},"modified":"2021-02-04T14:46:04","modified_gmt":"2021-02-04T13:46:04","slug":"mathematiques-2","status":"publish","type":"page","link":"https:\/\/sitetab3.ac-reims.fr\/clg-cote-legris\/-wp-\/mathematiques-2\/","title":{"rendered":"Math\u00e9matiques"},"content":{"rendered":"<p style=\"text-align: center;\"><span style=\"color: #0000ff; font-size: 18pt;\">Pr\u00e9sentation<\/span><\/p>\n<p style=\"text-align: justify;\">L&#8217;\u00e9quipe de math\u00e9matiques est compos\u00e9e de quatre professeurs :&nbsp;<\/p>\n<p style=\"text-align: justify;\">Mme ROBERT-MAZUET, Mme GAMET, M. PICOT et M. GUIZARD.<\/p>\n<p style=\"text-align: justify;\">Nous utilisons les livres s\u00e9samaths (celui de cycle 3 pour les 6\u00e8mes et celui de cycle 4 pour les 5\u00e8mes, 4\u00e8mes et 3\u00e8mes).<\/p>\n<p style=\"text-align: center;\"><a href=\"https:\/\/mep-outils.sesamath.net\/manuel_numerique\/?ouvrage=ms6_2013\" target=\"_blank\" rel=\"noopener noreferrer\"><img loading=\"lazy\" decoding=\"async\" class=\"alignnone wp-image-2007\" src=\"http:\/\/sitetab3.ac-reims.fr\/clg-cote-legris\/-wp-\/wp-content\/uploads\/s\u00e9samaths-6e-216x300.png\" alt=\"\" width=\"56\" height=\"78\" srcset=\"https:\/\/sitetab3.ac-reims.fr\/clg-cote-legris\/-wp-\/wp-content\/uploads\/s\u00e9samaths-6e-216x300.png 216w, https:\/\/sitetab3.ac-reims.fr\/clg-cote-legris\/-wp-\/wp-content\/uploads\/s\u00e9samaths-6e.png 346w\" sizes=\"(max-width: 56px) 100vw, 56px\" \/><\/a>&nbsp; &nbsp; &nbsp; &nbsp; &nbsp;&nbsp;<a href=\"https:\/\/mep-outils.sesamath.net\/manuel_numerique\/?ouvrage=cycle4_2016\" target=\"_blank\" rel=\"noopener noreferrer\"><img loading=\"lazy\" decoding=\"async\" class=\"wp-image-2008 alignnone\" src=\"http:\/\/sitetab3.ac-reims.fr\/clg-cote-legris\/-wp-\/wp-content\/uploads\/s\u00e9samaths-5e_4e_3e-214x300.png\" alt=\"\" width=\"55\" height=\"77\" srcset=\"https:\/\/sitetab3.ac-reims.fr\/clg-cote-legris\/-wp-\/wp-content\/uploads\/s\u00e9samaths-5e_4e_3e-214x300.png 214w, https:\/\/sitetab3.ac-reims.fr\/clg-cote-legris\/-wp-\/wp-content\/uploads\/s\u00e9samaths-5e_4e_3e.png 347w\" sizes=\"(max-width: 55px) 100vw, 55px\" \/><\/a><\/p>\n<p style=\"text-align: justify;\">Les horaires sont de 4 h 30 en sixi\u00e8me et de 3 h 30 pour les autres niveaux.<\/p>\n<p><img loading=\"lazy\" decoding=\"async\" class=\"wp-image-2087 aligncenter\" src=\"http:\/\/sitetab3.ac-reims.fr\/clg-cote-legris\/-wp-\/wp-content\/uploads\/personal-computer-clipart-md-300x300.png\" alt=\"\" width=\"81\" height=\"81\" srcset=\"https:\/\/sitetab3.ac-reims.fr\/clg-cote-legris\/-wp-\/wp-content\/uploads\/personal-computer-clipart-md-300x300.png 300w, https:\/\/sitetab3.ac-reims.fr\/clg-cote-legris\/-wp-\/wp-content\/uploads\/personal-computer-clipart-md-150x150.png 150w, https:\/\/sitetab3.ac-reims.fr\/clg-cote-legris\/-wp-\/wp-content\/uploads\/personal-computer-clipart-md-768x768.png 768w, https:\/\/sitetab3.ac-reims.fr\/clg-cote-legris\/-wp-\/wp-content\/uploads\/personal-computer-clipart-md.png 800w\" sizes=\"(max-width: 81px) 100vw, 81px\" \/><\/p>\n<p style=\"text-align: justify;\">Pour les sixi\u00e8mes, une heure par semaine est consacr\u00e9e au travail sur ordinateur. Durant ce cr\u00e9neau, les \u00e9l\u00e8ves apprennent, avec l&#8217;aide de deux professeurs, \u00e0 utiliser un tableur et un logiciel de g\u00e9om\u00e9trie dynamique. Ce mode de fonctionnement est poursuivi en cinqui\u00e8me \u00e0 raison d&#8217;une heure quinzaine.<\/p>\n<p style=\"text-align: center;\"><span style=\"font-size: 18pt; color: #0000ff;\">Sorties<\/span><\/p>\n<p><img loading=\"lazy\" decoding=\"async\" class=\"aligncenter\" src=\"https:\/\/upload.wikimedia.org\/wikipedia\/fr\/thumb\/c\/c8\/Cite_des_sciences_logo.svg\/1200px-Cite_des_sciences_logo.svg.png\" alt=\"Fichier:Cite des sciences logo.svg \u2014 Wikip\u00e9dia\" width=\"104\" height=\"104\"><\/p>\n<p style=\"text-align: justify;\">Chaque ann\u00e9e, pour tous les \u00e9l\u00e8ves de 5\u00e8me, une sortie est organis\u00e9e \u00e0 la cit\u00e9 des sciences et de l&#8217;industrie \u00e0 la Villette. En plus de l&#8217;exposition permanente sur les math\u00e9matiques, nous en profitons pour d\u00e9couvrir les expositions du moment et le plan\u00e9tarium.<\/p>\n<p><img loading=\"lazy\" decoding=\"async\" class=\"alignnone wp-image-2092 aligncenter\" src=\"http:\/\/sitetab3.ac-reims.fr\/clg-cote-legris\/-wp-\/wp-content\/uploads\/Lyc\u00e9e-300x97.png\" alt=\"\" width=\"235\" height=\"76\" srcset=\"https:\/\/sitetab3.ac-reims.fr\/clg-cote-legris\/-wp-\/wp-content\/uploads\/Lyc\u00e9e-300x97.png 300w, https:\/\/sitetab3.ac-reims.fr\/clg-cote-legris\/-wp-\/wp-content\/uploads\/Lyc\u00e9e.png 394w\" sizes=\"(max-width: 235px) 100vw, 235px\" \/><\/p>\n<p style=\"text-align: justify;\">En troisi\u00e8me, une demi-journ\u00e9e est organis\u00e9e au lyc\u00e9e St\u00e9phane Hessel. Les \u00e9l\u00e8ves de troisi\u00e8me rencontrent ceux de seconde autour d&#8217;exercices \u00e0 r\u00e9soudre, cela leur montre que les notions vues en classe sont utiles pour la suite de leurs \u00e9tudes.<\/p>\n<p style=\"text-align: center;\"><span style=\"font-size: 18pt; color: #3366ff;\">Les concours<\/span><\/p>\n<p style=\"text-align: left;\"><img loading=\"lazy\" decoding=\"async\" class=\"wp-image-836 aligncenter\" src=\"http:\/\/sitetab3.ac-reims.fr\/clg-cote-legris\/-wp-\/wp-content\/uploads\/Maths\/rallye-300x300.png\" alt=\"\" width=\"115\" height=\"115\" srcset=\"https:\/\/sitetab3.ac-reims.fr\/clg-cote-legris\/-wp-\/wp-content\/uploads\/Maths\/rallye-300x300.png 300w, https:\/\/sitetab3.ac-reims.fr\/clg-cote-legris\/-wp-\/wp-content\/uploads\/Maths\/rallye-150x150.png 150w, https:\/\/sitetab3.ac-reims.fr\/clg-cote-legris\/-wp-\/wp-content\/uploads\/Maths\/rallye.png 536w\" sizes=\"(max-width: 115px) 100vw, 115px\" \/><\/p>\n<p style=\"text-align: justify;\">Le rallye math\u00e9matique est un concours gratuit dont le but est que la classe r\u00e9solve plusieurs \u00e9nigmes en une heure. C&#8217;est un travail coop\u00e9ratif.<br \/>\n<em>Objectif&nbsp;: Qualifier sa classe pour la finale.<\/em><br \/>\n<img loading=\"lazy\" decoding=\"async\" class=\"wp-image-2090 aligncenter\" src=\"http:\/\/sitetab3.ac-reims.fr\/clg-cote-legris\/-wp-\/wp-content\/uploads\/kangourou.png\" alt=\"\" width=\"122\" height=\"131\"><\/p>\n<p style=\"text-align: justify;\">Le concours kangourou est un concours payant, le co\u00fbt est de 3 \u20ac par \u00e9l\u00e8ve (1,5 \u20ac pay\u00e9 par l&#8217;\u00e9l\u00e8ve et 1,5 \u20ac pay\u00e9 par le FSE). Le but est de r\u00e9soudre individuellement plusieurs \u00e9nigmes.<br \/>\n<em>Objectif&nbsp;: \u00catre le mieux class\u00e9 pour gagner des surprises.<\/em><\/p>\n<p style=\"text-align: left;\"><img loading=\"lazy\" decoding=\"async\" class=\"wp-image-2091 aligncenter\" src=\"http:\/\/sitetab3.ac-reims.fr\/clg-cote-legris\/-wp-\/wp-content\/uploads\/devise-Shadok.png\" alt=\"\" width=\"100\" height=\"99\" srcset=\"https:\/\/sitetab3.ac-reims.fr\/clg-cote-legris\/-wp-\/wp-content\/uploads\/devise-Shadok.png 221w, https:\/\/sitetab3.ac-reims.fr\/clg-cote-legris\/-wp-\/wp-content\/uploads\/devise-Shadok-150x150.png 150w\" sizes=\"(max-width: 100px) 100vw, 100px\" \/><\/p>\n<p style=\"text-align: justify;\">Le concours interne au coll\u00e8ge lors de la semaine des math\u00e9matiques. Durant cette semaine, chaque jour une \u00e9nigme est affich\u00e9e dans le coll\u00e8ge. le vendredi, il faut mettre ses r\u00e9ponses sur un papier dans une urne. La participation est libre.<br \/>\n<em>Objectif&nbsp;: Trouver les r\u00e9ponses aux 5 \u00e9nigmes. \u00catre le meilleur pour obtenir une surprise (g\u00e9n\u00e9ralement des places de cin\u00e9ma)<\/em><\/p>\n<p>&nbsp;<\/p>\n<p>&nbsp;<\/p>\n<p>&nbsp;<\/p>\n","protected":false},"excerpt":{"rendered":"<p>Pr\u00e9sentation L&#8217;\u00e9quipe de math\u00e9matiques est compos\u00e9e de quatre professeurs :&nbsp; Mme ROBERT-MAZUET, Mme GAMET, M. PICOT et M. GUIZARD. Nous utilisons les livres s\u00e9samaths (celui de cycle 3 pour les 6\u00e8mes et celui de cycle 4 pour les 5\u00e8mes, 4\u00e8mes et 3\u00e8mes). &nbsp; &nbsp; &nbsp; &nbsp; &nbsp;&nbsp; Les horaires sont de 4 h 30 en [&hellip;]<\/p>\n","protected":false},"author":2,"featured_media":0,"parent":0,"menu_order":0,"comment_status":"closed","ping_status":"closed","template":"","meta":{"ngg_post_thumbnail":0,"footnotes":""},"_links":{"self":[{"href":"https:\/\/sitetab3.ac-reims.fr\/clg-cote-legris\/-wp-\/wp-json\/wp\/v2\/pages\/2072"}],"collection":[{"href":"https:\/\/sitetab3.ac-reims.fr\/clg-cote-legris\/-wp-\/wp-json\/wp\/v2\/pages"}],"about":[{"href":"https:\/\/sitetab3.ac-reims.fr\/clg-cote-legris\/-wp-\/wp-json\/wp\/v2\/types\/page"}],"author":[{"embeddable":true,"href":"https:\/\/sitetab3.ac-reims.fr\/clg-cote-legris\/-wp-\/wp-json\/wp\/v2\/users\/2"}],"replies":[{"embeddable":true,"href":"https:\/\/sitetab3.ac-reims.fr\/clg-cote-legris\/-wp-\/wp-json\/wp\/v2\/comments?post=2072"}],"version-history":[{"count":7,"href":"https:\/\/sitetab3.ac-reims.fr\/clg-cote-legris\/-wp-\/wp-json\/wp\/v2\/pages\/2072\/revisions"}],"predecessor-version":[{"id":2159,"href":"https:\/\/sitetab3.ac-reims.fr\/clg-cote-legris\/-wp-\/wp-json\/wp\/v2\/pages\/2072\/revisions\/2159"}],"wp:attachment":[{"href":"https:\/\/sitetab3.ac-reims.fr\/clg-cote-legris\/-wp-\/wp-json\/wp\/v2\/media?parent=2072"}],"curies":[{"name":"wp","href":"https:\/\/api.w.org\/{rel}","templated":true}]}}

Mathématiques

<p style="text-align: center;"><span style="color: #0000ff; font-size: 18pt;">Présentation</span></p>
<p style="text-align: justify;">L&#8217;équipe de mathématiques est composée de quatre professeurs :&nbsp;</p>
<p style="text-align: justify;">Mme ROBERT-MAZUET, Mme GAMET, M. PICOT et M. GUIZARD.</p>
<p style="text-align: justify;">Nous utilisons les livres sésamaths (celui de cycle 3 pour les 6èmes et celui de cycle 4 pour les 5èmes, 4èmes et 3èmes).</p>
<p style="text-align: center;"><a href="https://mep-outils.sesamath.net/manuel_numerique/?ouvrage=ms6_2013" target="_blank" rel="noopener noreferrer"><img loading="lazy" decoding="async" class="alignnone wp-image-2007" src="http://sitetab3.ac-reims.fr/clg-cote-legris/-wp-/wp-content/uploads/sésamaths-6e-216x300.png" alt="" width="56" height="78" srcset="https://sitetab3.ac-reims.fr/clg-cote-legris/-wp-/wp-content/uploads/sésamaths-6e-216x300.png 216w, https://sitetab3.ac-reims.fr/clg-cote-legris/-wp-/wp-content/uploads/sésamaths-6e.png 346w" sizes="(max-width: 56px) 100vw, 56px" /></a>&nbsp; &nbsp; &nbsp; &nbsp; &nbsp;&nbsp;<a href="https://mep-outils.sesamath.net/manuel_numerique/?ouvrage=cycle4_2016" target="_blank" rel="noopener noreferrer"><img loading="lazy" decoding="async" class="wp-image-2008 alignnone" src="http://sitetab3.ac-reims.fr/clg-cote-legris/-wp-/wp-content/uploads/sésamaths-5e_4e_3e-214x300.png" alt="" width="55" height="77" srcset="https://sitetab3.ac-reims.fr/clg-cote-legris/-wp-/wp-content/uploads/sésamaths-5e_4e_3e-214x300.png 214w, https://sitetab3.ac-reims.fr/clg-cote-legris/-wp-/wp-content/uploads/sésamaths-5e_4e_3e.png 347w" sizes="(max-width: 55px) 100vw, 55px" /></a></p>
<p style="text-align: justify;">Les horaires sont de 4 h 30 en sixième et de 3 h 30 pour les autres niveaux.</p>
<p><img loading="lazy" decoding="async" class="wp-image-2087 aligncenter" src="http://sitetab3.ac-reims.fr/clg-cote-legris/-wp-/wp-content/uploads/personal-computer-clipart-md-300x300.png" alt="" width="81" height="81" srcset="https://sitetab3.ac-reims.fr/clg-cote-legris/-wp-/wp-content/uploads/personal-computer-clipart-md-300x300.png 300w, https://sitetab3.ac-reims.fr/clg-cote-legris/-wp-/wp-content/uploads/personal-computer-clipart-md-150x150.png 150w, https://sitetab3.ac-reims.fr/clg-cote-legris/-wp-/wp-content/uploads/personal-computer-clipart-md-768x768.png 768w, https://sitetab3.ac-reims.fr/clg-cote-legris/-wp-/wp-content/uploads/personal-computer-clipart-md.png 800w" sizes="(max-width: 81px) 100vw, 81px" /></p>
<p style="text-align: justify;">Pour les sixièmes, une heure par semaine est consacrée au travail sur ordinateur. Durant ce créneau, les élèves apprennent, avec l&#8217;aide de deux professeurs, à utiliser un tableur et un logiciel de géométrie dynamique. Ce mode de fonctionnement est poursuivi en cinquième à raison d&#8217;une heure quinzaine.</p>
<p style="text-align: center;"><span style="font-size: 18pt; color: #0000ff;">Sorties</span></p>
<p><img loading="lazy" decoding="async" class="aligncenter" src="https://upload.wikimedia.org/wikipedia/fr/thumb/c/c8/Cite_des_sciences_logo.svg/1200px-Cite_des_sciences_logo.svg.png" alt="Fichier:Cite des sciences logo.svg — Wikipédia" width="104" height="104"></p>
<p style="text-align: justify;">Chaque année, pour tous les élèves de 5ème, une sortie est organisée à la cité des sciences et de l&#8217;industrie à la Villette. En plus de l&#8217;exposition permanente sur les mathématiques, nous en profitons pour découvrir les expositions du moment et le planétarium.</p>
<p><img loading="lazy" decoding="async" class="alignnone wp-image-2092 aligncenter" src="http://sitetab3.ac-reims.fr/clg-cote-legris/-wp-/wp-content/uploads/Lycée-300x97.png" alt="" width="235" height="76" srcset="https://sitetab3.ac-reims.fr/clg-cote-legris/-wp-/wp-content/uploads/Lycée-300x97.png 300w, https://sitetab3.ac-reims.fr/clg-cote-legris/-wp-/wp-content/uploads/Lycée.png 394w" sizes="(max-width: 235px) 100vw, 235px" /></p>
<p style="text-align: justify;">En troisième, une demi-journée est organisée au lycée Stéphane Hessel. Les élèves de troisième rencontrent ceux de seconde autour d&#8217;exercices à résoudre, cela leur montre que les notions vues en classe sont utiles pour la suite de leurs études.</p>
<p style="text-align: center;"><span style="font-size: 18pt; color: #3366ff;">Les concours</span></p>
<p style="text-align: left;"><img loading="lazy" decoding="async" class="wp-image-836 aligncenter" src="http://sitetab3.ac-reims.fr/clg-cote-legris/-wp-/wp-content/uploads/Maths/rallye-300x300.png" alt="" width="115" height="115" srcset="https://sitetab3.ac-reims.fr/clg-cote-legris/-wp-/wp-content/uploads/Maths/rallye-300x300.png 300w, https://sitetab3.ac-reims.fr/clg-cote-legris/-wp-/wp-content/uploads/Maths/rallye-150x150.png 150w, https://sitetab3.ac-reims.fr/clg-cote-legris/-wp-/wp-content/uploads/Maths/rallye.png 536w" sizes="(max-width: 115px) 100vw, 115px" /></p>
<p style="text-align: justify;">Le rallye mathématique est un concours gratuit dont le but est que la classe résolve plusieurs énigmes en une heure. C&#8217;est un travail coopératif.<br />
<em>Objectif&nbsp;: Qualifier sa classe pour la finale.</em><br />
<img loading="lazy" decoding="async" class="wp-image-2090 aligncenter" src="http://sitetab3.ac-reims.fr/clg-cote-legris/-wp-/wp-content/uploads/kangourou.png" alt="" width="122" height="131"></p>
<p style="text-align: justify;">Le concours kangourou est un concours payant, le coût est de 3 € par élève (1,5 € payé par l&#8217;élève et 1,5 € payé par le FSE). Le but est de résoudre individuellement plusieurs énigmes.<br />
<em>Objectif&nbsp;: Être le mieux classé pour gagner des surprises.</em></p>
<p style="text-align: left;"><img loading="lazy" decoding="async" class="wp-image-2091 aligncenter" src="http://sitetab3.ac-reims.fr/clg-cote-legris/-wp-/wp-content/uploads/devise-Shadok.png" alt="" width="100" height="99" srcset="https://sitetab3.ac-reims.fr/clg-cote-legris/-wp-/wp-content/uploads/devise-Shadok.png 221w, https://sitetab3.ac-reims.fr/clg-cote-legris/-wp-/wp-content/uploads/devise-Shadok-150x150.png 150w" sizes="(max-width: 100px) 100vw, 100px" /></p>
<p style="text-align: justify;">Le concours interne au collège lors de la semaine des mathématiques. Durant cette semaine, chaque jour une énigme est affichée dans le collège. le vendredi, il faut mettre ses réponses sur un papier dans une urne. La participation est libre.<br />
<em>Objectif&nbsp;: Trouver les réponses aux 5 énigmes. Être le meilleur pour obtenir une surprise (généralement des places de cinéma)</em></p>
<p>&nbsp;</p>
<p>&nbsp;</p>
<p>&nbsp;</p>

<p>Présentation L&#8217;équipe de mathématiques est composée de quatre professeurs :&nbsp; Mme ROBERT-MAZUET, Mme GAMET, M. PICOT et M. GUIZARD. Nous utilisons les livres sésamaths (celui de cycle 3 pour les 6èmes et celui de cycle 4 pour les 5èmes, 4èmes et 3èmes). &nbsp; &nbsp; &nbsp; &nbsp; &nbsp;&nbsp; Les horaires sont de 4 h 30 en [&hellip;]</p>
