{"id":1,"date":"2021-05-22T09:41:38","date_gmt":"2021-05-22T07:41:38","guid":{"rendered":"http:\/\/sitetab3.ac-reims.fr\/ec-hannogne-st-remy\/-wp-\/?page_id=1"},"modified":"2021-05-22T22:02:41","modified_gmt":"2021-05-22T20:02:41","slug":"contacts","status":"publish","type":"page","link":"https:\/\/sitetab3.ac-reims.fr\/ec-hannogne-st-remy\/-wp-\/contacts\/","title":{"rendered":"Accueil"},"content":{"rendered":"\n<p>Bienvenue \u00e0 tous les \u00e9l\u00e8ves et parents sur le module WordPress pour SEPIA.<\/p>\n\n\n\n<p>Cette plateforme est un outil s\u00e9curis\u00e9 et officiel propos\u00e9 par l\u2019Education nationale.<\/p>\n\n\n\n<p>Toute l\u2019\u00e9quipe p\u00e9dagogique se mobilise pour qu\u2019elle soit utilisable par tous afin de faciliter les \u00e9changes. Elle va \u00eatre aliment\u00e9e et am\u00e9lior\u00e9e progressivement par les apports des enseignants. Nous comptons sur votre bienveillance et vos encouragements, merci.<\/p>\n\n\n\n<p>L\u2019\u00e9quipe enseignante<\/p>\n\n\n\n<p>Pour contacter l&rsquo;\u00e9tablissement :<\/p>\n\n\n\n<h3 class=\"wp-block-heading\"><strong>Ecole Pierre Cochart<\/strong><br><strong>4 rue de Banogne<\/strong><br><strong>08220 HANNOGNE SAINT REMY<\/strong><br><strong>03 24 39 68 52<\/strong><br><strong>mail : ce.0080532k@ac-reims.fr<\/strong><\/h3>\n","protected":false},"excerpt":{"rendered":"<p>Bienvenue \u00e0 tous les \u00e9l\u00e8ves et parents sur le module WordPress pour SEPIA. Cette plateforme est un outil s\u00e9curis\u00e9 et officiel propos\u00e9 par l\u2019Education nationale. Toute l\u2019\u00e9quipe p\u00e9dagogique se mobilise pour qu\u2019elle soit utilisable par tous afin de faciliter les \u00e9changes. Elle va \u00eatre aliment\u00e9e et am\u00e9lior\u00e9e progressivement par les apports des enseignants. Nous comptons [&hellip;]<\/p>\n","protected":false},"author":1,"featured_media":0,"parent":0,"menu_order":1,"comment_status":"open","ping_status":"closed","template":"","meta":{"ngg_post_thumbnail":0,"footnotes":""},"_links":{"self":[{"href":"https:\/\/sitetab3.ac-reims.fr\/ec-hannogne-st-remy\/-wp-\/wp-json\/wp\/v2\/pages\/1"}],"collection":[{"href":"https:\/\/sitetab3.ac-reims.fr\/ec-hannogne-st-remy\/-wp-\/wp-json\/wp\/v2\/pages"}],"about":[{"href":"https:\/\/sitetab3.ac-reims.fr\/ec-hannogne-st-remy\/-wp-\/wp-json\/wp\/v2\/types\/page"}],"author":[{"embeddable":true,"href":"https:\/\/sitetab3.ac-reims.fr\/ec-hannogne-st-remy\/-wp-\/wp-json\/wp\/v2\/users\/1"}],"replies":[{"embeddable":true,"href":"https:\/\/sitetab3.ac-reims.fr\/ec-hannogne-st-remy\/-wp-\/wp-json\/wp\/v2\/comments?post=1"}],"version-history":[{"count":4,"href":"https:\/\/sitetab3.ac-reims.fr\/ec-hannogne-st-remy\/-wp-\/wp-json\/wp\/v2\/pages\/1\/revisions"}],"predecessor-version":[{"id":397,"href":"https:\/\/sitetab3.ac-reims.fr\/ec-hannogne-st-remy\/-wp-\/wp-json\/wp\/v2\/pages\/1\/revisions\/397"}],"wp:attachment":[{"href":"https:\/\/sitetab3.ac-reims.fr\/ec-hannogne-st-remy\/-wp-\/wp-json\/wp\/v2\/media?parent=1"}],"curies":[{"name":"wp","href":"https:\/\/api.w.org\/{rel}","templated":true}]}}