{"id":855,"date":"2021-08-24T21:29:40","date_gmt":"2021-08-24T19:29:40","guid":{"rendered":"http:\/\/sitetab3.ac-reims.fr\/ec-hannogne-st-remy\/-wp-\/?page_id=855"},"modified":"2025-08-31T01:11:53","modified_gmt":"2025-08-30T23:11:53","slug":"les-elections-calendrier-2021-2022","status":"publish","type":"page","link":"https:\/\/sitetab3.ac-reims.fr\/ec-hannogne-st-remy\/-wp-\/les-elections-calendrier-2021-2022\/","title":{"rendered":"Les \u00e9lections : calendrier 2025-2026"},"content":{"rendered":"\n\n\n\n\n<p>\u00c9tablissement de la liste \u00e9lectorale : vendredi 19 septembre 2025<\/p>\n\n\n\n<p>Date limite de d\u00e9p\u00f4t des candidatures : lundi 29 septembre 2025<\/p>\n\n\n\n<p>Date limite pour remplacer un candidat qui se serait d\u00e9sist\u00e9 : mercredi 1 octobre 2025<\/p>\n\n\n\n<p>Date limite de remise ou envoi du mat\u00e9riel de vote aux parents : vendredi 3 octobre 2025<\/p>\n\n\n\n<p>Scrutin\u00a0 et d\u00e9lib\u00e9rations des \u00e9lections : vendredi 10 octobre 2025<\/p>\n\n\n\n<p><\/p>\n","protected":false},"excerpt":{"rendered":"<p>\u00c9tablissement de la liste \u00e9lectorale : vendredi 19 septembre 2025 Date limite de d\u00e9p\u00f4t des candidatures : lundi 29 septembre 2025 Date limite pour remplacer un candidat qui se serait d\u00e9sist\u00e9 : mercredi 1 octobre 2025 Date limite de remise ou envoi du mat\u00e9riel de vote aux parents : vendredi 3 octobre 2025 Scrutin\u00a0 et [&hellip;]<\/p>\n","protected":false},"author":1,"featured_media":0,"parent":0,"menu_order":0,"comment_status":"closed","ping_status":"closed","template":"","meta":{"ngg_post_thumbnail":0,"footnotes":""},"_links":{"self":[{"href":"https:\/\/sitetab3.ac-reims.fr\/ec-hannogne-st-remy\/-wp-\/wp-json\/wp\/v2\/pages\/855"}],"collection":[{"href":"https:\/\/sitetab3.ac-reims.fr\/ec-hannogne-st-remy\/-wp-\/wp-json\/wp\/v2\/pages"}],"about":[{"href":"https:\/\/sitetab3.ac-reims.fr\/ec-hannogne-st-remy\/-wp-\/wp-json\/wp\/v2\/types\/page"}],"author":[{"embeddable":true,"href":"https:\/\/sitetab3.ac-reims.fr\/ec-hannogne-st-remy\/-wp-\/wp-json\/wp\/v2\/users\/1"}],"replies":[{"embeddable":true,"href":"https:\/\/sitetab3.ac-reims.fr\/ec-hannogne-st-remy\/-wp-\/wp-json\/wp\/v2\/comments?post=855"}],"version-history":[{"count":6,"href":"https:\/\/sitetab3.ac-reims.fr\/ec-hannogne-st-remy\/-wp-\/wp-json\/wp\/v2\/pages\/855\/revisions"}],"predecessor-version":[{"id":6934,"href":"https:\/\/sitetab3.ac-reims.fr\/ec-hannogne-st-remy\/-wp-\/wp-json\/wp\/v2\/pages\/855\/revisions\/6934"}],"wp:attachment":[{"href":"https:\/\/sitetab3.ac-reims.fr\/ec-hannogne-st-remy\/-wp-\/wp-json\/wp\/v2\/media?parent=855"}],"curies":[{"name":"wp","href":"https:\/\/api.w.org\/{rel}","templated":true}]}}