{"id":1066,"date":"2024-03-28T20:34:51","date_gmt":"2024-03-28T19:34:51","guid":{"rendered":"https:\/\/sitetab3.ac-reims.fr\/ec-sault\/-wp-\/?page_id=1066"},"modified":"2024-03-28T21:07:05","modified_gmt":"2024-03-28T20:07:05","slug":"la-classe-de-cp","status":"publish","type":"page","link":"https:\/\/sitetab3.ac-reims.fr\/ec-sault\/-wp-\/la-classe-de-cp\/","title":{"rendered":"La classe de CP"},"content":{"rendered":"\n<p class=\"has-text-align-center\"> La classe de CP est le r\u00e9sultat d&rsquo;une p\u00e9dagogie et d&rsquo;un am\u00e9nagement flexibles.<br>C&rsquo;est une classe pr\u00e9sente dans l&rsquo;\u00e9cole depuis 2017 mais qui change chaque ann\u00e9e afin de r\u00e9pondre aux besoins des \u00e9l\u00e8ves.<\/p>\n\n\n\n<p class=\"has-text-align-center\"> Le point de d\u00e9part de cette classe est un emploi du temps avec des ateliers qui tournent sur la journ\u00e9e, les \u00e9l\u00e8ves alternent les moments avec l&rsquo;enseignante et en autonomie. Ils ont ainsi l&rsquo;occasion de changer de place et d&rsquo;assises r\u00e9guli\u00e8rement dans la journ\u00e9e, ce qui leur permet de garder un dynamisme et une plus grande attention.<\/p>\n\n\n\n<div data-wp-interactive=\"core\/file\" class=\"wp-block-file\"><object data-wp-bind--hidden=\"!state.hasPdfPreview\"  class=\"wp-block-file__embed\" data=\"https:\/\/sitetab3.ac-reims.fr\/ec-sault\/-wp-\/wp-content\/uploads\/2024\/03\/pdf-classe-cp-1.pdf\" type=\"application\/pdf\" style=\"width:100%;height:600px\" aria-label=\"Contenu embarqu\u00e9 Contenu embarqu\u00e9 pdf-classe-cp-1..\"><\/object><a href=\"https:\/\/sitetab3.ac-reims.fr\/ec-sault\/-wp-\/wp-content\/uploads\/2024\/03\/pdf-classe-cp-1.pdf\">pdf-classe-cp-1<\/a><a href=\"https:\/\/sitetab3.ac-reims.fr\/ec-sault\/-wp-\/wp-content\/uploads\/2024\/03\/pdf-classe-cp-1.pdf\" class=\"wp-block-file__button\" download>T\u00e9l\u00e9charger<\/a><\/div>\n","protected":false},"excerpt":{"rendered":"<p>La classe de CP est le r\u00e9sultat d&rsquo;une p\u00e9dagogie et d&rsquo;un am\u00e9nagement flexibles.C&rsquo;est une classe pr\u00e9sente dans l&rsquo;\u00e9cole depuis 2017 mais qui change chaque ann\u00e9e afin de r\u00e9pondre aux besoins des \u00e9l\u00e8ves. Le point de d\u00e9part de cette classe est un emploi du temps avec des ateliers qui tournent sur la journ\u00e9e, les \u00e9l\u00e8ves alternent [&hellip;]<\/p>\n","protected":false},"author":1,"featured_media":0,"parent":0,"menu_order":0,"comment_status":"closed","ping_status":"closed","template":"","meta":{"ngg_post_thumbnail":0,"footnotes":""},"_links":{"self":[{"href":"https:\/\/sitetab3.ac-reims.fr\/ec-sault\/-wp-\/wp-json\/wp\/v2\/pages\/1066"}],"collection":[{"href":"https:\/\/sitetab3.ac-reims.fr\/ec-sault\/-wp-\/wp-json\/wp\/v2\/pages"}],"about":[{"href":"https:\/\/sitetab3.ac-reims.fr\/ec-sault\/-wp-\/wp-json\/wp\/v2\/types\/page"}],"author":[{"embeddable":true,"href":"https:\/\/sitetab3.ac-reims.fr\/ec-sault\/-wp-\/wp-json\/wp\/v2\/users\/1"}],"replies":[{"embeddable":true,"href":"https:\/\/sitetab3.ac-reims.fr\/ec-sault\/-wp-\/wp-json\/wp\/v2\/comments?post=1066"}],"version-history":[{"count":2,"href":"https:\/\/sitetab3.ac-reims.fr\/ec-sault\/-wp-\/wp-json\/wp\/v2\/pages\/1066\/revisions"}],"predecessor-version":[{"id":1093,"href":"https:\/\/sitetab3.ac-reims.fr\/ec-sault\/-wp-\/wp-json\/wp\/v2\/pages\/1066\/revisions\/1093"}],"wp:attachment":[{"href":"https:\/\/sitetab3.ac-reims.fr\/ec-sault\/-wp-\/wp-json\/wp\/v2\/media?parent=1066"}],"curies":[{"name":"wp","href":"https:\/\/api.w.org\/{rel}","templated":true}]}}

<p class="has-text-align-center"> La classe de CP est le résultat d&rsquo;une pédagogie et d&rsquo;un aménagement flexibles.<br>C&rsquo;est une classe présente dans l&rsquo;école depuis 2017 mais qui change chaque année afin de répondre aux besoins des élèves.</p>



<p class="has-text-align-center"> Le point de départ de cette classe est un emploi du temps avec des ateliers qui tournent sur la journée, les élèves alternent les moments avec l&rsquo;enseignante et en autonomie. Ils ont ainsi l&rsquo;occasion de changer de place et d&rsquo;assises régulièrement dans la journée, ce qui leur permet de garder un dynamisme et une plus grande attention.</p>



<div data-wp-interactive="core/file" class="wp-block-file"><object data-wp-bind--hidden="!state.hasPdfPreview"  class="wp-block-file__embed" data="https://sitetab3.ac-reims.fr/ec-sault/-wp-/wp-content/uploads/2024/03/pdf-classe-cp-1.pdf" type="application/pdf" style="width:100%;height:600px" aria-label="Contenu embarqué Contenu embarqué pdf-classe-cp-1.."></object><a href="https://sitetab3.ac-reims.fr/ec-sault/-wp-/wp-content/uploads/2024/03/pdf-classe-cp-1.pdf">pdf-classe-cp-1</a><a href="https://sitetab3.ac-reims.fr/ec-sault/-wp-/wp-content/uploads/2024/03/pdf-classe-cp-1.pdf" class="wp-block-file__button" download>Télécharger</a></div>

<p>La classe de CP est le résultat d&rsquo;une pédagogie et d&rsquo;un aménagement flexibles.C&rsquo;est une classe présente dans l&rsquo;école depuis 2017 mais qui change chaque année afin de répondre aux besoins des élèves. Le point de départ de cette classe est un emploi du temps avec des ateliers qui tournent sur la journée, les élèves alternent [&hellip;]</p>
