{"id":1074,"date":"2024-03-28T20:43:17","date_gmt":"2024-03-28T19:43:17","guid":{"rendered":"https:\/\/sitetab3.ac-reims.fr\/ec-sault\/-wp-\/?page_id=1074"},"modified":"2024-03-28T21:13:26","modified_gmt":"2024-03-28T20:13:26","slug":"la-creclasse-2","status":"publish","type":"page","link":"https:\/\/sitetab3.ac-reims.fr\/ec-sault\/-wp-\/la-creclasse-2\/","title":{"rendered":"La cr\u00e9@classe"},"content":{"rendered":"\n<p class=\"has-text-align-center\">Le point de d\u00e9part de ce projet a \u00e9t\u00e9 l&rsquo;envie de cr\u00e9er pour l&rsquo;ensemble de l&rsquo;\u00e9cole, un espace flexible adapt\u00e9 aux p\u00e9dagogies actives.<\/p>\n\n\n\n<p class=\"has-text-align-center\">Inspir\u00e9e par le Future Classroom Lab et port\u00e9e par les comp\u00e9tences du 21\u00e8me si\u00e8cle, c&rsquo;est un espace \u00e0 disposition de la communaut\u00e9 \u00e9ducative.<\/p>\n\n\n\n<p class=\"has-text-align-center\">Ce projet a \u00e9t\u00e9 r\u00e9alisable gr\u00e2ce \u00e0 un financement re\u00e7u de la part de<\/p>\n\n\n\n<div data-wp-interactive=\"core\/file\" class=\"wp-block-file\"><object data-wp-bind--hidden=\"!state.hasPdfPreview\"  class=\"wp-block-file__embed\" data=\"https:\/\/sitetab3.ac-reims.fr\/ec-sault\/-wp-\/wp-content\/uploads\/2024\/03\/pdf-creaclasse.pdf\" type=\"application\/pdf\" style=\"width:100%;height:600px\" aria-label=\"Contenu embarqu\u00e9 Contenu embarqu\u00e9 pdf-creaclasse..\"><\/object><a href=\"https:\/\/sitetab3.ac-reims.fr\/ec-sault\/-wp-\/wp-content\/uploads\/2024\/03\/pdf-creaclasse.pdf\">pdf-creaclasse<\/a><a href=\"https:\/\/sitetab3.ac-reims.fr\/ec-sault\/-wp-\/wp-content\/uploads\/2024\/03\/pdf-creaclasse.pdf\" class=\"wp-block-file__button\" download>T\u00e9l\u00e9charger<\/a><\/div>\n","protected":false},"excerpt":{"rendered":"<p>Le point de d\u00e9part de ce projet a \u00e9t\u00e9 l&rsquo;envie de cr\u00e9er pour l&rsquo;ensemble de l&rsquo;\u00e9cole, un espace flexible adapt\u00e9 aux p\u00e9dagogies actives. Inspir\u00e9e par le Future Classroom Lab et port\u00e9e par les comp\u00e9tences du 21\u00e8me si\u00e8cle, c&rsquo;est un espace \u00e0 disposition de la communaut\u00e9 \u00e9ducative. Ce projet a \u00e9t\u00e9 r\u00e9alisable gr\u00e2ce \u00e0 un financement [&hellip;]<\/p>\n","protected":false},"author":1,"featured_media":0,"parent":0,"menu_order":0,"comment_status":"closed","ping_status":"closed","template":"","meta":{"ngg_post_thumbnail":0,"footnotes":""},"_links":{"self":[{"href":"https:\/\/sitetab3.ac-reims.fr\/ec-sault\/-wp-\/wp-json\/wp\/v2\/pages\/1074"}],"collection":[{"href":"https:\/\/sitetab3.ac-reims.fr\/ec-sault\/-wp-\/wp-json\/wp\/v2\/pages"}],"about":[{"href":"https:\/\/sitetab3.ac-reims.fr\/ec-sault\/-wp-\/wp-json\/wp\/v2\/types\/page"}],"author":[{"embeddable":true,"href":"https:\/\/sitetab3.ac-reims.fr\/ec-sault\/-wp-\/wp-json\/wp\/v2\/users\/1"}],"replies":[{"embeddable":true,"href":"https:\/\/sitetab3.ac-reims.fr\/ec-sault\/-wp-\/wp-json\/wp\/v2\/comments?post=1074"}],"version-history":[{"count":2,"href":"https:\/\/sitetab3.ac-reims.fr\/ec-sault\/-wp-\/wp-json\/wp\/v2\/pages\/1074\/revisions"}],"predecessor-version":[{"id":1096,"href":"https:\/\/sitetab3.ac-reims.fr\/ec-sault\/-wp-\/wp-json\/wp\/v2\/pages\/1074\/revisions\/1096"}],"wp:attachment":[{"href":"https:\/\/sitetab3.ac-reims.fr\/ec-sault\/-wp-\/wp-json\/wp\/v2\/media?parent=1074"}],"curies":[{"name":"wp","href":"https:\/\/api.w.org\/{rel}","templated":true}]}}

La cré@classe

<p class="has-text-align-center">Le point de départ de ce projet a été l&rsquo;envie de créer pour l&rsquo;ensemble de l&rsquo;école, un espace flexible adapté aux pédagogies actives.</p>



<p class="has-text-align-center">Inspirée par le Future Classroom Lab et portée par les compétences du 21ème siècle, c&rsquo;est un espace à disposition de la communauté éducative.</p>



<p class="has-text-align-center">Ce projet a été réalisable grâce à un financement reçu de la part de</p>



<div data-wp-interactive="core/file" class="wp-block-file"><object data-wp-bind--hidden="!state.hasPdfPreview"  class="wp-block-file__embed" data="https://sitetab3.ac-reims.fr/ec-sault/-wp-/wp-content/uploads/2024/03/pdf-creaclasse.pdf" type="application/pdf" style="width:100%;height:600px" aria-label="Contenu embarqué Contenu embarqué pdf-creaclasse.."></object><a href="https://sitetab3.ac-reims.fr/ec-sault/-wp-/wp-content/uploads/2024/03/pdf-creaclasse.pdf">pdf-creaclasse</a><a href="https://sitetab3.ac-reims.fr/ec-sault/-wp-/wp-content/uploads/2024/03/pdf-creaclasse.pdf" class="wp-block-file__button" download>Télécharger</a></div>

<p>Le point de départ de ce projet a été l&rsquo;envie de créer pour l&rsquo;ensemble de l&rsquo;école, un espace flexible adapté aux pédagogies actives. Inspirée par le Future Classroom Lab et portée par les compétences du 21ème siècle, c&rsquo;est un espace à disposition de la communauté éducative. Ce projet a été réalisable grâce à un financement [&hellip;]</p>
