{"id":1285,"date":"2025-03-11T13:30:16","date_gmt":"2025-03-11T12:30:16","guid":{"rendered":"https:\/\/sitetab3.ac-reims.fr\/ec-sault\/-wp-\/?page_id=1285"},"modified":"2025-03-11T13:32:48","modified_gmt":"2025-03-11T12:32:48","slug":"rentree-en-petite-section","status":"publish","type":"page","link":"https:\/\/sitetab3.ac-reims.fr\/ec-sault\/-wp-\/rentree-en-petite-section\/","title":{"rendered":"Rentr\u00e9e en Petite Section"},"content":{"rendered":"\n<p class=\"has-text-align-center\">Les ma\u00eetresses mettent \u00e0 votre disposition un padlet disponible <a href=\"https:\/\/padlet.com\/ulsaslaurence\/rentr-e-des-l-ves-de-petite-section-maternelle-de-sault-les--o2u1y8oz0b9aemu7\" data-type=\"URL\" data-id=\"https:\/\/padlet.com\/ulsaslaurence\/rentr-e-des-l-ves-de-petite-section-maternelle-de-sault-les--o2u1y8oz0b9aemu7\">ici<\/a> afin de pr\u00e9parer au mieux la rentr\u00e9e de votre enfant.<\/p>\n","protected":false},"excerpt":{"rendered":"<p>Les ma\u00eetresses mettent \u00e0 votre disposition un padlet disponible ici afin de pr\u00e9parer au mieux la rentr\u00e9e de votre enfant.<\/p>\n","protected":false},"author":13,"featured_media":0,"parent":0,"menu_order":0,"comment_status":"closed","ping_status":"closed","template":"","meta":{"ngg_post_thumbnail":0,"footnotes":""},"_links":{"self":[{"href":"https:\/\/sitetab3.ac-reims.fr\/ec-sault\/-wp-\/wp-json\/wp\/v2\/pages\/1285"}],"collection":[{"href":"https:\/\/sitetab3.ac-reims.fr\/ec-sault\/-wp-\/wp-json\/wp\/v2\/pages"}],"about":[{"href":"https:\/\/sitetab3.ac-reims.fr\/ec-sault\/-wp-\/wp-json\/wp\/v2\/types\/page"}],"author":[{"embeddable":true,"href":"https:\/\/sitetab3.ac-reims.fr\/ec-sault\/-wp-\/wp-json\/wp\/v2\/users\/13"}],"replies":[{"embeddable":true,"href":"https:\/\/sitetab3.ac-reims.fr\/ec-sault\/-wp-\/wp-json\/wp\/v2\/comments?post=1285"}],"version-history":[{"count":2,"href":"https:\/\/sitetab3.ac-reims.fr\/ec-sault\/-wp-\/wp-json\/wp\/v2\/pages\/1285\/revisions"}],"predecessor-version":[{"id":1292,"href":"https:\/\/sitetab3.ac-reims.fr\/ec-sault\/-wp-\/wp-json\/wp\/v2\/pages\/1285\/revisions\/1292"}],"wp:attachment":[{"href":"https:\/\/sitetab3.ac-reims.fr\/ec-sault\/-wp-\/wp-json\/wp\/v2\/media?parent=1285"}],"curies":[{"name":"wp","href":"https:\/\/api.w.org\/{rel}","templated":true}]}}

Rentrée en Petite Section

<p class="has-text-align-center">Les maîtresses mettent à votre disposition un padlet disponible <a href="https://padlet.com/ulsaslaurence/rentr-e-des-l-ves-de-petite-section-maternelle-de-sault-les--o2u1y8oz0b9aemu7" data-type="URL" data-id="https://padlet.com/ulsaslaurence/rentr-e-des-l-ves-de-petite-section-maternelle-de-sault-les--o2u1y8oz0b9aemu7">ici</a> afin de préparer au mieux la rentrée de votre enfant.</p>

<p>Les maîtresses mettent à votre disposition un padlet disponible ici afin de préparer au mieux la rentrée de votre enfant.</p>
