{"id":573,"date":"2022-08-05T22:00:48","date_gmt":"2022-08-05T20:00:48","guid":{"rendered":"http:\/\/sitetab3.ac-reims.fr\/ec-sault\/-wp-\/?page_id=573"},"modified":"2024-06-14T10:44:10","modified_gmt":"2024-06-14T08:44:10","slug":"inscription-a-lecole","status":"publish","type":"page","link":"https:\/\/sitetab3.ac-reims.fr\/ec-sault\/-wp-\/inscription-a-lecole\/","title":{"rendered":"Inscription \u00e0 l&rsquo;\u00e9cole"},"content":{"rendered":"\n<p style=\"text-align: center;\">L\u2019inscription \u00e0 l\u2019\u00e9cole se fait en 2 \u00e9tapes.<span id=\"more-4692\"><\/span><\/p>\n<p><strong>\u00c9tape 1: <\/strong>Avant l\u2019inscription \u00e0 l\u2019\u00e9cole, il est imp\u00e9ratif de prendre contact avec la Communaut\u00e9 de Communes du Pays Reth\u00e9lois afin d\u2019obtenir un certificat d\u2019inscription (t\u00e9l\u00e9chargeable sur le site suivant):<\/p>\n<p><a href=\"https:\/\/www.paysrethelois.fr\/fr\/les-inscriptions-scolaires.html\">https:\/\/www.paysrethelois.fr\/fr\/les-inscriptions-scolaires.html<\/a><\/p>\n<p>Ce document est \u00e0 compl\u00e9ter et \u00e0 retourner par mail (\u00e0 l\u2019une de ces adresses <a href=\"mailto:affaires-scolaires@cc-paysrethelois.fr\">affaires-scolaires@cc-paysrethelois.fr<\/a>&nbsp;ou&nbsp;<a href=\"mailto:accueil@cc-paysrethelois.fr\">accueil@cc-paysrethelois.fr<\/a>) ou par courrier.<\/p>\n<p><strong>\u00c9tape 2: <\/strong>Vous pouvez contacter l\u2019\u00e9cole par mail pour finaliser l\u2019inscription de votre enfant: <a href=\"mailto:ce.0080486k@ac-reims.fr\">ce.0080486k@ac-reims.fr<\/a>.<\/p>\n<p>Vous aurez alors \u00e0 fournir:<\/p>\n<ul>\n<li>Les fiches de renseignement et d&rsquo;urgence compl\u00e9t\u00e9es (elles vous seront envoy\u00e9es par mail)<\/li>\n<li>La photocopie du livret de famille<\/li>\n<li>La photocopie du carnet de sant\u00e9 attestant des vaccinations obligatoires.<\/li>\n<li>Un certificat de radiation (uniquement si votre enfant \u00e9tait scolaris\u00e9 dans une autre \u00e9cole)<\/li>\n<\/ul>\n<p>&nbsp;<\/p>\n<p>&nbsp;<\/p>\n\n\n\n<div data-wp-interactive=\"core\/file\" class=\"wp-block-file\"><object data-wp-bind--hidden=\"!state.hasPdfPreview\"  class=\"wp-block-file__embed\" data=\"https:\/\/sitetab3.ac-reims.fr\/ec-sault\/-wp-\/wp-content\/uploads\/2024\/06\/Fiche-de-renseignements-2.pdf\" type=\"application\/pdf\" style=\"width:100%;height:600px\" aria-label=\"Contenu embarqu\u00e9 Contenu embarqu\u00e9 Fiche-de-renseignements..\"><\/object><a href=\"https:\/\/sitetab3.ac-reims.fr\/ec-sault\/-wp-\/wp-content\/uploads\/2024\/06\/Fiche-de-renseignements-2.pdf\">Fiche-de-renseignements<\/a><a href=\"https:\/\/sitetab3.ac-reims.fr\/ec-sault\/-wp-\/wp-content\/uploads\/2024\/06\/Fiche-de-renseignements-2.pdf\" class=\"wp-block-file__button\" download>T\u00e9l\u00e9charger<\/a><\/div>\n","protected":false},"excerpt":{"rendered":"","protected":false},"author":1,"featured_media":0,"parent":0,"menu_order":0,"comment_status":"closed","ping_status":"closed","template":"","meta":{"ngg_post_thumbnail":0,"footnotes":""},"_links":{"self":[{"href":"https:\/\/sitetab3.ac-reims.fr\/ec-sault\/-wp-\/wp-json\/wp\/v2\/pages\/573"}],"collection":[{"href":"https:\/\/sitetab3.ac-reims.fr\/ec-sault\/-wp-\/wp-json\/wp\/v2\/pages"}],"about":[{"href":"https:\/\/sitetab3.ac-reims.fr\/ec-sault\/-wp-\/wp-json\/wp\/v2\/types\/page"}],"author":[{"embeddable":true,"href":"https:\/\/sitetab3.ac-reims.fr\/ec-sault\/-wp-\/wp-json\/wp\/v2\/users\/1"}],"replies":[{"embeddable":true,"href":"https:\/\/sitetab3.ac-reims.fr\/ec-sault\/-wp-\/wp-json\/wp\/v2\/comments?post=573"}],"version-history":[{"count":4,"href":"https:\/\/sitetab3.ac-reims.fr\/ec-sault\/-wp-\/wp-json\/wp\/v2\/pages\/573\/revisions"}],"predecessor-version":[{"id":1112,"href":"https:\/\/sitetab3.ac-reims.fr\/ec-sault\/-wp-\/wp-json\/wp\/v2\/pages\/573\/revisions\/1112"}],"wp:attachment":[{"href":"https:\/\/sitetab3.ac-reims.fr\/ec-sault\/-wp-\/wp-json\/wp\/v2\/media?parent=573"}],"curies":[{"name":"wp","href":"https:\/\/api.w.org\/{rel}","templated":true}]}}

Inscription à l&rsquo;école

<p style="text-align: center;">L’inscription à l’école se fait en 2 étapes.<span id="more-4692"></span></p>
<p><strong>Étape 1: </strong>Avant l’inscription à l’école, il est impératif de prendre contact avec la Communauté de Communes du Pays Rethélois afin d’obtenir un certificat d’inscription (téléchargeable sur le site suivant):</p>
<p><a href="https://www.paysrethelois.fr/fr/les-inscriptions-scolaires.html">https://www.paysrethelois.fr/fr/les-inscriptions-scolaires.html</a></p>
<p>Ce document est à compléter et à retourner par mail (à l’une de ces adresses <a href="mailto:affaires-scolaires@cc-paysrethelois.fr">affaires-scolaires@cc-paysrethelois.fr</a>&nbsp;ou&nbsp;<a href="mailto:accueil@cc-paysrethelois.fr">accueil@cc-paysrethelois.fr</a>) ou par courrier.</p>
<p><strong>Étape 2: </strong>Vous pouvez contacter l’école par mail pour finaliser l’inscription de votre enfant: <a href="mailto:ce.0080486k@ac-reims.fr">ce.0080486k@ac-reims.fr</a>.</p>
<p>Vous aurez alors à fournir:</p>
<ul>
<li>Les fiches de renseignement et d&rsquo;urgence complétées (elles vous seront envoyées par mail)</li>
<li>La photocopie du livret de famille</li>
<li>La photocopie du carnet de santé attestant des vaccinations obligatoires.</li>
<li>Un certificat de radiation (uniquement si votre enfant était scolarisé dans une autre école)</li>
</ul>
<p>&nbsp;</p>
<p>&nbsp;</p>



<div data-wp-interactive="core/file" class="wp-block-file"><object data-wp-bind--hidden="!state.hasPdfPreview"  class="wp-block-file__embed" data="https://sitetab3.ac-reims.fr/ec-sault/-wp-/wp-content/uploads/2024/06/Fiche-de-renseignements-2.pdf" type="application/pdf" style="width:100%;height:600px" aria-label="Contenu embarqué Contenu embarqué Fiche-de-renseignements.."></object><a href="https://sitetab3.ac-reims.fr/ec-sault/-wp-/wp-content/uploads/2024/06/Fiche-de-renseignements-2.pdf">Fiche-de-renseignements</a><a href="https://sitetab3.ac-reims.fr/ec-sault/-wp-/wp-content/uploads/2024/06/Fiche-de-renseignements-2.pdf" class="wp-block-file__button" download>Télécharger</a></div>
