{"id":643,"date":"2022-08-05T23:21:41","date_gmt":"2022-08-05T21:21:41","guid":{"rendered":"http:\/\/sitetab3.ac-reims.fr\/ec-sault\/-wp-\/?page_id=643"},"modified":"2023-02-09T20:09:53","modified_gmt":"2023-02-09T19:09:53","slug":"bienvenue","status":"publish","type":"page","link":"https:\/\/sitetab3.ac-reims.fr\/ec-sault\/-wp-\/bienvenue\/","title":{"rendered":"Bienvenue"},"content":{"rendered":"\n<p class=\"has-text-align-center\">Bienvenue sur le site de l&rsquo;\u00e9cole de Sault-l\u00e8s-Rethel.<\/p>\n\n\n\n<p class=\"has-text-align-center\">Vous retrouverez sur notre site les informations importantes, <\/p>\n\n\n\n<p class=\"has-text-align-center\">les derni\u00e8res nouvelles mais \u00e9galement le quotidien de l&rsquo;\u00e9cole.<\/p>\n\n\n\n<p><\/p>\n\n\n\n<p><\/p>\n\n\n\n<p><\/p>\n","protected":false},"excerpt":{"rendered":"<p>Bienvenue sur le site de l&rsquo;\u00e9cole de Sault-l\u00e8s-Rethel. Vous retrouverez sur notre site les informations importantes, les derni\u00e8res nouvelles mais \u00e9galement le quotidien de l&rsquo;\u00e9cole.<\/p>\n","protected":false},"author":1,"featured_media":0,"parent":0,"menu_order":0,"comment_status":"closed","ping_status":"closed","template":"","meta":{"ngg_post_thumbnail":0,"footnotes":""},"_links":{"self":[{"href":"https:\/\/sitetab3.ac-reims.fr\/ec-sault\/-wp-\/wp-json\/wp\/v2\/pages\/643"}],"collection":[{"href":"https:\/\/sitetab3.ac-reims.fr\/ec-sault\/-wp-\/wp-json\/wp\/v2\/pages"}],"about":[{"href":"https:\/\/sitetab3.ac-reims.fr\/ec-sault\/-wp-\/wp-json\/wp\/v2\/types\/page"}],"author":[{"embeddable":true,"href":"https:\/\/sitetab3.ac-reims.fr\/ec-sault\/-wp-\/wp-json\/wp\/v2\/users\/1"}],"replies":[{"embeddable":true,"href":"https:\/\/sitetab3.ac-reims.fr\/ec-sault\/-wp-\/wp-json\/wp\/v2\/comments?post=643"}],"version-history":[{"count":16,"href":"https:\/\/sitetab3.ac-reims.fr\/ec-sault\/-wp-\/wp-json\/wp\/v2\/pages\/643\/revisions"}],"predecessor-version":[{"id":890,"href":"https:\/\/sitetab3.ac-reims.fr\/ec-sault\/-wp-\/wp-json\/wp\/v2\/pages\/643\/revisions\/890"}],"wp:attachment":[{"href":"https:\/\/sitetab3.ac-reims.fr\/ec-sault\/-wp-\/wp-json\/wp\/v2\/media?parent=643"}],"curies":[{"name":"wp","href":"https:\/\/api.w.org\/{rel}","templated":true}]}}

<p class="has-text-align-center">Bienvenue sur le site de l&rsquo;école de Sault-lès-Rethel.</p>



<p class="has-text-align-center">Vous retrouverez sur notre site les informations importantes, </p>



<p class="has-text-align-center">les dernières nouvelles mais également le quotidien de l&rsquo;école.</p>



<p></p>



<p></p>



<p></p>

<p>Bienvenue sur le site de l&rsquo;école de Sault-lès-Rethel. Vous retrouverez sur notre site les informations importantes, les dernières nouvelles mais également le quotidien de l&rsquo;école.</p>
