{"id":679,"date":"2022-08-05T23:37:53","date_gmt":"2022-08-05T21:37:53","guid":{"rendered":"http:\/\/sitetab3.ac-reims.fr\/ec-sault\/-wp-\/?page_id=679"},"modified":"2024-11-07T20:37:32","modified_gmt":"2024-11-07T19:37:32","slug":"les-representants-des-parents-deleves","status":"publish","type":"page","link":"https:\/\/sitetab3.ac-reims.fr\/ec-sault\/-wp-\/les-representants-des-parents-deleves\/","title":{"rendered":"Les repr\u00e9sentants des parents d&rsquo;\u00e9l\u00e8ves"},"content":{"rendered":"\n<p>Mme Sanchez Ang\u00e9lique<\/p>\n\n\n\n<p>Mme Vasconcelos Elodie<\/p>\n\n\n\n<p>Mme Gabreau Charlotte<\/p>\n\n\n\n<p>Mme Granger Aline<\/p>\n\n\n\n<p>Mme Pouponneau Emilie<\/p>\n\n\n\n<p>Mme Lecrinier Carole<\/p>\n\n\n\n<p>Mme Ronsin Kathleen<\/p>\n\n\n\n<p>Mme Doyen Julie<\/p>\n\n\n\n<p class=\"has-text-align-center\"><\/p>\n\n\n\n<p><\/p>\n\n\n\n<p><\/p>\n\n\n\n<p><\/p>\n\n\n\n<p class=\"has-text-align-center\"><\/p>\n\n\n\n<p class=\"has-text-align-center\"><\/p>\n","protected":false},"excerpt":{"rendered":"<p>Mme Sanchez Ang\u00e9lique Mme Vasconcelos Elodie Mme Gabreau Charlotte Mme Granger Aline Mme Pouponneau Emilie Mme Lecrinier Carole Mme Ronsin Kathleen Mme Doyen Julie<\/p>\n","protected":false},"author":1,"featured_media":0,"parent":0,"menu_order":0,"comment_status":"closed","ping_status":"closed","template":"","meta":{"ngg_post_thumbnail":0,"footnotes":""},"_links":{"self":[{"href":"https:\/\/sitetab3.ac-reims.fr\/ec-sault\/-wp-\/wp-json\/wp\/v2\/pages\/679"}],"collection":[{"href":"https:\/\/sitetab3.ac-reims.fr\/ec-sault\/-wp-\/wp-json\/wp\/v2\/pages"}],"about":[{"href":"https:\/\/sitetab3.ac-reims.fr\/ec-sault\/-wp-\/wp-json\/wp\/v2\/types\/page"}],"author":[{"embeddable":true,"href":"https:\/\/sitetab3.ac-reims.fr\/ec-sault\/-wp-\/wp-json\/wp\/v2\/users\/1"}],"replies":[{"embeddable":true,"href":"https:\/\/sitetab3.ac-reims.fr\/ec-sault\/-wp-\/wp-json\/wp\/v2\/comments?post=679"}],"version-history":[{"count":7,"href":"https:\/\/sitetab3.ac-reims.fr\/ec-sault\/-wp-\/wp-json\/wp\/v2\/pages\/679\/revisions"}],"predecessor-version":[{"id":1240,"href":"https:\/\/sitetab3.ac-reims.fr\/ec-sault\/-wp-\/wp-json\/wp\/v2\/pages\/679\/revisions\/1240"}],"wp:attachment":[{"href":"https:\/\/sitetab3.ac-reims.fr\/ec-sault\/-wp-\/wp-json\/wp\/v2\/media?parent=679"}],"curies":[{"name":"wp","href":"https:\/\/api.w.org\/{rel}","templated":true}]}}

Les représentants des parents d&rsquo;élèves

<p>Mme Sanchez Angélique</p>



<p>Mme Vasconcelos Elodie</p>



<p>Mme Gabreau Charlotte</p>



<p>Mme Granger Aline</p>



<p>Mme Pouponneau Emilie</p>



<p>Mme Lecrinier Carole</p>



<p>Mme Ronsin Kathleen</p>



<p>Mme Doyen Julie</p>



<p class="has-text-align-center"></p>



<p></p>



<p></p>



<p></p>



<p class="has-text-align-center"></p>



<p class="has-text-align-center"></p>

<p>Mme Sanchez Angélique Mme Vasconcelos Elodie Mme Gabreau Charlotte Mme Granger Aline Mme Pouponneau Emilie Mme Lecrinier Carole Mme Ronsin Kathleen Mme Doyen Julie</p>
