{"id":717,"date":"2022-08-05T23:46:52","date_gmt":"2022-08-05T21:46:52","guid":{"rendered":"http:\/\/sitetab3.ac-reims.fr\/ec-sault\/-wp-\/?page_id=717"},"modified":"2022-08-24T21:24:41","modified_gmt":"2022-08-24T19:24:41","slug":"visite-guidee","status":"publish","type":"page","link":"https:\/\/sitetab3.ac-reims.fr\/ec-sault\/-wp-\/visite-guidee\/","title":{"rendered":"Visite guid\u00e9e"},"content":{"rendered":"\n<p class=\"has-text-align-center has-large-font-size\">L&rsquo;entr\u00e9e de l&rsquo;\u00e9cole<\/p>\n\n\n\n<p class=\"has-text-align-center\">Le b\u00e2timent maternelle se situe \u00e0 gauche et le b\u00e2timent \u00e9l\u00e9mentaire au fond.<\/p>\n\n\n\n<div class=\"wp-block-cover has-background-dim\"><img loading=\"lazy\" decoding=\"async\" width=\"768\" height=\"1024\" class=\"wp-block-cover__image-background wp-image-802\" alt=\"\" src=\"https:\/\/sitetab3.ac-reims.fr\/ec-sault\/-wp-\/wp-content\/uploads\/2022\/08\/IMG_1605-1-768x1024.jpg\" data-object-fit=\"cover\" srcset=\"https:\/\/sitetab3.ac-reims.fr\/ec-sault\/-wp-\/wp-content\/uploads\/2022\/08\/IMG_1605-1-768x1024.jpg 768w, https:\/\/sitetab3.ac-reims.fr\/ec-sault\/-wp-\/wp-content\/uploads\/2022\/08\/IMG_1605-1-225x300.jpg 225w, https:\/\/sitetab3.ac-reims.fr\/ec-sault\/-wp-\/wp-content\/uploads\/2022\/08\/IMG_1605-1-1152x1536.jpg 1152w, https:\/\/sitetab3.ac-reims.fr\/ec-sault\/-wp-\/wp-content\/uploads\/2022\/08\/IMG_1605-1-rotated.jpg 1512w\" sizes=\"(max-width: 768px) 100vw, 768px\" \/><div class=\"wp-block-cover__inner-container is-layout-flow wp-block-cover-is-layout-flow\">\n<p class=\"has-text-align-center has-large-font-size\"><\/p>\n<\/div><\/div>\n\n\n\n<p class=\"has-text-align-center\">La cour de r\u00e9cr\u00e9ation des \u00e9l\u00e8ves de maternelle<\/p>\n\n\n\n<div class=\"wp-block-cover has-background-dim\"><img loading=\"lazy\" decoding=\"async\" width=\"768\" height=\"1024\" class=\"wp-block-cover__image-background wp-image-798\" alt=\"\" src=\"https:\/\/sitetab3.ac-reims.fr\/ec-sault\/-wp-\/wp-content\/uploads\/2022\/08\/IMG_1607-768x1024.jpg\" data-object-fit=\"cover\" srcset=\"https:\/\/sitetab3.ac-reims.fr\/ec-sault\/-wp-\/wp-content\/uploads\/2022\/08\/IMG_1607-768x1024.jpg 768w, https:\/\/sitetab3.ac-reims.fr\/ec-sault\/-wp-\/wp-content\/uploads\/2022\/08\/IMG_1607-225x300.jpg 225w, https:\/\/sitetab3.ac-reims.fr\/ec-sault\/-wp-\/wp-content\/uploads\/2022\/08\/IMG_1607-1152x1536.jpg 1152w, https:\/\/sitetab3.ac-reims.fr\/ec-sault\/-wp-\/wp-content\/uploads\/2022\/08\/IMG_1607-rotated.jpg 1512w\" sizes=\"(max-width: 768px) 100vw, 768px\" \/><div class=\"wp-block-cover__inner-container is-layout-flow wp-block-cover-is-layout-flow\">\n<p><\/p>\n\n\n\n<p><\/p>\n\n\n\n<p><\/p>\n\n\n\n<p><\/p>\n\n\n\n<p><\/p>\n\n\n\n<p><\/p>\n\n\n\n<p><\/p>\n\n\n\n<p><\/p>\n\n\n\n<p><\/p>\n\n\n\n<p><\/p>\n\n\n\n<p class=\"has-text-align-center has-large-font-size\"><\/p>\n<\/div><\/div>\n\n\n\n<p class=\"has-text-align-center has-large-font-size\"><\/p>\n\n\n\n<p class=\"has-text-align-center\">La cour de r\u00e9cr\u00e9ation et le b\u00e2timent des \u00e9l\u00e8ves du CP au CM2<\/p>\n\n\n\n<div class=\"wp-block-cover has-background-dim\"><img loading=\"lazy\" decoding=\"async\" width=\"1024\" height=\"768\" class=\"wp-block-cover__image-background wp-image-799\" alt=\"\" src=\"https:\/\/sitetab3.ac-reims.fr\/ec-sault\/-wp-\/wp-content\/uploads\/2022\/08\/IMG_1606-1024x768.jpg\" data-object-fit=\"cover\" srcset=\"https:\/\/sitetab3.ac-reims.fr\/ec-sault\/-wp-\/wp-content\/uploads\/2022\/08\/IMG_1606-1024x768.jpg 1024w, https:\/\/sitetab3.ac-reims.fr\/ec-sault\/-wp-\/wp-content\/uploads\/2022\/08\/IMG_1606-300x225.jpg 300w, https:\/\/sitetab3.ac-reims.fr\/ec-sault\/-wp-\/wp-content\/uploads\/2022\/08\/IMG_1606-768x576.jpg 768w, https:\/\/sitetab3.ac-reims.fr\/ec-sault\/-wp-\/wp-content\/uploads\/2022\/08\/IMG_1606-1536x1152.jpg 1536w, https:\/\/sitetab3.ac-reims.fr\/ec-sault\/-wp-\/wp-content\/uploads\/2022\/08\/IMG_1606.jpg 2016w\" sizes=\"(max-width: 1024px) 100vw, 1024px\" \/><div class=\"wp-block-cover__inner-container is-layout-flow wp-block-cover-is-layout-flow\">\n<p class=\"has-text-align-center has-large-font-size\"><\/p>\n<\/div><\/div>\n\n\n\n<p><\/p>\n","protected":false},"excerpt":{"rendered":"<p>L&rsquo;entr\u00e9e de l&rsquo;\u00e9cole Le b\u00e2timent maternelle se situe \u00e0 gauche et le b\u00e2timent \u00e9l\u00e9mentaire au fond. La cour de r\u00e9cr\u00e9ation des \u00e9l\u00e8ves de maternelle La cour de r\u00e9cr\u00e9ation et le b\u00e2timent des \u00e9l\u00e8ves du CP au CM2<\/p>\n","protected":false},"author":1,"featured_media":0,"parent":0,"menu_order":0,"comment_status":"closed","ping_status":"closed","template":"","meta":{"ngg_post_thumbnail":0,"footnotes":""},"_links":{"self":[{"href":"https:\/\/sitetab3.ac-reims.fr\/ec-sault\/-wp-\/wp-json\/wp\/v2\/pages\/717"}],"collection":[{"href":"https:\/\/sitetab3.ac-reims.fr\/ec-sault\/-wp-\/wp-json\/wp\/v2\/pages"}],"about":[{"href":"https:\/\/sitetab3.ac-reims.fr\/ec-sault\/-wp-\/wp-json\/wp\/v2\/types\/page"}],"author":[{"embeddable":true,"href":"https:\/\/sitetab3.ac-reims.fr\/ec-sault\/-wp-\/wp-json\/wp\/v2\/users\/1"}],"replies":[{"embeddable":true,"href":"https:\/\/sitetab3.ac-reims.fr\/ec-sault\/-wp-\/wp-json\/wp\/v2\/comments?post=717"}],"version-history":[{"count":3,"href":"https:\/\/sitetab3.ac-reims.fr\/ec-sault\/-wp-\/wp-json\/wp\/v2\/pages\/717\/revisions"}],"predecessor-version":[{"id":803,"href":"https:\/\/sitetab3.ac-reims.fr\/ec-sault\/-wp-\/wp-json\/wp\/v2\/pages\/717\/revisions\/803"}],"wp:attachment":[{"href":"https:\/\/sitetab3.ac-reims.fr\/ec-sault\/-wp-\/wp-json\/wp\/v2\/media?parent=717"}],"curies":[{"name":"wp","href":"https:\/\/api.w.org\/{rel}","templated":true}]}}

Visite guidée

<p class="has-text-align-center has-large-font-size">L&rsquo;entrée de l&rsquo;école</p>



<p class="has-text-align-center">Le bâtiment maternelle se situe à gauche et le bâtiment élémentaire au fond.</p>



<div class="wp-block-cover has-background-dim"><img loading="lazy" decoding="async" width="768" height="1024" class="wp-block-cover__image-background wp-image-802" alt="" src="https://sitetab3.ac-reims.fr/ec-sault/-wp-/wp-content/uploads/2022/08/IMG_1605-1-768x1024.jpg" data-object-fit="cover" srcset="https://sitetab3.ac-reims.fr/ec-sault/-wp-/wp-content/uploads/2022/08/IMG_1605-1-768x1024.jpg 768w, https://sitetab3.ac-reims.fr/ec-sault/-wp-/wp-content/uploads/2022/08/IMG_1605-1-225x300.jpg 225w, https://sitetab3.ac-reims.fr/ec-sault/-wp-/wp-content/uploads/2022/08/IMG_1605-1-1152x1536.jpg 1152w, https://sitetab3.ac-reims.fr/ec-sault/-wp-/wp-content/uploads/2022/08/IMG_1605-1-rotated.jpg 1512w" sizes="(max-width: 768px) 100vw, 768px" /><div class="wp-block-cover__inner-container is-layout-flow wp-block-cover-is-layout-flow">
<p class="has-text-align-center has-large-font-size"></p>
</div></div>



<p class="has-text-align-center">La cour de récréation des élèves de maternelle</p>



<div class="wp-block-cover has-background-dim"><img loading="lazy" decoding="async" width="768" height="1024" class="wp-block-cover__image-background wp-image-798" alt="" src="https://sitetab3.ac-reims.fr/ec-sault/-wp-/wp-content/uploads/2022/08/IMG_1607-768x1024.jpg" data-object-fit="cover" srcset="https://sitetab3.ac-reims.fr/ec-sault/-wp-/wp-content/uploads/2022/08/IMG_1607-768x1024.jpg 768w, https://sitetab3.ac-reims.fr/ec-sault/-wp-/wp-content/uploads/2022/08/IMG_1607-225x300.jpg 225w, https://sitetab3.ac-reims.fr/ec-sault/-wp-/wp-content/uploads/2022/08/IMG_1607-1152x1536.jpg 1152w, https://sitetab3.ac-reims.fr/ec-sault/-wp-/wp-content/uploads/2022/08/IMG_1607-rotated.jpg 1512w" sizes="(max-width: 768px) 100vw, 768px" /><div class="wp-block-cover__inner-container is-layout-flow wp-block-cover-is-layout-flow">
<p></p>



<p></p>



<p></p>



<p></p>



<p></p>



<p></p>



<p></p>



<p></p>



<p></p>



<p></p>



<p class="has-text-align-center has-large-font-size"></p>
</div></div>



<p class="has-text-align-center has-large-font-size"></p>



<p class="has-text-align-center">La cour de récréation et le bâtiment des élèves du CP au CM2</p>



<div class="wp-block-cover has-background-dim"><img loading="lazy" decoding="async" width="1024" height="768" class="wp-block-cover__image-background wp-image-799" alt="" src="https://sitetab3.ac-reims.fr/ec-sault/-wp-/wp-content/uploads/2022/08/IMG_1606-1024x768.jpg" data-object-fit="cover" srcset="https://sitetab3.ac-reims.fr/ec-sault/-wp-/wp-content/uploads/2022/08/IMG_1606-1024x768.jpg 1024w, https://sitetab3.ac-reims.fr/ec-sault/-wp-/wp-content/uploads/2022/08/IMG_1606-300x225.jpg 300w, https://sitetab3.ac-reims.fr/ec-sault/-wp-/wp-content/uploads/2022/08/IMG_1606-768x576.jpg 768w, https://sitetab3.ac-reims.fr/ec-sault/-wp-/wp-content/uploads/2022/08/IMG_1606-1536x1152.jpg 1536w, https://sitetab3.ac-reims.fr/ec-sault/-wp-/wp-content/uploads/2022/08/IMG_1606.jpg 2016w" sizes="(max-width: 1024px) 100vw, 1024px" /><div class="wp-block-cover__inner-container is-layout-flow wp-block-cover-is-layout-flow">
<p class="has-text-align-center has-large-font-size"></p>
</div></div>



<p></p>

<p>L&rsquo;entrée de l&rsquo;école Le bâtiment maternelle se situe à gauche et le bâtiment élémentaire au fond. La cour de récréation des élèves de maternelle La cour de récréation et le bâtiment des élèves du CP au CM2</p>
