{"id":937,"date":"2023-07-26T09:32:30","date_gmt":"2023-07-26T07:32:30","guid":{"rendered":"https:\/\/sitetab3.ac-reims.fr\/ec-sault\/-wp-\/?page_id=937"},"modified":"2023-07-26T09:35:49","modified_gmt":"2023-07-26T07:35:49","slug":"rentree-2023-2024","status":"publish","type":"page","link":"https:\/\/sitetab3.ac-reims.fr\/ec-sault\/-wp-\/rentree-2023-2024\/","title":{"rendered":"Rentr\u00e9e 2023\/2024"},"content":{"rendered":"\n<p class=\"has-text-align-center\"><strong>La rentr\u00e9e des \u00e9l\u00e8ves aura lieu le lundi 4 septembre \u00e0 8h20.<\/strong><\/p>\n\n\n\n<p class=\"has-text-align-center\">Vous pourrez consulter les listes des classes et la r\u00e9partition des \u00e9l\u00e8ves le jour de la rentr\u00e9e.<\/p>\n\n\n\n<p><\/p>\n\n\n\n<p class=\"has-text-align-center\">En attendant, voici les listes de fournitures pour chaque niveau de classe:<\/p>\n\n\n\n<p><a href=\"https:\/\/padlet.com\/ulsaslaurence\/rentr-e-des-l-ves-de-petite-section-maternelle-de-sault-les--o2u1y8oz0b9aemu7\" data-type=\"URL\" data-id=\"https:\/\/padlet.com\/ulsaslaurence\/rentr-e-des-l-ves-de-petite-section-maternelle-de-sault-les--o2u1y8oz0b9aemu7\">Petite Section<\/a><\/p>\n\n\n\n<p><a href=\"http:\/\/sitetab3.ac-reims.fr\/ec-sault\/-wp-\/wp-content\/uploads\/2023\/07\/fournitures-MS-1.pdf\" target=\"_blank\" rel=\"noreferrer noopener\">Moyenne Section<\/a><\/p>\n\n\n\n<p>Grande Section<\/p>\n\n\n\n<p><a href=\"http:\/\/sitetab3.ac-reims.fr\/ec-sault\/-wp-\/wp-content\/uploads\/2023\/07\/liste-fournitures.pdf\">CP<\/a><\/p>\n\n\n\n<p><a href=\"http:\/\/sitetab3.ac-reims.fr\/ec-sault\/-wp-\/wp-content\/uploads\/2023\/07\/Liste-de-fournitures-2023-2024-ce1.pdf\" data-type=\"URL\" data-id=\"http:\/\/sitetab3.ac-reims.fr\/ec-sault\/-wp-\/wp-content\/uploads\/2023\/07\/Liste-de-fournitures-2023-2024-ce1.pdf\" target=\"_blank\" rel=\"noreferrer noopener\">CE1<\/a><\/p>\n\n\n\n<p><a href=\"http:\/\/sitetab3.ac-reims.fr\/ec-sault\/-wp-\/wp-content\/uploads\/2023\/07\/Liste-de-fournitures-2023-2024-ce2-ce1-cm2.pdf\" data-type=\"URL\" data-id=\"http:\/\/sitetab3.ac-reims.fr\/ec-sault\/-wp-\/wp-content\/uploads\/2023\/07\/Liste-de-fournitures-2023-2024-ce2-ce1-cm2.pdf\" target=\"_blank\" rel=\"noreferrer noopener\">CE2<\/a><\/p>\n\n\n\n<p><a href=\"http:\/\/sitetab3.ac-reims.fr\/ec-sault\/-wp-\/wp-content\/uploads\/2023\/07\/Liste-de-fournitures-2023-2024-ce2-ce1-cm2.pdf\" data-type=\"URL\" data-id=\"http:\/\/sitetab3.ac-reims.fr\/ec-sault\/-wp-\/wp-content\/uploads\/2023\/07\/Liste-de-fournitures-2023-2024-ce2-ce1-cm2.pdf\" target=\"_blank\" rel=\"noreferrer noopener\">CM1<\/a><\/p>\n\n\n\n<p><a href=\"http:\/\/sitetab3.ac-reims.fr\/ec-sault\/-wp-\/wp-content\/uploads\/2023\/07\/Liste-de-fournitures-2023-2024-ce2-ce1-cm2.pdf\" data-type=\"URL\" data-id=\"http:\/\/sitetab3.ac-reims.fr\/ec-sault\/-wp-\/wp-content\/uploads\/2023\/07\/Liste-de-fournitures-2023-2024-ce2-ce1-cm2.pdf\" target=\"_blank\" rel=\"noreferrer noopener\">CM2<\/a><\/p>\n","protected":false},"excerpt":{"rendered":"<p>La rentr\u00e9e des \u00e9l\u00e8ves aura lieu le lundi 4 septembre \u00e0 8h20. Vous pourrez consulter les listes des classes et la r\u00e9partition des \u00e9l\u00e8ves le jour de la rentr\u00e9e. En attendant, voici les listes de fournitures pour chaque niveau de classe: Petite Section Moyenne Section Grande Section CP CE1 CE2 CM1 CM2<\/p>\n","protected":false},"author":1,"featured_media":0,"parent":0,"menu_order":0,"comment_status":"closed","ping_status":"closed","template":"","meta":{"ngg_post_thumbnail":0,"footnotes":""},"_links":{"self":[{"href":"https:\/\/sitetab3.ac-reims.fr\/ec-sault\/-wp-\/wp-json\/wp\/v2\/pages\/937"}],"collection":[{"href":"https:\/\/sitetab3.ac-reims.fr\/ec-sault\/-wp-\/wp-json\/wp\/v2\/pages"}],"about":[{"href":"https:\/\/sitetab3.ac-reims.fr\/ec-sault\/-wp-\/wp-json\/wp\/v2\/types\/page"}],"author":[{"embeddable":true,"href":"https:\/\/sitetab3.ac-reims.fr\/ec-sault\/-wp-\/wp-json\/wp\/v2\/users\/1"}],"replies":[{"embeddable":true,"href":"https:\/\/sitetab3.ac-reims.fr\/ec-sault\/-wp-\/wp-json\/wp\/v2\/comments?post=937"}],"version-history":[{"count":2,"href":"https:\/\/sitetab3.ac-reims.fr\/ec-sault\/-wp-\/wp-json\/wp\/v2\/pages\/937\/revisions"}],"predecessor-version":[{"id":941,"href":"https:\/\/sitetab3.ac-reims.fr\/ec-sault\/-wp-\/wp-json\/wp\/v2\/pages\/937\/revisions\/941"}],"wp:attachment":[{"href":"https:\/\/sitetab3.ac-reims.fr\/ec-sault\/-wp-\/wp-json\/wp\/v2\/media?parent=937"}],"curies":[{"name":"wp","href":"https:\/\/api.w.org\/{rel}","templated":true}]}}

Rentrée 2023/2024

<p class="has-text-align-center"><strong>La rentrée des élèves aura lieu le lundi 4 septembre à 8h20.</strong></p>



<p class="has-text-align-center">Vous pourrez consulter les listes des classes et la répartition des élèves le jour de la rentrée.</p>



<p></p>



<p class="has-text-align-center">En attendant, voici les listes de fournitures pour chaque niveau de classe:</p>



<p><a href="https://padlet.com/ulsaslaurence/rentr-e-des-l-ves-de-petite-section-maternelle-de-sault-les--o2u1y8oz0b9aemu7" data-type="URL" data-id="https://padlet.com/ulsaslaurence/rentr-e-des-l-ves-de-petite-section-maternelle-de-sault-les--o2u1y8oz0b9aemu7">Petite Section</a></p>



<p><a href="http://sitetab3.ac-reims.fr/ec-sault/-wp-/wp-content/uploads/2023/07/fournitures-MS-1.pdf" target="_blank" rel="noreferrer noopener">Moyenne Section</a></p>



<p>Grande Section</p>



<p><a href="http://sitetab3.ac-reims.fr/ec-sault/-wp-/wp-content/uploads/2023/07/liste-fournitures.pdf">CP</a></p>



<p><a href="http://sitetab3.ac-reims.fr/ec-sault/-wp-/wp-content/uploads/2023/07/Liste-de-fournitures-2023-2024-ce1.pdf" data-type="URL" data-id="http://sitetab3.ac-reims.fr/ec-sault/-wp-/wp-content/uploads/2023/07/Liste-de-fournitures-2023-2024-ce1.pdf" target="_blank" rel="noreferrer noopener">CE1</a></p>



<p><a href="http://sitetab3.ac-reims.fr/ec-sault/-wp-/wp-content/uploads/2023/07/Liste-de-fournitures-2023-2024-ce2-ce1-cm2.pdf" data-type="URL" data-id="http://sitetab3.ac-reims.fr/ec-sault/-wp-/wp-content/uploads/2023/07/Liste-de-fournitures-2023-2024-ce2-ce1-cm2.pdf" target="_blank" rel="noreferrer noopener">CE2</a></p>



<p><a href="http://sitetab3.ac-reims.fr/ec-sault/-wp-/wp-content/uploads/2023/07/Liste-de-fournitures-2023-2024-ce2-ce1-cm2.pdf" data-type="URL" data-id="http://sitetab3.ac-reims.fr/ec-sault/-wp-/wp-content/uploads/2023/07/Liste-de-fournitures-2023-2024-ce2-ce1-cm2.pdf" target="_blank" rel="noreferrer noopener">CM1</a></p>



<p><a href="http://sitetab3.ac-reims.fr/ec-sault/-wp-/wp-content/uploads/2023/07/Liste-de-fournitures-2023-2024-ce2-ce1-cm2.pdf" data-type="URL" data-id="http://sitetab3.ac-reims.fr/ec-sault/-wp-/wp-content/uploads/2023/07/Liste-de-fournitures-2023-2024-ce2-ce1-cm2.pdf" target="_blank" rel="noreferrer noopener">CM2</a></p>

<p>La rentrée des élèves aura lieu le lundi 4 septembre à 8h20. Vous pourrez consulter les listes des classes et la répartition des élèves le jour de la rentrée. En attendant, voici les listes de fournitures pour chaque niveau de classe: Petite Section Moyenne Section Grande Section CP CE1 CE2 CM1 CM2</p>
