{"id":290,"date":"2018-04-05T15:17:57","date_gmt":"2018-04-05T13:17:57","guid":{"rendered":"http:\/\/sitetab3.ac-reims.fr\/ec-viel\/-wp-\/?page_id=290"},"modified":"2023-11-08T18:57:07","modified_gmt":"2023-11-08T17:57:07","slug":"prevention-harcelement","status":"publish","type":"page","link":"https:\/\/sitetab3.ac-reims.fr\/ec-viel\/-wp-\/prevention-harcelement\/","title":{"rendered":"Pr\u00e9vention Harc\u00e8lement"},"content":{"rendered":"\n<figure class=\"wp-block-image size-large\"><img loading=\"lazy\" decoding=\"async\" width=\"1024\" height=\"410\" src=\"https:\/\/sitetab3.ac-reims.fr\/ec-viel\/-wp-\/wp-content\/uploads\/2023_NAH_bloc-marque_tel-1024x410.jpg\" alt=\"\" class=\"wp-image-5252\" srcset=\"https:\/\/sitetab3.ac-reims.fr\/ec-viel\/-wp-\/wp-content\/uploads\/2023_NAH_bloc-marque_tel-1024x410.jpg 1024w, https:\/\/sitetab3.ac-reims.fr\/ec-viel\/-wp-\/wp-content\/uploads\/2023_NAH_bloc-marque_tel-300x120.jpg 300w, https:\/\/sitetab3.ac-reims.fr\/ec-viel\/-wp-\/wp-content\/uploads\/2023_NAH_bloc-marque_tel-768x307.jpg 768w, https:\/\/sitetab3.ac-reims.fr\/ec-viel\/-wp-\/wp-content\/uploads\/2023_NAH_bloc-marque_tel.jpg 1250w\" sizes=\"(max-width: 1024px) 100vw, 1024px\" \/><\/figure>\n\n\n<h1 style=\"text-align: center;\"><span style=\"color: #339966;\"><strong>Le mieux c&rsquo;est d&rsquo;en parler<\/strong><\/span><\/h1>\n<p><strong>Mme Lecamp, Mme Royer, Mme Bonnevie, un autre adulte de l&rsquo;\u00e9cole : Val\u00e9rie, Vanessa, Julie, Sabrina, les parents \u00e9lus, <\/strong><strong>vous trouverez toujours une oreille pour vous \u00e9couter&#8230;<\/strong><\/p>\n<p>Ci joint le plan de pr\u00e9vention mis en place au sein de l&rsquo;\u00e9cole<\/p>\n<p><a href=\"http:\/\/sitetab3.ac-reims.fr\/ec-viel\/-wp-\/wp-content\/uploads\/PlanPr\u00e9ventionVielstRemy.pdf\">PlanPr\u00e9ventionVielstRemy<\/a><\/p>\n<p>&#8230;accompagn\u00e9 du protocole de traitement et de suivi des situations<\/p>\n<p><a href=\"http:\/\/sitetab3.ac-reims.fr\/ec-viel\/-wp-\/wp-content\/uploads\/protocole-ORGANIGRAMMEviel.pdf\">protocole ORGANIGRAMMEviel<\/a><\/p>\n<p>et les temps forts de l&rsquo;ann\u00e9e<\/p>\n\n\n<figure class=\"wp-block-image size-large\"><img loading=\"lazy\" decoding=\"async\" width=\"724\" height=\"1024\" src=\"https:\/\/sitetab3.ac-reims.fr\/ec-viel\/-wp-\/wp-content\/uploads\/Temps-forts1-724x1024.jpg\" alt=\"\" class=\"wp-image-5253\" srcset=\"https:\/\/sitetab3.ac-reims.fr\/ec-viel\/-wp-\/wp-content\/uploads\/Temps-forts1-724x1024.jpg 724w, https:\/\/sitetab3.ac-reims.fr\/ec-viel\/-wp-\/wp-content\/uploads\/Temps-forts1-212x300.jpg 212w, https:\/\/sitetab3.ac-reims.fr\/ec-viel\/-wp-\/wp-content\/uploads\/Temps-forts1-768x1086.jpg 768w, https:\/\/sitetab3.ac-reims.fr\/ec-viel\/-wp-\/wp-content\/uploads\/Temps-forts1-1086x1536.jpg 1086w, https:\/\/sitetab3.ac-reims.fr\/ec-viel\/-wp-\/wp-content\/uploads\/Temps-forts1-1448x2048.jpg 1448w, https:\/\/sitetab3.ac-reims.fr\/ec-viel\/-wp-\/wp-content\/uploads\/Temps-forts1.jpg 1587w\" sizes=\"(max-width: 724px) 100vw, 724px\" \/><\/figure>\n","protected":false},"excerpt":{"rendered":"<p>Le mieux c&rsquo;est d&rsquo;en parler Mme Lecamp, Mme Royer, Mme Bonnevie, un autre adulte de l&rsquo;\u00e9cole : Val\u00e9rie, Vanessa, Julie, Sabrina, les parents \u00e9lus, vous trouverez toujours une oreille pour vous \u00e9couter&#8230; Ci joint le plan de pr\u00e9vention mis en place au sein de l&rsquo;\u00e9cole PlanPr\u00e9ventionVielstRemy &#8230;accompagn\u00e9 du protocole de traitement et de suivi des [&hellip;]<\/p>\n","protected":false},"author":1,"featured_media":0,"parent":0,"menu_order":0,"comment_status":"closed","ping_status":"closed","template":"","meta":{"ngg_post_thumbnail":0,"footnotes":""},"_links":{"self":[{"href":"https:\/\/sitetab3.ac-reims.fr\/ec-viel\/-wp-\/wp-json\/wp\/v2\/pages\/290"}],"collection":[{"href":"https:\/\/sitetab3.ac-reims.fr\/ec-viel\/-wp-\/wp-json\/wp\/v2\/pages"}],"about":[{"href":"https:\/\/sitetab3.ac-reims.fr\/ec-viel\/-wp-\/wp-json\/wp\/v2\/types\/page"}],"author":[{"embeddable":true,"href":"https:\/\/sitetab3.ac-reims.fr\/ec-viel\/-wp-\/wp-json\/wp\/v2\/users\/1"}],"replies":[{"embeddable":true,"href":"https:\/\/sitetab3.ac-reims.fr\/ec-viel\/-wp-\/wp-json\/wp\/v2\/comments?post=290"}],"version-history":[{"count":3,"href":"https:\/\/sitetab3.ac-reims.fr\/ec-viel\/-wp-\/wp-json\/wp\/v2\/pages\/290\/revisions"}],"predecessor-version":[{"id":5254,"href":"https:\/\/sitetab3.ac-reims.fr\/ec-viel\/-wp-\/wp-json\/wp\/v2\/pages\/290\/revisions\/5254"}],"wp:attachment":[{"href":"https:\/\/sitetab3.ac-reims.fr\/ec-viel\/-wp-\/wp-json\/wp\/v2\/media?parent=290"}],"curies":[{"name":"wp","href":"https:\/\/api.w.org\/{rel}","templated":true}]}}

Prévention Harcèlement

<figure class="wp-block-image size-large"><img loading="lazy" decoding="async" width="1024" height="410" src="https://sitetab3.ac-reims.fr/ec-viel/-wp-/wp-content/uploads/2023_NAH_bloc-marque_tel-1024x410.jpg" alt="" class="wp-image-5252" srcset="https://sitetab3.ac-reims.fr/ec-viel/-wp-/wp-content/uploads/2023_NAH_bloc-marque_tel-1024x410.jpg 1024w, https://sitetab3.ac-reims.fr/ec-viel/-wp-/wp-content/uploads/2023_NAH_bloc-marque_tel-300x120.jpg 300w, https://sitetab3.ac-reims.fr/ec-viel/-wp-/wp-content/uploads/2023_NAH_bloc-marque_tel-768x307.jpg 768w, https://sitetab3.ac-reims.fr/ec-viel/-wp-/wp-content/uploads/2023_NAH_bloc-marque_tel.jpg 1250w" sizes="(max-width: 1024px) 100vw, 1024px" /></figure>


<h1 style="text-align: center;"><span style="color: #339966;"><strong>Le mieux c&rsquo;est d&rsquo;en parler</strong></span></h1>
<p><strong>Mme Lecamp, Mme Royer, Mme Bonnevie, un autre adulte de l&rsquo;école : Valérie, Vanessa, Julie, Sabrina, les parents élus, </strong><strong>vous trouverez toujours une oreille pour vous écouter&#8230;</strong></p>
<p>Ci joint le plan de prévention mis en place au sein de l&rsquo;école</p>
<p><a href="http://sitetab3.ac-reims.fr/ec-viel/-wp-/wp-content/uploads/PlanPréventionVielstRemy.pdf">PlanPréventionVielstRemy</a></p>
<p>&#8230;accompagné du protocole de traitement et de suivi des situations</p>
<p><a href="http://sitetab3.ac-reims.fr/ec-viel/-wp-/wp-content/uploads/protocole-ORGANIGRAMMEviel.pdf">protocole ORGANIGRAMMEviel</a></p>
<p>et les temps forts de l&rsquo;année</p>


<figure class="wp-block-image size-large"><img loading="lazy" decoding="async" width="724" height="1024" src="https://sitetab3.ac-reims.fr/ec-viel/-wp-/wp-content/uploads/Temps-forts1-724x1024.jpg" alt="" class="wp-image-5253" srcset="https://sitetab3.ac-reims.fr/ec-viel/-wp-/wp-content/uploads/Temps-forts1-724x1024.jpg 724w, https://sitetab3.ac-reims.fr/ec-viel/-wp-/wp-content/uploads/Temps-forts1-212x300.jpg 212w, https://sitetab3.ac-reims.fr/ec-viel/-wp-/wp-content/uploads/Temps-forts1-768x1086.jpg 768w, https://sitetab3.ac-reims.fr/ec-viel/-wp-/wp-content/uploads/Temps-forts1-1086x1536.jpg 1086w, https://sitetab3.ac-reims.fr/ec-viel/-wp-/wp-content/uploads/Temps-forts1-1448x2048.jpg 1448w, https://sitetab3.ac-reims.fr/ec-viel/-wp-/wp-content/uploads/Temps-forts1.jpg 1587w" sizes="(max-width: 724px) 100vw, 724px" /></figure>

<p>Le mieux c&rsquo;est d&rsquo;en parler Mme Lecamp, Mme Royer, Mme Bonnevie, un autre adulte de l&rsquo;école : Valérie, Vanessa, Julie, Sabrina, les parents élus, vous trouverez toujours une oreille pour vous écouter&#8230; Ci joint le plan de prévention mis en place au sein de l&rsquo;école PlanPréventionVielstRemy &#8230;accompagné du protocole de traitement et de suivi des [&hellip;]</p>
