{"id":56,"date":"2017-08-28T22:19:24","date_gmt":"2017-08-28T20:19:24","guid":{"rendered":"http:\/\/sitetab3.ac-reims.fr\/ec-viel\/-wp-\/?page_id=56"},"modified":"2017-10-01T19:29:56","modified_gmt":"2017-10-01T17:29:56","slug":"association-ptits-loups-et-loisirs","status":"publish","type":"page","link":"https:\/\/sitetab3.ac-reims.fr\/ec-viel\/-wp-\/association-ptits-loups-et-loisirs\/","title":{"rendered":"Association p&rsquo;tits loups et loisirs"},"content":{"rendered":"<p style=\"text-align: center;\">L&rsquo;association des parents d&rsquo;\u00e9l\u00e8ves est un partenaire important de l&rsquo;\u00e9cole qui gr\u00e2ce \u00e0 ses b\u00e9n\u00e9voles et aux actions qu&rsquo;ils m\u00e8nent tout au long de l&rsquo;ann\u00e9e, finance une grande partie des sorties et spectacles auxquels les enfants peuvent assister ainsi que le mat\u00e9riel informatique, indispensable \u00e0 l&rsquo;\u00e9volution des enseignements.<br \/>\nN&rsquo;h\u00e9sitez pas \u00e0 vous joindre \u00e0 eux pour qu&rsquo;elle puisse perdurer.<\/p>\n<p style=\"text-align: center;\">Pr\u00e9sidente : Mme Duroy Eguether Catherine<\/p>\n<p style=\"text-align: center;\">\n<p style=\"text-align: center;\">Les calendriers seront en vente \u00e0 partir du 20 octobre<\/p>\n","protected":false},"excerpt":{"rendered":"<p>L&rsquo;association des parents d&rsquo;\u00e9l\u00e8ves est un partenaire important de l&rsquo;\u00e9cole qui gr\u00e2ce \u00e0 ses b\u00e9n\u00e9voles et aux actions qu&rsquo;ils m\u00e8nent tout au long de l&rsquo;ann\u00e9e, finance une grande partie des sorties et spectacles auxquels les enfants peuvent assister ainsi que le mat\u00e9riel informatique, indispensable \u00e0 l&rsquo;\u00e9volution des enseignements. N&rsquo;h\u00e9sitez pas \u00e0 vous joindre \u00e0 eux [&hellip;]<\/p>\n","protected":false},"author":1,"featured_media":0,"parent":0,"menu_order":0,"comment_status":"closed","ping_status":"closed","template":"","meta":{"ngg_post_thumbnail":0,"footnotes":""},"_links":{"self":[{"href":"https:\/\/sitetab3.ac-reims.fr\/ec-viel\/-wp-\/wp-json\/wp\/v2\/pages\/56"}],"collection":[{"href":"https:\/\/sitetab3.ac-reims.fr\/ec-viel\/-wp-\/wp-json\/wp\/v2\/pages"}],"about":[{"href":"https:\/\/sitetab3.ac-reims.fr\/ec-viel\/-wp-\/wp-json\/wp\/v2\/types\/page"}],"author":[{"embeddable":true,"href":"https:\/\/sitetab3.ac-reims.fr\/ec-viel\/-wp-\/wp-json\/wp\/v2\/users\/1"}],"replies":[{"embeddable":true,"href":"https:\/\/sitetab3.ac-reims.fr\/ec-viel\/-wp-\/wp-json\/wp\/v2\/comments?post=56"}],"version-history":[{"count":4,"href":"https:\/\/sitetab3.ac-reims.fr\/ec-viel\/-wp-\/wp-json\/wp\/v2\/pages\/56\/revisions"}],"predecessor-version":[{"id":121,"href":"https:\/\/sitetab3.ac-reims.fr\/ec-viel\/-wp-\/wp-json\/wp\/v2\/pages\/56\/revisions\/121"}],"wp:attachment":[{"href":"https:\/\/sitetab3.ac-reims.fr\/ec-viel\/-wp-\/wp-json\/wp\/v2\/media?parent=56"}],"curies":[{"name":"wp","href":"https:\/\/api.w.org\/{rel}","templated":true}]}}

<p style="text-align: center;">L&rsquo;association des parents d&rsquo;élèves est un partenaire important de l&rsquo;école qui grâce à ses bénévoles et aux actions qu&rsquo;ils mènent tout au long de l&rsquo;année, finance une grande partie des sorties et spectacles auxquels les enfants peuvent assister ainsi que le matériel informatique, indispensable à l&rsquo;évolution des enseignements.<br />
N&rsquo;hésitez pas à vous joindre à eux pour qu&rsquo;elle puisse perdurer.</p>
<p style="text-align: center;">Présidente : Mme Duroy Eguether Catherine</p>
<p style="text-align: center;">
<p style="text-align: center;">Les calendriers seront en vente à partir du 20 octobre</p>

<p>L&rsquo;association des parents d&rsquo;élèves est un partenaire important de l&rsquo;école qui grâce à ses bénévoles et aux actions qu&rsquo;ils mènent tout au long de l&rsquo;année, finance une grande partie des sorties et spectacles auxquels les enfants peuvent assister ainsi que le matériel informatique, indispensable à l&rsquo;évolution des enseignements. N&rsquo;hésitez pas à vous joindre à eux [&hellip;]</p>
