{"id":74,"date":"2017-08-28T22:20:26","date_gmt":"2017-08-28T20:20:26","guid":{"rendered":"http:\/\/sitetab3.ac-reims.fr\/ec-viel\/-wp-\/?page_id=74"},"modified":"2020-12-14T10:01:02","modified_gmt":"2020-12-14T09:01:02","slug":"garderie","status":"publish","type":"page","link":"https:\/\/sitetab3.ac-reims.fr\/ec-viel\/-wp-\/garderie\/","title":{"rendered":"Garderie"},"content":{"rendered":"<p>T\u00e9l\u00e9charger le formulaire d&rsquo;inscription<br \/>\n<a href=\"http:\/\/sitetab3.ac-reims.fr\/ec-viel\/-wp-\/wp-content\/uploads\/GARDERIE-INSCRIPTION-SITE-VIEL-2020.pdf\">GARDERIE &#8211; INSCRIPTION SITE VIEL 2020<\/a><\/p>\n<p>Consulter le r\u00e8glement<br \/>\n<a href=\"http:\/\/sitetab3.ac-reims.fr\/ec-viel\/-wp-\/wp-content\/uploads\/r\u00e8glement-garderie.pdf\">r\u00e8glement garderie<\/a><\/p>\n","protected":false},"excerpt":{"rendered":"<p>T\u00e9l\u00e9charger le formulaire d&rsquo;inscription GARDERIE &#8211; INSCRIPTION SITE VIEL 2020 Consulter le r\u00e8glement r\u00e8glement garderie<\/p>\n","protected":false},"author":1,"featured_media":0,"parent":0,"menu_order":0,"comment_status":"closed","ping_status":"closed","template":"","meta":{"ngg_post_thumbnail":0,"footnotes":""},"_links":{"self":[{"href":"https:\/\/sitetab3.ac-reims.fr\/ec-viel\/-wp-\/wp-json\/wp\/v2\/pages\/74"}],"collection":[{"href":"https:\/\/sitetab3.ac-reims.fr\/ec-viel\/-wp-\/wp-json\/wp\/v2\/pages"}],"about":[{"href":"https:\/\/sitetab3.ac-reims.fr\/ec-viel\/-wp-\/wp-json\/wp\/v2\/types\/page"}],"author":[{"embeddable":true,"href":"https:\/\/sitetab3.ac-reims.fr\/ec-viel\/-wp-\/wp-json\/wp\/v2\/users\/1"}],"replies":[{"embeddable":true,"href":"https:\/\/sitetab3.ac-reims.fr\/ec-viel\/-wp-\/wp-json\/wp\/v2\/comments?post=74"}],"version-history":[{"count":6,"href":"https:\/\/sitetab3.ac-reims.fr\/ec-viel\/-wp-\/wp-json\/wp\/v2\/pages\/74\/revisions"}],"predecessor-version":[{"id":3240,"href":"https:\/\/sitetab3.ac-reims.fr\/ec-viel\/-wp-\/wp-json\/wp\/v2\/pages\/74\/revisions\/3240"}],"wp:attachment":[{"href":"https:\/\/sitetab3.ac-reims.fr\/ec-viel\/-wp-\/wp-json\/wp\/v2\/media?parent=74"}],"curies":[{"name":"wp","href":"https:\/\/api.w.org\/{rel}","templated":true}]}}

<p>Télécharger le formulaire d&rsquo;inscription<br />
<a href="http://sitetab3.ac-reims.fr/ec-viel/-wp-/wp-content/uploads/GARDERIE-INSCRIPTION-SITE-VIEL-2020.pdf">GARDERIE &#8211; INSCRIPTION SITE VIEL 2020</a></p>
<p>Consulter le règlement<br />
<a href="http://sitetab3.ac-reims.fr/ec-viel/-wp-/wp-content/uploads/règlement-garderie.pdf">règlement garderie</a></p>

<p>Télécharger le formulaire d&rsquo;inscription GARDERIE &#8211; INSCRIPTION SITE VIEL 2020 Consulter le règlement règlement garderie</p>
