{"id":80,"date":"2025-11-18T22:28:39","date_gmt":"2025-11-18T21:28:39","guid":{"rendered":"http:\/\/sitetab3.ac-reims.fr\/ec-viel\/-wp-\/?page_id=80"},"modified":"2025-11-18T22:28:39","modified_gmt":"2025-11-18T21:28:39","slug":"conseil-decole","status":"publish","type":"page","link":"https:\/\/sitetab3.ac-reims.fr\/ec-viel\/-wp-\/conseil-decole\/","title":{"rendered":"Conseil d&rsquo;\u00e9cole"},"content":{"rendered":"\n<div class=\"wp-block-file\"><a href=\"https:\/\/sitetab3.ac-reims.fr\/ec-viel\/-wp-\/wp-content\/uploads\/conseilecole18.06.21.pdf\" class=\"wp-block-file__button wp-element-button\" download>T\u00e9l\u00e9charger<\/a><\/div>\n\n\n<p style=\"text-align: center;\">Les d\u00e9l\u00e9gu\u00e9s de parents d&rsquo;\u00e9l\u00e8ves sont en :<\/p>\n<p style=\"text-align: center;\">CP Mme Guichard\u00a0 (Jandun)<\/p>\n<p style=\"text-align: center;\">CE1 CE2 Mme Delvaux (Viel) avec Mme Bertaux (suppl\u00e9ante) (Neuvizy)<\/p>\n<p style=\"text-align: center;\">\u00a0CM1 CM2 Mme P\u00e9rignon (Jandun) et Mme Pr\u00e9vot(suppl\u00e9ante) (Jandun)\u00a0\u00a0<\/p>\n\n\nN&rsquo;h\u00e9sitez pas \u00e0 faire part de vos questions aux repr\u00e9sentants des parents d&rsquo;\u00e9l\u00e8ves \u00e9lus, une semaine auparavant, afin qu&rsquo;elles puissent \u00eatre \u00e9voqu\u00e9es lors de la r\u00e9union.\n\n\n\n<div data-wp-interactive=\"core\/file\" class=\"wp-block-file\"><object data-wp-bind--hidden=\"!state.hasPdfPreview\"  class=\"wp-block-file__embed\" data=\"https:\/\/sitetab3.ac-reims.fr\/ec-viel\/-wp-\/wp-content\/uploads\/conseil-decole-7.11.25.pdf\" type=\"application\/pdf\" style=\"width:100%;height:600px\" aria-label=\"Contenu embarqu\u00e9 conseil-decole-7.11.25.\"><\/object><a id=\"wp-block-file--media-69dc227a-c228-41f9-b6c5-1a8c80158001\" href=\"https:\/\/sitetab3.ac-reims.fr\/ec-viel\/-wp-\/wp-content\/uploads\/conseil-decole-7.11.25.pdf\">conseil-decole-7.11.25<\/a><a href=\"https:\/\/sitetab3.ac-reims.fr\/ec-viel\/-wp-\/wp-content\/uploads\/conseil-decole-7.11.25.pdf\" class=\"wp-block-file__button wp-element-button\" download aria-describedby=\"wp-block-file--media-69dc227a-c228-41f9-b6c5-1a8c80158001\">T\u00e9l\u00e9charger<\/a><\/div>\n","protected":false},"excerpt":{"rendered":"<p>Les d\u00e9l\u00e9gu\u00e9s de parents d&rsquo;\u00e9l\u00e8ves sont en : CP Mme Guichard\u00a0 (Jandun) CE1 CE2 Mme Delvaux (Viel) avec Mme Bertaux (suppl\u00e9ante) (Neuvizy) \u00a0CM1 CM2 Mme P\u00e9rignon (Jandun) et Mme Pr\u00e9vot(suppl\u00e9ante) (Jandun)\u00a0\u00a0 N&rsquo;h\u00e9sitez pas \u00e0 faire part de vos questions aux repr\u00e9sentants des parents d&rsquo;\u00e9l\u00e8ves \u00e9lus, une semaine auparavant, afin qu&rsquo;elles puissent \u00eatre \u00e9voqu\u00e9es lors de [&hellip;]<\/p>\n","protected":false},"author":1,"featured_media":0,"parent":0,"menu_order":0,"comment_status":"closed","ping_status":"closed","template":"","meta":{"ngg_post_thumbnail":0,"footnotes":""},"_links":{"self":[{"href":"https:\/\/sitetab3.ac-reims.fr\/ec-viel\/-wp-\/wp-json\/wp\/v2\/pages\/80"}],"collection":[{"href":"https:\/\/sitetab3.ac-reims.fr\/ec-viel\/-wp-\/wp-json\/wp\/v2\/pages"}],"about":[{"href":"https:\/\/sitetab3.ac-reims.fr\/ec-viel\/-wp-\/wp-json\/wp\/v2\/types\/page"}],"author":[{"embeddable":true,"href":"https:\/\/sitetab3.ac-reims.fr\/ec-viel\/-wp-\/wp-json\/wp\/v2\/users\/1"}],"replies":[{"embeddable":true,"href":"https:\/\/sitetab3.ac-reims.fr\/ec-viel\/-wp-\/wp-json\/wp\/v2\/comments?post=80"}],"version-history":[{"count":17,"href":"https:\/\/sitetab3.ac-reims.fr\/ec-viel\/-wp-\/wp-json\/wp\/v2\/pages\/80\/revisions"}],"predecessor-version":[{"id":6968,"href":"https:\/\/sitetab3.ac-reims.fr\/ec-viel\/-wp-\/wp-json\/wp\/v2\/pages\/80\/revisions\/6968"}],"wp:attachment":[{"href":"https:\/\/sitetab3.ac-reims.fr\/ec-viel\/-wp-\/wp-json\/wp\/v2\/media?parent=80"}],"curies":[{"name":"wp","href":"https:\/\/api.w.org\/{rel}","templated":true}]}}