{"id":82,"date":"2017-08-28T22:25:12","date_gmt":"2017-08-28T20:25:12","guid":{"rendered":"http:\/\/sitetab3.ac-reims.fr\/ec-viel\/-wp-\/?page_id=82"},"modified":"2020-06-09T11:40:47","modified_gmt":"2020-06-09T09:40:47","slug":"inscriptions","status":"publish","type":"page","link":"https:\/\/sitetab3.ac-reims.fr\/ec-viel\/-wp-\/inscriptions\/","title":{"rendered":"Inscriptions"},"content":{"rendered":"<p style=\"text-align: center;\">L&rsquo;\u00e9cole accueille les enfants du CP\u00a0 au CM2<\/p>\n<p>Toutes les inscriptions passent d&rsquo;abord par le S.I.V.U puis ensuite par Mme Bonnevie, directrice.<\/p>\n<style type=\"text\/css\">\n\t<!-- @page { margin: 2cm } P { margin-bottom: 0.21cm } --><br \/>\n\t<\/style>\n<p align=\"CENTER\"><span style=\"font-size: 18pt;\"><b>Exceptionnellement, cette ann\u00e9e, <\/b><\/span><\/p>\n<p align=\"CENTER\"><span style=\"font-size: 18pt;\"><b>en raison du contexte sanitaire, <\/b><\/span><\/p>\n<p align=\"CENTER\"><span style=\"font-size: 18pt;\"><b>les inscriptions \u00e0 l&rsquo;\u00e9cole ( aupr\u00e8s du S.I.V.U ) <\/b><\/span><\/p>\n<p align=\"CENTER\"><span style=\"font-size: 18pt;\"><b>et <\/b><\/span><\/p>\n<p align=\"CENTER\"><span style=\"font-size: xx-large;\"><b><span style=\"font-size: 18pt;\">les admissions des enfants ( aupr\u00e8s de la directrice) s&rsquo;effectuent\u00a0 \u00e0 distance.<\/span> <\/b><\/span><\/p>\n<p align=\"CENTER\"><span style=\"font-size: x-large;\">Merci de nous faire parvenir les pi\u00e8ces ci dessous, <\/span><\/p>\n<p align=\"CENTER\"><span style=\"font-size: x-large;\"><b>par voie postale ou par mail<\/b><\/span><\/p>\n<p align=\"CENTER\"><span style=\"font-size: 300%;\"><b>avant le 19 juin<\/b><\/span><\/p>\n<p align=\"LEFT\"><span style=\"font-size: x-large;\">une photocopie du <\/span><span style=\"font-size: x-large;\"><b>livret de famille<\/b><\/span><span style=\"font-size: x-large;\"> (page des parents et de l&rsquo;enfant)<\/span><\/p>\n<p align=\"LEFT\"><span style=\"font-size: x-large;\">une photocopie du <\/span><span style=\"font-size: x-large;\"><b>carnet de sant\u00e9<\/b><\/span><span style=\"font-size: x-large;\"> certifiant de la<\/span> <span style=\"font-size: x-large;\">mise \u00e0 jour des vaccinations<\/span><\/p>\n<p align=\"CENTER\"><span style=\"font-size: large;\"><b>Vous pouvez \u00e9ventuellement prendre rdv avec la directrice (03.24.72.33.48 ) pour de plus amples informations, mais en raison du protocole sanitaire, <\/b><\/span><\/p>\n<p align=\"CENTER\"><span style=\"font-size: large;\"><b>Mme Bonnevie ne pourra pas vous recevoir au sein des locaux ni proc\u00e9der \u00e0 la visite de l&rsquo;\u00e9tablissement. La rencontre aura donc lieu devant l&rsquo;\u00e9cole uniquement .<\/b><\/span><\/p>\n<p>Pour un petit aper\u00e7u des locaux merci de consulter l&rsquo;article \u00ab\u00a0l&rsquo;\u00e9cole en photos\u00a0\u00bb dans la rubrique vie de l&rsquo;\u00e9cole<\/p>\n<p>&nbsp;<\/p>\n","protected":false},"excerpt":{"rendered":"<p>L&rsquo;\u00e9cole accueille les enfants du CP\u00a0 au CM2 Toutes les inscriptions passent d&rsquo;abord par le S.I.V.U puis ensuite par Mme Bonnevie, directrice. Exceptionnellement, cette ann\u00e9e, en raison du contexte sanitaire, les inscriptions \u00e0 l&rsquo;\u00e9cole ( aupr\u00e8s du S.I.V.U ) et les admissions des enfants ( aupr\u00e8s de la directrice) s&rsquo;effectuent\u00a0 \u00e0 distance. Merci de nous [&hellip;]<\/p>\n","protected":false},"author":1,"featured_media":0,"parent":0,"menu_order":0,"comment_status":"closed","ping_status":"closed","template":"","meta":{"ngg_post_thumbnail":0,"footnotes":""},"_links":{"self":[{"href":"https:\/\/sitetab3.ac-reims.fr\/ec-viel\/-wp-\/wp-json\/wp\/v2\/pages\/82"}],"collection":[{"href":"https:\/\/sitetab3.ac-reims.fr\/ec-viel\/-wp-\/wp-json\/wp\/v2\/pages"}],"about":[{"href":"https:\/\/sitetab3.ac-reims.fr\/ec-viel\/-wp-\/wp-json\/wp\/v2\/types\/page"}],"author":[{"embeddable":true,"href":"https:\/\/sitetab3.ac-reims.fr\/ec-viel\/-wp-\/wp-json\/wp\/v2\/users\/1"}],"replies":[{"embeddable":true,"href":"https:\/\/sitetab3.ac-reims.fr\/ec-viel\/-wp-\/wp-json\/wp\/v2\/comments?post=82"}],"version-history":[{"count":6,"href":"https:\/\/sitetab3.ac-reims.fr\/ec-viel\/-wp-\/wp-json\/wp\/v2\/pages\/82\/revisions"}],"predecessor-version":[{"id":2800,"href":"https:\/\/sitetab3.ac-reims.fr\/ec-viel\/-wp-\/wp-json\/wp\/v2\/pages\/82\/revisions\/2800"}],"wp:attachment":[{"href":"https:\/\/sitetab3.ac-reims.fr\/ec-viel\/-wp-\/wp-json\/wp\/v2\/media?parent=82"}],"curies":[{"name":"wp","href":"https:\/\/api.w.org\/{rel}","templated":true}]}}

<p style="text-align: center;">L&rsquo;école accueille les enfants du CP  au CM2</p>
<p>Toutes les inscriptions passent d&rsquo;abord par le S.I.V.U puis ensuite par Mme Bonnevie, directrice.</p>
<style type="text/css">
	<!-- @page { margin: 2cm } P { margin-bottom: 0.21cm } --><br />
	</style>
<p align="CENTER"><span style="font-size: 18pt;"><b>Exceptionnellement, cette année, </b></span></p>
<p align="CENTER"><span style="font-size: 18pt;"><b>en raison du contexte sanitaire, </b></span></p>
<p align="CENTER"><span style="font-size: 18pt;"><b>les inscriptions à l&rsquo;école ( auprès du S.I.V.U ) </b></span></p>
<p align="CENTER"><span style="font-size: 18pt;"><b>et </b></span></p>
<p align="CENTER"><span style="font-size: xx-large;"><b><span style="font-size: 18pt;">les admissions des enfants ( auprès de la directrice) s&rsquo;effectuent  à distance.</span> </b></span></p>
<p align="CENTER"><span style="font-size: x-large;">Merci de nous faire parvenir les pièces ci dessous, </span></p>
<p align="CENTER"><span style="font-size: x-large;"><b>par voie postale ou par mail</b></span></p>
<p align="CENTER"><span style="font-size: 300%;"><b>avant le 19 juin</b></span></p>
<p align="LEFT"><span style="font-size: x-large;">une photocopie du </span><span style="font-size: x-large;"><b>livret de famille</b></span><span style="font-size: x-large;"> (page des parents et de l&rsquo;enfant)</span></p>
<p align="LEFT"><span style="font-size: x-large;">une photocopie du </span><span style="font-size: x-large;"><b>carnet de santé</b></span><span style="font-size: x-large;"> certifiant de la</span> <span style="font-size: x-large;">mise à jour des vaccinations</span></p>
<p align="CENTER"><span style="font-size: large;"><b>Vous pouvez éventuellement prendre rdv avec la directrice (03.24.72.33.48 ) pour de plus amples informations, mais en raison du protocole sanitaire, </b></span></p>
<p align="CENTER"><span style="font-size: large;"><b>Mme Bonnevie ne pourra pas vous recevoir au sein des locaux ni procéder à la visite de l&rsquo;établissement. La rencontre aura donc lieu devant l&rsquo;école uniquement .</b></span></p>
<p>Pour un petit aperçu des locaux merci de consulter l&rsquo;article « l&rsquo;école en photos » dans la rubrique vie de l&rsquo;école</p>
<p>&nbsp;</p>

<p>L&rsquo;école accueille les enfants du CP  au CM2 Toutes les inscriptions passent d&rsquo;abord par le S.I.V.U puis ensuite par Mme Bonnevie, directrice. Exceptionnellement, cette année, en raison du contexte sanitaire, les inscriptions à l&rsquo;école ( auprès du S.I.V.U ) et les admissions des enfants ( auprès de la directrice) s&rsquo;effectuent  à distance. Merci de nous [&hellip;]</p>
