{"id":168,"date":"2022-01-11T09:34:37","date_gmt":"2022-01-11T08:34:37","guid":{"rendered":"http:\/\/sitetab3.ac-reims.fr\/lp-eiffel\/-wp-\/?page_id=168"},"modified":"2022-01-13T10:47:54","modified_gmt":"2022-01-13T09:47:54","slug":"le-sas-bilan-session-daccueil-scolaire","status":"publish","type":"page","link":"https:\/\/sitetab3.ac-reims.fr\/lp-eiffel\/-wp-\/nos-formations\/le-sas-bilan-session-daccueil-scolaire\/","title":{"rendered":"Le SAS Bilan (Session d\u2019Accueil Scolaire)"},"content":{"rendered":"<div style=\"text-align: justify;\">Le SAS Bilan (Session d\u2019Accueil Scolaire) est un dispositif de lutte contre le d\u00e9crochage scolaire mis en place par l\u2019acad\u00e9mie de Reims depuis la rentr\u00e9e 2010. Ce dispositif existant de la rentr\u00e9e scolaire jusqu\u2019aux vacances d\u2019automne accueillent les \u00e9l\u00e8ves sortant du syst\u00e8me \u00e9ducatif sans solution scolaire ni d\u2019insertion professionnelle. Les \u00e9l\u00e8ves b\u00e9n\u00e9ficient durant ce temps de prise en charge (entr\u00e9es et sorties permanentes) :<\/div>\n<div style=\"text-align: justify;\">\n<ul>\n<li><span style=\"line-height: 1.3em;\">D\u2019un positionnement scolaire,<\/span><\/li>\n<li><span style=\"line-height: 1.3em;\">D\u2019un positionnement sur des habilit\u00e9s professionnelles<\/span><\/li>\n<li><span style=\"line-height: 1.3em;\">D\u2019un positionnement sur les comp\u00e9tences sociocognitives<\/span><\/li>\n<\/ul>\n<\/div>\n<div style=\"text-align: justify;\">L\u2019objectif est de permettre \u00e0 chaque \u00e9l\u00e8ve accueilli d\u2019avoir un bilan personnalis\u00e9 lui permettant une int\u00e9gration dans un parcours de formation. Ainsi, les \u00e9l\u00e8ve, \u00e0 l\u2019issue du SAS peuvent :<\/div>\n<div style=\"text-align: justify;\">\n<ul>\n<li><span style=\"line-height: 1.3em;\">Int\u00e8grer une classe \u00ab traditionnelle \u00bb (1\u00e8re ou terminale CAP, 2nde ,1\u00e8re ou Tale Bac pro, 3\u00e8me Prepa pro),<\/span><\/li>\n<li><span style=\"line-height: 1.3em;\">Signer un contrat d\u2019apprentissage,<\/span><\/li>\n<li><span style=\"line-height: 1.3em;\">B\u00e9n\u00e9ficier un p\u00f4le LDS pour poursuivre le travail de construction de projet de formation,<\/span><\/li>\n<li><span style=\"line-height: 1.3em;\">D\u2019\u00eatre mis en relation avec des partenaires plus aptes \u00e0 les guider.<\/span><\/li>\n<\/ul>\n<\/div>\n<p style=\"text-align: center;\"><a href=\"http:\/\/sitetab3.ac-reims.fr\/lp-eiffel\/-wp-\/wp-content\/uploads\/SAS.png\"><img loading=\"lazy\" decoding=\"async\" class=\"size-full wp-image-169 aligncenter\" src=\"http:\/\/sitetab3.ac-reims.fr\/lp-eiffel\/-wp-\/wp-content\/uploads\/SAS.png\" alt=\"\" width=\"316\" height=\"179\" srcset=\"https:\/\/sitetab3.ac-reims.fr\/lp-eiffel\/-wp-\/wp-content\/uploads\/SAS.png 316w, https:\/\/sitetab3.ac-reims.fr\/lp-eiffel\/-wp-\/wp-content\/uploads\/SAS-300x170.png 300w\" sizes=\"(max-width: 316px) 100vw, 316px\" \/><\/a><a href=\"http:\/\/www.youtube.com\/watch?v=-rfIFIfQScs&amp;hd=1\">Le reportage de France 3<\/a><\/p>\n","protected":false},"excerpt":{"rendered":"<p>Le SAS Bilan (Session d\u2019Accueil Scolaire) est un dispositif de lutte contre le d\u00e9crochage scolaire mis en place par l\u2019acad\u00e9mie de Reims depuis la rentr\u00e9e 2010. Ce dispositif existant de la rentr\u00e9e scolaire jusqu\u2019aux vacances d\u2019automne accueillent les \u00e9l\u00e8ves sortant du syst\u00e8me \u00e9ducatif sans solution scolaire ni d\u2019insertion professionnelle. Les \u00e9l\u00e8ves b\u00e9n\u00e9ficient durant ce temps [&hellip;]<\/p>\n","protected":false},"author":1,"featured_media":0,"parent":133,"menu_order":0,"comment_status":"closed","ping_status":"closed","template":"","meta":{"ngg_post_thumbnail":0,"footnotes":""},"_links":{"self":[{"href":"https:\/\/sitetab3.ac-reims.fr\/lp-eiffel\/-wp-\/wp-json\/wp\/v2\/pages\/168"}],"collection":[{"href":"https:\/\/sitetab3.ac-reims.fr\/lp-eiffel\/-wp-\/wp-json\/wp\/v2\/pages"}],"about":[{"href":"https:\/\/sitetab3.ac-reims.fr\/lp-eiffel\/-wp-\/wp-json\/wp\/v2\/types\/page"}],"author":[{"embeddable":true,"href":"https:\/\/sitetab3.ac-reims.fr\/lp-eiffel\/-wp-\/wp-json\/wp\/v2\/users\/1"}],"replies":[{"embeddable":true,"href":"https:\/\/sitetab3.ac-reims.fr\/lp-eiffel\/-wp-\/wp-json\/wp\/v2\/comments?post=168"}],"version-history":[{"count":1,"href":"https:\/\/sitetab3.ac-reims.fr\/lp-eiffel\/-wp-\/wp-json\/wp\/v2\/pages\/168\/revisions"}],"predecessor-version":[{"id":170,"href":"https:\/\/sitetab3.ac-reims.fr\/lp-eiffel\/-wp-\/wp-json\/wp\/v2\/pages\/168\/revisions\/170"}],"up":[{"embeddable":true,"href":"https:\/\/sitetab3.ac-reims.fr\/lp-eiffel\/-wp-\/wp-json\/wp\/v2\/pages\/133"}],"wp:attachment":[{"href":"https:\/\/sitetab3.ac-reims.fr\/lp-eiffel\/-wp-\/wp-json\/wp\/v2\/media?parent=168"}],"curies":[{"name":"wp","href":"https:\/\/api.w.org\/{rel}","templated":true}]}}