{"id":187,"date":"2022-01-11T10:18:55","date_gmt":"2022-01-11T09:18:55","guid":{"rendered":"http:\/\/sitetab3.ac-reims.fr\/lp-eiffel\/-wp-\/?page_id=187"},"modified":"2022-03-25T09:34:18","modified_gmt":"2022-03-25T08:34:18","slug":"suede","status":"publish","type":"page","link":"https:\/\/sitetab3.ac-reims.fr\/lp-eiffel\/-wp-\/relation-internatinales\/suede\/","title":{"rendered":"Su\u00e8de"},"content":{"rendered":"<h3>Visite de nos partenaires su\u00e9dois<\/h3>\n<p>Deuxi\u00e8me visite de nos partenaires su\u00e9dois qui ont eu la possibilit\u00e9 de d\u00e9guster diff\u00e9rentes galettes des rois confectionn\u00e9es par la section boulangerie-p\u00e2tisserie du Lyc\u00e9e.<\/p>\n<p>Cette rencontre a permis de finaliser le projet Comenius en vue d\u2019un \u00e9change bilat\u00e9ral avec la section boulangerie su\u00e9doise que les \u00e9l\u00e8ves ont pu d\u00e9couvrir gr\u00e2ce \u00e0 la pr\u00e9sence de EVA LASFOLK , professeur de l\u2019\u00e9tablissement su\u00e9dois partenaire. Dans le cadre de ce projet les \u00e9l\u00e8ves ont pu s\u2019exprimer en anglais et auront \u00e9galement la possibilit\u00e9 d\u2019\u00eatre sensibilis\u00e9 au vocabulaire su\u00e9dois.<\/p>\n<p><a href=\"http:\/\/sitetab3.ac-reims.fr\/lp-eiffel\/-wp-\/wp-content\/uploads\/visite_suedoise_2.jpg\"><img loading=\"lazy\" decoding=\"async\" class=\"alignnone size-full wp-image-189\" src=\"http:\/\/sitetab3.ac-reims.fr\/lp-eiffel\/-wp-\/wp-content\/uploads\/visite_suedoise_2.jpg\" alt=\"\" width=\"800\" height=\"598\" srcset=\"https:\/\/sitetab3.ac-reims.fr\/lp-eiffel\/-wp-\/wp-content\/uploads\/visite_suedoise_2.jpg 800w, https:\/\/sitetab3.ac-reims.fr\/lp-eiffel\/-wp-\/wp-content\/uploads\/visite_suedoise_2-300x224.jpg 300w, https:\/\/sitetab3.ac-reims.fr\/lp-eiffel\/-wp-\/wp-content\/uploads\/visite_suedoise_2-768x574.jpg 768w\" sizes=\"(max-width: 800px) 100vw, 800px\" \/><\/a><\/p>\n<h3>Projet e-twinning<\/h3>\n<p>R\u00e9alis\u00e9 par Mme NEWBY<\/p>\n<p style=\"text-align: justify;\">Il s\u2019agit d\u2019un <strong>projet e-twinning<\/strong> permettant \u00e0 nos \u00e9l\u00e8ves de communiquer avec <strong>d\u2019autres \u00e9l\u00e8ves des pays europ\u00e9ens<\/strong> en l\u2019occurrence <strong><em>la Su\u00e8de<\/em><\/strong>. L\u2019objectif de ce projet r\u00e9side dans la prise de conscience de nos \u00e9l\u00e8ves de leur possibilit\u00e9 de <strong>mobilit\u00e9 au niveau europ\u00e9en<\/strong> de la construction de <strong>leur projet<\/strong> d\u2019orientation scolaire et <strong>professionnel.<\/strong><\/p>\n<p class=\"MsoNormal\"><a href=\"http:\/\/sitetab3.ac-reims.fr\/lp-eiffel\/-wp-\/wp-content\/uploads\/e_twinning-scaled.jpg\"><img loading=\"lazy\" decoding=\"async\" class=\"alignnone size-full wp-image-188\" src=\"http:\/\/sitetab3.ac-reims.fr\/lp-eiffel\/-wp-\/wp-content\/uploads\/e_twinning-scaled.jpg\" alt=\"\" width=\"2560\" height=\"1912\" srcset=\"https:\/\/sitetab3.ac-reims.fr\/lp-eiffel\/-wp-\/wp-content\/uploads\/e_twinning-scaled.jpg 2560w, https:\/\/sitetab3.ac-reims.fr\/lp-eiffel\/-wp-\/wp-content\/uploads\/e_twinning-300x224.jpg 300w, https:\/\/sitetab3.ac-reims.fr\/lp-eiffel\/-wp-\/wp-content\/uploads\/e_twinning-1024x765.jpg 1024w, https:\/\/sitetab3.ac-reims.fr\/lp-eiffel\/-wp-\/wp-content\/uploads\/e_twinning-768x574.jpg 768w, https:\/\/sitetab3.ac-reims.fr\/lp-eiffel\/-wp-\/wp-content\/uploads\/e_twinning-1536x1147.jpg 1536w, https:\/\/sitetab3.ac-reims.fr\/lp-eiffel\/-wp-\/wp-content\/uploads\/e_twinning-2048x1530.jpg 2048w\" sizes=\"(max-width: 2560px) 100vw, 2560px\" \/><\/a><\/p>\n<p>&nbsp;<\/p>\n<p>Sur la photo, nous pouvons voir de gauche \u00e0 droite le chef d\u2019\u00e9tablissement du lyc\u00e9e su\u00e9dois avec lequel nous sommes partenaires , une repr\u00e9sentante de la collectivit\u00e9, un professeur de cuisine du lyc\u00e9e su\u00e9dois et Mme NEWBY.<\/p>\n","protected":false},"excerpt":{"rendered":"<p>Visite de nos partenaires su\u00e9dois Deuxi\u00e8me visite de nos partenaires su\u00e9dois qui ont eu la possibilit\u00e9 de d\u00e9guster diff\u00e9rentes galettes des rois confectionn\u00e9es par la section boulangerie-p\u00e2tisserie du Lyc\u00e9e. Cette rencontre a permis de finaliser le projet Comenius en vue d\u2019un \u00e9change bilat\u00e9ral avec la section boulangerie su\u00e9doise que les \u00e9l\u00e8ves ont pu d\u00e9couvrir gr\u00e2ce [&hellip;]<\/p>\n","protected":false},"author":1,"featured_media":0,"parent":184,"menu_order":0,"comment_status":"closed","ping_status":"closed","template":"","meta":{"ngg_post_thumbnail":0,"footnotes":""},"_links":{"self":[{"href":"https:\/\/sitetab3.ac-reims.fr\/lp-eiffel\/-wp-\/wp-json\/wp\/v2\/pages\/187"}],"collection":[{"href":"https:\/\/sitetab3.ac-reims.fr\/lp-eiffel\/-wp-\/wp-json\/wp\/v2\/pages"}],"about":[{"href":"https:\/\/sitetab3.ac-reims.fr\/lp-eiffel\/-wp-\/wp-json\/wp\/v2\/types\/page"}],"author":[{"embeddable":true,"href":"https:\/\/sitetab3.ac-reims.fr\/lp-eiffel\/-wp-\/wp-json\/wp\/v2\/users\/1"}],"replies":[{"embeddable":true,"href":"https:\/\/sitetab3.ac-reims.fr\/lp-eiffel\/-wp-\/wp-json\/wp\/v2\/comments?post=187"}],"version-history":[{"count":2,"href":"https:\/\/sitetab3.ac-reims.fr\/lp-eiffel\/-wp-\/wp-json\/wp\/v2\/pages\/187\/revisions"}],"predecessor-version":[{"id":753,"href":"https:\/\/sitetab3.ac-reims.fr\/lp-eiffel\/-wp-\/wp-json\/wp\/v2\/pages\/187\/revisions\/753"}],"up":[{"embeddable":true,"href":"https:\/\/sitetab3.ac-reims.fr\/lp-eiffel\/-wp-\/wp-json\/wp\/v2\/pages\/184"}],"wp:attachment":[{"href":"https:\/\/sitetab3.ac-reims.fr\/lp-eiffel\/-wp-\/wp-json\/wp\/v2\/media?parent=187"}],"curies":[{"name":"wp","href":"https:\/\/api.w.org\/{rel}","templated":true}]}}