{"id":344,"date":"2022-01-13T08:55:01","date_gmt":"2022-01-13T07:55:01","guid":{"rendered":"http:\/\/sitetab3.ac-reims.fr\/lp-eiffel\/-wp-\/?page_id=344"},"modified":"2022-11-14T12:02:46","modified_gmt":"2022-11-14T11:02:46","slug":"infos-pratiques","status":"publish","type":"page","link":"https:\/\/sitetab3.ac-reims.fr\/lp-eiffel\/-wp-\/infos-pratiques\/","title":{"rendered":"Infos pratiques"},"content":{"rendered":"<p style=\"text-indent: 60px;\">Le lyc\u00e9e Gustave Eiffel de Reims est ouvert du lundi au vendredi de 8h00 \u00e0 18h00.<\/p>\n<p style=\"text-indent: 60px;\">Il y a toujours une personne \u00e0 l&rsquo;accueil pour vous renseigner. L&rsquo;accueil est situ\u00e9 sur votre gauche tout de suite en entrant dans l&rsquo;\u00e9tablissement.<\/p>\n<div style=\"margin-left: 70px;\"><a href=\"http:\/\/sitetab3.ac-reims.fr\/lp-eiffel\/-wp-\/wp-content\/uploads\/loge.jpg\"><img loading=\"lazy\" decoding=\"async\" class=\"alignnone size-full wp-image-178\" src=\"http:\/\/sitetab3.ac-reims.fr\/lp-eiffel\/-wp-\/wp-content\/uploads\/loge.jpg\" alt=\"\" width=\"500\" height=\"375\" srcset=\"https:\/\/sitetab3.ac-reims.fr\/lp-eiffel\/-wp-\/wp-content\/uploads\/loge.jpg 500w, https:\/\/sitetab3.ac-reims.fr\/lp-eiffel\/-wp-\/wp-content\/uploads\/loge-300x225.jpg 300w\" sizes=\"(max-width: 500px) 100vw, 500px\" \/><\/a><\/div>\n<div>T\u00e9l\u00e9charger le plan d&rsquo;acc\u00e8s du lyc\u00e9e :<\/div>\n<div><a class=\"btn_grif\" href=\"http:\/\/sitetab3.ac-reims.fr\/lp-eiffel\/-wp-\/wp-content\/uploads\/plan-d-acces-eiffel.pdf\">Plan d&rsquo;acc\u00e8s<\/a><\/div>\n<div>&nbsp;<\/div>\n<div>\n<h2 class=\"postitle\">Contacts :<\/h2>\n<p>Mail : <a href=\"mailto:ce.0510036m@ac-reims.fr\">ce.0510036m@ac-reims.fr<\/a><\/p>\n<table style=\"width: 100%; height: 74px;\" width=\"100%\" cellspacing=\"0\" cellpadding=\"0\" border=\"0\">\n<tbody>\n<tr style=\"height: 24px;\">\n<td style=\"width: 99.7211%; height: 24px;\">T\u00e9l\u00e9phone : 03 26 50 65 00<\/td>\n<\/tr>\n<tr style=\"height: 24px;\">\n<td style=\"width: 99.7211%; height: 24px;\">Fax : 03 26 50 65 29<\/td>\n<\/tr>\n<tr style=\"height: 24px;\">\n<td style=\"width: 99.7211%; height: 26px;\">&nbsp;<\/td>\n<\/tr>\n<\/tbody>\n<\/table>\n<table style=\"width: 99.9679%; height: 74px;\" width=\"100%\" cellspacing=\"0\" cellpadding=\"0\" border=\"0\">\n<tbody>\n<tr style=\"height: 10px;\">\n<td style=\"width: 100%; height: 24px;\" valign=\"top\">Adresse de l\u2019\u00e9tablissement : 34 de la rue de Neufch\u00e2tel<\/td>\n<\/tr>\n<tr style=\"height: 24px;\">\n<td style=\"width: 100%; height: 22px;\" valign=\"top\">Ville : 51100 Reims<\/td>\n<\/tr>\n<tr style=\"height: 28px;\">\n<td style=\"width: 100%; height: 28px;\" valign=\"top\">\n<table style=\"width: 100.35%; height: 24px;\" width=\"100%\" cellspacing=\"0\" cellpadding=\"0\" border=\"0\">\n<tbody>\n<tr style=\"height: 24px;\">\n<td style=\"width: 100%; height: 24px;\" valign=\"top\">France<\/td>\n<\/tr>\n<\/tbody>\n<\/table>\n<\/td>\n<\/tr>\n<\/tbody>\n<\/table>\n<p><a href=\"https:\/\/www.google.fr\/maps?f=q&amp;hl=fr&amp;q=34+rue+de+neufchatel+reims&amp;ll=49.274679,4.02679&amp;spn=0.006762,0.021286&amp;om=1\">Ou nous trouver ?<\/a><\/p>\n<h2 class=\"postitle\">Information bourses<\/h2>\n<p>&nbsp;<\/p>\n<div class=\"content\">\n<p>Les dossiers des bourses nationales pour 2016 sont disponibles \u00e0 l\u2019intendance.<\/p>\n<p>La date butoir de retour au lyc\u00e9e est prolong\u00e9e jusqu\u2019au 24 juin 2016.<\/p>\n<p>Vous trouverez les nouveaut\u00e9s applicables \u00e0 la rentr\u00e9e 2016 ainsi qu\u2019un simulateur de bourse en cliquant sur les liens suivants :<\/p>\n<p><a title=\"Simulateur de bourse\" href=\"http:\/\/www.education.gouv.fr\/cid151\/les-aides-financieres-au-lycee.html?feuilleCSS=chrome\">Simulateur de bourse<\/a><\/p>\n<p>&nbsp;<\/p>\n<\/div>\n<\/div>\n","protected":false},"excerpt":{"rendered":"<p>Le lyc\u00e9e Gustave Eiffel de Reims est ouvert du lundi au vendredi de 8h00 \u00e0 18h00. Il y a toujours une personne \u00e0 l&rsquo;accueil pour vous renseigner. L&rsquo;accueil est situ\u00e9 sur votre gauche tout de suite en entrant dans l&rsquo;\u00e9tablissement. T\u00e9l\u00e9charger le plan d&rsquo;acc\u00e8s du lyc\u00e9e : Plan d&rsquo;acc\u00e8s &nbsp; Contacts : Mail : ce.0510036m@ac-reims.fr [&hellip;]<\/p>\n","protected":false},"author":1,"featured_media":0,"parent":0,"menu_order":0,"comment_status":"closed","ping_status":"closed","template":"","meta":{"ngg_post_thumbnail":0,"footnotes":""},"_links":{"self":[{"href":"https:\/\/sitetab3.ac-reims.fr\/lp-eiffel\/-wp-\/wp-json\/wp\/v2\/pages\/344"}],"collection":[{"href":"https:\/\/sitetab3.ac-reims.fr\/lp-eiffel\/-wp-\/wp-json\/wp\/v2\/pages"}],"about":[{"href":"https:\/\/sitetab3.ac-reims.fr\/lp-eiffel\/-wp-\/wp-json\/wp\/v2\/types\/page"}],"author":[{"embeddable":true,"href":"https:\/\/sitetab3.ac-reims.fr\/lp-eiffel\/-wp-\/wp-json\/wp\/v2\/users\/1"}],"replies":[{"embeddable":true,"href":"https:\/\/sitetab3.ac-reims.fr\/lp-eiffel\/-wp-\/wp-json\/wp\/v2\/comments?post=344"}],"version-history":[{"count":3,"href":"https:\/\/sitetab3.ac-reims.fr\/lp-eiffel\/-wp-\/wp-json\/wp\/v2\/pages\/344\/revisions"}],"predecessor-version":[{"id":949,"href":"https:\/\/sitetab3.ac-reims.fr\/lp-eiffel\/-wp-\/wp-json\/wp\/v2\/pages\/344\/revisions\/949"}],"wp:attachment":[{"href":"https:\/\/sitetab3.ac-reims.fr\/lp-eiffel\/-wp-\/wp-json\/wp\/v2\/media?parent=344"}],"curies":[{"name":"wp","href":"https:\/\/api.w.org\/{rel}","templated":true}]}}