{"id":490,"date":"2022-01-26T08:37:37","date_gmt":"2022-01-26T07:37:37","guid":{"rendered":"http:\/\/sitetab3.ac-reims.fr\/lp-eiffel\/-wp-\/?page_id=490"},"modified":"2026-03-24T09:52:53","modified_gmt":"2026-03-24T08:52:53","slug":"pc-de-la-region-grand-est-que-faire-en-cas-dincident","status":"publish","type":"page","link":"https:\/\/sitetab3.ac-reims.fr\/lp-eiffel\/-wp-\/autre\/pc-de-la-region-grand-est-que-faire-en-cas-dincident\/","title":{"rendered":"PC de la R\u00e9gion Grand-Est : que faire en cas d&rsquo;incident ?"},"content":{"rendered":"\n<figure class=\"wp-block-image\"><a href=\"http:\/\/sitetab3.ac-reims.fr\/lp-eiffel\/-wp-\/wp-content\/uploads\/ban_sinistre-pcrge.jpg\"><img loading=\"lazy\" decoding=\"async\" width=\"938\" height=\"213\" src=\"http:\/\/sitetab3.ac-reims.fr\/lp-eiffel\/-wp-\/wp-content\/uploads\/ban_sinistre-pcrge.jpg\" alt=\"\" class=\"wp-image-492\" srcset=\"https:\/\/sitetab3.ac-reims.fr\/lp-eiffel\/-wp-\/wp-content\/uploads\/ban_sinistre-pcrge.jpg 938w, https:\/\/sitetab3.ac-reims.fr\/lp-eiffel\/-wp-\/wp-content\/uploads\/ban_sinistre-pcrge-300x68.jpg 300w, https:\/\/sitetab3.ac-reims.fr\/lp-eiffel\/-wp-\/wp-content\/uploads\/ban_sinistre-pcrge-768x174.jpg 768w\" sizes=\"(max-width: 938px) 100vw, 938px\" \/><\/a><\/figure>\n\n\n\n<p>Depuis 2019, la R\u00e9gion Grand-Est fournit un PC au lyc\u00e9ens de la R\u00e9gion.<br>(Les PC <span style=\"text-decoration: underline;\">achet\u00e9s<\/span> entre 2018 et ao\u00fbt 2019 avec un logo Grand-Est sur la coque ne sont pas concern\u00e9s par ces informations.)<\/p>\n\n\n\n<figure class=\"wp-block-pullquote is-style-default\"><blockquote><p>En attendant que l\u2019appareil soit r\u00e9par\u00e9 (ou qu\u2019un nouveau ne soit achet\u00e9), vous pouvez solliciter l\u2019\u00e9tablissement pour obtenir le pr\u00eat d\u2019un PC. Vous le restituerez \u00e0 l\u2019\u00e9tablissement sit\u00f4t la r\u00e9paration effectu\u00e9e ou un nouvel appareil acquis.<\/p><\/blockquote><\/figure>\n\n\n\n<figure class=\"wp-block-image aligncenter size-full is-resized\"><img loading=\"lazy\" decoding=\"async\" width=\"600\" height=\"600\" src=\"https:\/\/sitetab3.ac-reims.fr\/lp-eiffel\/-wp-\/wp-content\/uploads\/picto-pc-panne.png\" alt=\"\" class=\"wp-image-1041\" style=\"width:237px;height:237px\" srcset=\"https:\/\/sitetab3.ac-reims.fr\/lp-eiffel\/-wp-\/wp-content\/uploads\/picto-pc-panne.png 600w, https:\/\/sitetab3.ac-reims.fr\/lp-eiffel\/-wp-\/wp-content\/uploads\/picto-pc-panne-300x300.png 300w, https:\/\/sitetab3.ac-reims.fr\/lp-eiffel\/-wp-\/wp-content\/uploads\/picto-pc-panne-150x150.png 150w\" sizes=\"(max-width: 600px) 100vw, 600px\" \/><\/figure>\n\n\n\n<h2 class=\"wp-block-heading\">J&rsquo;ai un bug syst\u00e8me ou logiciel, ou mon PC ne d\u00e9marre plus, ou un \u00e9l\u00e9ment est d\u00e9faillant<\/h2>\n\n\n\n<p>Si votre syst\u00e8me Windows est bloqu\u00e9, instable, ou pose anormalement probl\u00e8me avec des logiciels, la R\u00e9gion Grand-Est a fourni avec ses PC une assistance pour tout souci logiciel.<br>Vous pouvez joindre cette assistance technique au num\u00e9ro suivant :<\/p>\n\n\n<p><!-- \/wp:image --><\/p>\n<p><!-- wp:table --><\/p>\n<figure class=\"wp-block-table\">\n<table>\n<tbody>\n<tr>\n<td><img loading=\"lazy\" decoding=\"async\" width=\"257\" height=\"215\" class=\"wp-image-1244\" src=\"https:\/\/sitetab3.ac-reims.fr\/lp-eiffel\/-wp-\/wp-content\/uploads\/pc4.0-v2.png\" alt=\"\" \/><br \/><strong>Mod\u00e8le LENOVO V14 G4 AMN<\/strong><\/td>\n<td><span style=\"color: white;\">| |<\/span><\/td>\n<td><a href=\"http:\/\/sitetab3.ac-reims.fr\/lp-eiffel\/-wp-\/wp-content\/uploads\/hp-245-g8.png\"><img loading=\"lazy\" decoding=\"async\" src=\"http:\/\/sitetab3.ac-reims.fr\/lp-eiffel\/-wp-\/wp-content\/uploads\/hp-245-g8.png\" alt=\"\" width=\"392\" height=\"251\" \/><\/a><br \/><strong>Mod\u00e8le HP 245 G8\/G9<\/strong><\/td>\n<\/tr>\n<tr>\n<td>Mon PC date de septembre <strong>2024<\/strong> ou plus r\u00e9cent, j&rsquo;appelle cette ligne :<br \/>03 69 61 32 00<\/td>\n<td><span style=\"color: white;\">| |<\/span><\/td>\n<td>Mon PC date de septembre <strong>2021<\/strong> \u00e0 ao\u00fbt 2024, j&rsquo;appelle cette ligne :<br \/>03 67 70 74 56<\/td>\n<\/tr>\n<tr>\n<td><a href=\"http:\/\/sitetab3.ac-reims.fr\/lp-eiffel\/-wp-\/wp-content\/uploads\/hp-240-g7.png\"><img loading=\"lazy\" decoding=\"async\" src=\"http:\/\/sitetab3.ac-reims.fr\/lp-eiffel\/-wp-\/wp-content\/uploads\/hp-240-g7.png\" alt=\"\" width=\"392\" height=\"251\" \/><\/a><br \/><strong>Mod\u00e8le HP 240 G7<\/strong><\/td>\n<td>\u00a0<\/td>\n<td>\u00a0<\/td>\n<\/tr>\n<tr>\n<td>Mon PC date de septembre <strong>2019<\/strong> \u00e0 ao\u00fbt 2021, j&rsquo;appelle cette ligne :<br \/>09 74 500 310<\/td>\n<td>\u00a0<\/td>\n<td>\u00a0<\/td>\n<\/tr>\n<\/tbody>\n<\/table>\n<\/figure>\n<p><!-- \/wp:table --><\/p>\n<p><!-- wp:separator --><\/p>\n<hr class=\"wp-block-separator\" \/><!-- \/wp:separator -->\n<p><!-- wp:paragraph --><\/p>\n<p><!-- \/wp:paragraph --><\/p>\n<p><!-- wp:image {\"align\":\"center\",\"id\":1042,\"width\":244,\"height\":244,\"sizeSlug\":\"full\",\"linkDestination\":\"none\"} --><\/p>\n<div class=\"wp-block-image\">\n<figure class=\"aligncenter size-full is-resized\"><img loading=\"lazy\" decoding=\"async\" class=\"wp-image-1042\" src=\"https:\/\/sitetab3.ac-reims.fr\/lp-eiffel\/-wp-\/wp-content\/uploads\/picto-panne-wifi.png\" alt=\"\" width=\"244\" height=\"244\" srcset=\"https:\/\/sitetab3.ac-reims.fr\/lp-eiffel\/-wp-\/wp-content\/uploads\/picto-panne-wifi.png 600w, https:\/\/sitetab3.ac-reims.fr\/lp-eiffel\/-wp-\/wp-content\/uploads\/picto-panne-wifi-300x300.png 300w, https:\/\/sitetab3.ac-reims.fr\/lp-eiffel\/-wp-\/wp-content\/uploads\/picto-panne-wifi-150x150.png 150w\" sizes=\"(max-width: 244px) 100vw, 244px\" \/><\/figure>\n<\/div>\n<p><!-- \/wp:image --><\/p>\n<p><!-- wp:heading --><\/p>\n<h2>Je n&rsquo;arrive pas \u00e0 me connecter au Wifi du lyc\u00e9e<\/h2>\n<p><!-- \/wp:heading --><\/p>\n<p><!-- wp:paragraph --><\/p>\n<p>Faites-en la demande lors d&rsquo;heures consacr\u00e9es \u00e0 l&rsquo;accompagnement personnalis\u00e9 (AP) en num\u00e9rique.<br \/>L&rsquo;informaticien du lyc\u00e9e (l&rsquo;AED TICE) M. Nizet est \u00e0 votre disposition pour chercher \u00e0 r\u00e9soudre les difficult\u00e9s.<\/p>\n<p><!-- \/wp:paragraph --><\/p>\n<p><!-- wp:separator --><\/p>\n<hr class=\"wp-block-separator\" \/><!-- \/wp:separator -->\n<p><!-- wp:paragraph --><\/p>\n<p><!-- \/wp:paragraph --><\/p>\n<p><!-- wp:image {\"align\":\"center\",\"id\":1043,\"width\":233,\"height\":233,\"sizeSlug\":\"full\",\"linkDestination\":\"none\"} --><\/p>\n<div class=\"wp-block-image\">\n<figure class=\"aligncenter size-full is-resized\"><img loading=\"lazy\" decoding=\"async\" class=\"wp-image-1043\" src=\"https:\/\/sitetab3.ac-reims.fr\/lp-eiffel\/-wp-\/wp-content\/uploads\/picto-sans-chargeur.png\" alt=\"\" width=\"233\" height=\"233\" srcset=\"https:\/\/sitetab3.ac-reims.fr\/lp-eiffel\/-wp-\/wp-content\/uploads\/picto-sans-chargeur.png 600w, https:\/\/sitetab3.ac-reims.fr\/lp-eiffel\/-wp-\/wp-content\/uploads\/picto-sans-chargeur-300x300.png 300w, https:\/\/sitetab3.ac-reims.fr\/lp-eiffel\/-wp-\/wp-content\/uploads\/picto-sans-chargeur-150x150.png 150w\" sizes=\"(max-width: 233px) 100vw, 233px\" \/><\/figure>\n<\/div>\n<p><!-- \/wp:image --><\/p>\n<p><!-- wp:heading --><\/p>\n<h2>J&rsquo;ai perdu mon chargeur<\/h2>\n<p><!-- \/wp:heading --><\/p>\n<p><!-- wp:paragraph --><\/p>\n<p>Si vous ne retrouvez pas votre chargeur, voici les r\u00e9f\u00e9rences utiles pour vous en procurer un nouveau :<\/p>\n<p><!-- \/wp:paragraph --><\/p>\n<p><!-- wp:heading {\"level\":3} --><\/p>\n<h3>Mod\u00e8les LENOVO<strong> (obtenus en sept. 2024 ou apr\u00e8s) :<\/strong><\/h3>\n<p><!-- \/wp:heading --><\/p>\n<p><!-- wp:paragraph --><\/p>\n<p>Termes de recherche indicatifs :<br \/>\u00ab <em>chargeur usb-c 65w 20V<\/em> \u00bb ou \u00ab <em>chargeur usb lenovo V14 G4 AMN<\/em> \u00bb<br \/>Sortie (output) : 20V 3,25A<br \/>Puissance : <strong>65W<\/strong> (minimum)<br \/>Connecteur : USB-C arrondi<br \/>Prix indicatif : 15 \u00e0 30\u20ac<\/p>\n<p><!-- \/wp:paragraph --><\/p>\n<p><!-- wp:image {\"align\":\"center\",\"id\":1241,\"sizeSlug\":\"full\",\"linkDestination\":\"none\"} --><\/p>\n<div class=\"wp-block-image\">\n<figure class=\"aligncenter size-full\"><img loading=\"lazy\" decoding=\"async\" width=\"561\" height=\"197\" class=\"wp-image-1241\" src=\"https:\/\/sitetab3.ac-reims.fr\/lp-eiffel\/-wp-\/wp-content\/uploads\/usb-c-rond.png\" alt=\"\" srcset=\"https:\/\/sitetab3.ac-reims.fr\/lp-eiffel\/-wp-\/wp-content\/uploads\/usb-c-rond.png 561w, https:\/\/sitetab3.ac-reims.fr\/lp-eiffel\/-wp-\/wp-content\/uploads\/usb-c-rond-300x105.png 300w\" sizes=\"(max-width: 561px) 100vw, 561px\" \/><\/figure>\n<\/div>\n<p><!-- \/wp:image --><\/p>\n<p><!-- wp:heading {\"level\":3} --><\/p>\n<h3>Mod\u00e8les HP<strong> (obtenus avant ao\u00fbt 2024) :<\/strong><\/h3>\n<p><!-- \/wp:heading --><\/p>\n<p><!-- wp:paragraph --><\/p>\n<p>Termes de recherche indicatifs :<br \/>\u00ab <em>chargeur 19,5V 4.5 3mm<\/em> \u00bb ou \u00ab <em>chargeur HP 240 G7, 245 G8, G9<\/em> \u00bb<br \/>Sortie (output) : 19,5V 2,31A<br \/>Puissance : 45W (minimum)<br \/>Connecteur : <abbr title=\"Diam\u00e8tre ext\u00e9rieur\">\u00d8 4,5mm<\/abbr> <abbr title=\"Diam\u00e8tre int\u00e9rieur\">\u00f8 3mm<\/abbr><br \/>Prix indicatif : 15 \u00e0 30\u20ac<\/p>\n<p><!-- \/wp:paragraph --><\/p>\n<p><!-- wp:image {\"id\":495,\"linkDestination\":\"custom\"} --><\/p>\n<figure class=\"wp-block-image\"><a href=\"http:\/\/sitetab3.ac-reims.fr\/lp-eiffel\/-wp-\/wp-content\/uploads\/chargeur-hp.jpg\"><img loading=\"lazy\" decoding=\"async\" width=\"1022\" height=\"304\" class=\"wp-image-495\" src=\"http:\/\/sitetab3.ac-reims.fr\/lp-eiffel\/-wp-\/wp-content\/uploads\/chargeur-hp.jpg\" alt=\"\" srcset=\"https:\/\/sitetab3.ac-reims.fr\/lp-eiffel\/-wp-\/wp-content\/uploads\/chargeur-hp.jpg 1022w, https:\/\/sitetab3.ac-reims.fr\/lp-eiffel\/-wp-\/wp-content\/uploads\/chargeur-hp-300x89.jpg 300w, https:\/\/sitetab3.ac-reims.fr\/lp-eiffel\/-wp-\/wp-content\/uploads\/chargeur-hp-768x228.jpg 768w\" sizes=\"(max-width: 1022px) 100vw, 1022px\" \/><\/a><\/figure>\n<p><!-- \/wp:image --><\/p>\n<p><!-- wp:separator --><\/p>\n<hr class=\"wp-block-separator\" \/><!-- \/wp:separator -->\n<p><!-- wp:paragraph --><\/p>\n<p><!-- \/wp:paragraph --><\/p>\n<p><!-- wp:image {\"align\":\"center\",\"id\":1044,\"width\":243,\"height\":243,\"sizeSlug\":\"full\",\"linkDestination\":\"none\"} --><\/p>\n<div class=\"wp-block-image\">\n<figure class=\"aligncenter size-full is-resized\"><img loading=\"lazy\" decoding=\"async\" class=\"wp-image-1044\" src=\"https:\/\/sitetab3.ac-reims.fr\/lp-eiffel\/-wp-\/wp-content\/uploads\/picto-accident.png\" alt=\"\" width=\"243\" height=\"243\" srcset=\"https:\/\/sitetab3.ac-reims.fr\/lp-eiffel\/-wp-\/wp-content\/uploads\/picto-accident.png 600w, https:\/\/sitetab3.ac-reims.fr\/lp-eiffel\/-wp-\/wp-content\/uploads\/picto-accident-300x300.png 300w, https:\/\/sitetab3.ac-reims.fr\/lp-eiffel\/-wp-\/wp-content\/uploads\/picto-accident-150x150.png 150w\" sizes=\"(max-width: 243px) 100vw, 243px\" \/><\/figure>\n<\/div>\n<p><!-- \/wp:image --><\/p>\n<p><!-- wp:heading --><\/p>\n<h2>Mon PC est cass\u00e9 ou a pris l&rsquo;eau (sinistre \/ d\u00e9g\u00e2t mat\u00e9riel)<\/h2>\n<p><!-- \/wp:heading --><\/p>\n<p><!-- wp:paragraph --><\/p>\n<p>Toute casse anormale qui survient <strong>sans<\/strong> cause ext\u00e9rieure est normalement pris en charge par la garantie constructeur (exemple : chargeur HS, batterie qui gonfle ou \u00e9cran qui se fissure sans raison). Garantie qui s&rsquo;\u00e9tale sur 2 ans, voire 3. Dans un tel cas, contactez l&rsquo;assistance technique aux coordonn\u00e9es cit\u00e9es plus haut pour savoir si cette garantie a toujours cours.<\/p>\n<p>Pour <strong>toute casse <\/strong>sur un<strong> PC Lenovo obtenu apr\u00e8s juin 2025<\/strong>, vous pouvez demander \u00e0 l&rsquo;assistance un recours de droit \u00e0 l&rsquo;erreur. Une fois le formulaire communiqu\u00e9 par mail rempli et renvoy\u00e9, les r\u00e9parations pourront \u00eatre prises en charge.<\/p>\n<p>En dehors de ces cas, il convient de contacter l&rsquo;<strong>assurance<\/strong> personnelle de l&rsquo;auteur de l&rsquo;incident ou du propri\u00e9taire dans les plus brefs d\u00e9lais. Vous pouvez r\u00e9cup\u00e9rer l<strong>e r\u00e9c\u00e9piss\u00e9 de mise \u00e0 disposition<\/strong> sur le site de la R\u00e9gion en suivant ce lien : <a href=\"https:\/\/gesmat.monbureaunumerique.fr\/recepisse\" target=\"_blank\" rel=\"noopener noreferrer\">gesmat.monbureaunumerique.fr\/recepisse<\/a><br \/>L&rsquo;identifiant (num\u00e9ro de s\u00e9rie) se trouve au dos du PC ou sur l&#8217;emballage d&rsquo;origine, et commence par <em>PF<\/em>[&#8230;] pour un Lenovo ou <em>5CG<\/em>[&#8230;] pour un HP. S&rsquo;il est devenu illisible, s&rsquo;adresser \u00e0 M. Nizet.<\/p>\n<p><!-- \/wp:paragraph --><\/p>\n<p><!-- wp:paragraph --><\/p>\n<p>Si vous n\u2019avez pas d\u2019assurance ou que le sinistre n\u2019est pas couvert par celle-ci, vous devez proc\u00e9der aux r\u00e9parations \u00e0 vos frais.<\/p>\n<p><!-- \/wp:paragraph --><\/p>\n<p><!-- wp:heading {\"level\":3} --><\/p>\n<h3>Si votre appareil a pris l&rsquo;eau :<\/h3>\n<p><!-- \/wp:heading --><\/p>\n<p><!-- wp:paragraph --><\/p>\n<p>Mettez-le imm\u00e9diatement hors tension et faites un appui long sur le bouton d&rsquo;allumage jusqu&rsquo;\u00e0 extinction. Puis \u00e9pongez l&rsquo;appareil.<\/p>\n<p><!-- \/wp:paragraph --><\/p>\n<p><!-- wp:paragraph --><\/p>\n<p>Faites-le s\u00e9cher 48h (attention, ne le chauffez pas au-del\u00e0 de 45\u00b0c). En attendant, contactez votre assurance comme \u00e9nonc\u00e9 plus haut.<\/p>\n<p><!-- \/wp:paragraph --><\/p>\n<p><!-- wp:paragraph --><\/p>\n<p>Si vous le pouvez, mettez plusieurs feuilles de cellulose entre l&rsquo;\u00e9cran et le clavier et gardez-le dans un sac herm\u00e9tique rempli de riz sec (au moins un bol).<\/p>\n<p><!-- \/wp:paragraph --><\/p>\n<p><!-- wp:paragraph --><\/p>\n<p><strong>Attention : avant 5 jours de s\u00e9chage, il n&rsquo;est pas prudent de le charger ou de le rallumer <\/strong>(m\u00eame pour r\u00e9cup\u00e9rer ses donn\u00e9es).<\/p>\n<p><!-- \/wp:paragraph --><\/p>\n<p><!-- wp:image {\"align\":\"center\",\"id\":1049,\"sizeSlug\":\"full\",\"linkDestination\":\"none\"} --><\/p>\n<div class=\"wp-block-image\">\n<figure class=\"aligncenter size-full\"><img loading=\"lazy\" decoding=\"async\" width=\"725\" height=\"218\" class=\"wp-image-1049\" src=\"https:\/\/sitetab3.ac-reims.fr\/lp-eiffel\/-wp-\/wp-content\/uploads\/eau-dans-le-pc.png\" alt=\"\" srcset=\"https:\/\/sitetab3.ac-reims.fr\/lp-eiffel\/-wp-\/wp-content\/uploads\/eau-dans-le-pc.png 725w, https:\/\/sitetab3.ac-reims.fr\/lp-eiffel\/-wp-\/wp-content\/uploads\/eau-dans-le-pc-300x90.png 300w\" sizes=\"(max-width: 725px) 100vw, 725px\" \/><\/figure>\n<\/div>\n<p><!-- \/wp:image --><\/p>\n<p><!-- wp:separator --><\/p>\n<hr class=\"wp-block-separator\" \/><!-- \/wp:separator -->\n<p><!-- wp:paragraph --><\/p>\n<p><!-- \/wp:paragraph --><\/p>\n<p><!-- wp:image {\"align\":\"center\",\"id\":1046,\"width\":266,\"height\":265,\"sizeSlug\":\"full\",\"linkDestination\":\"none\"} --><\/p>\n<div class=\"wp-block-image\">\n<figure class=\"aligncenter size-full is-resized\"><img loading=\"lazy\" decoding=\"async\" class=\"wp-image-1046\" src=\"https:\/\/sitetab3.ac-reims.fr\/lp-eiffel\/-wp-\/wp-content\/uploads\/picto-vol-pc-1.png\" alt=\"\" width=\"266\" height=\"265\" srcset=\"https:\/\/sitetab3.ac-reims.fr\/lp-eiffel\/-wp-\/wp-content\/uploads\/picto-vol-pc-1.png 516w, https:\/\/sitetab3.ac-reims.fr\/lp-eiffel\/-wp-\/wp-content\/uploads\/picto-vol-pc-1-300x300.png 300w, https:\/\/sitetab3.ac-reims.fr\/lp-eiffel\/-wp-\/wp-content\/uploads\/picto-vol-pc-1-150x150.png 150w\" sizes=\"(max-width: 266px) 100vw, 266px\" \/><\/figure>\n<\/div>\n<p><!-- \/wp:image --><\/p>\n<p><!-- wp:heading --><\/p>\n<h2>On m&rsquo;a vol\u00e9 mon PC<\/h2>\n<p><!-- \/wp:heading --><\/p>\n<p><!-- wp:paragraph --><\/p>\n<p>Il vous faut effectuer au plus t\u00f4t un <strong>d\u00e9p\u00f4t de plainte<\/strong> en gendarmerie (1), puis prendre contact avec l&rsquo;\u00e9tablissement scolaire munis de la copie du d\u00e9p\u00f4t de plainte afin de voir \u00e0 la prise en charge de l&rsquo;incident.<\/p>\n<p>(1) Vous pouvez r\u00e9cup\u00e9rer les informations du mat\u00e9riel sur l<strong>e r\u00e9c\u00e9piss\u00e9 de mise \u00e0 disposition<\/strong> t\u00e9l\u00e9chargeable sur le site de la R\u00e9gion en suivant ce lien : <a href=\"https:\/\/gesmat.monbureaunumerique.fr\/recepisse\" target=\"_blank\" rel=\"noopener noreferrer\">gesmat.monbureaunumerique.fr\/recepisse<\/a><\/p>\n<p><!-- \/wp:paragraph --><\/p>\n<p><!-- wp:separator --><\/p>\n<hr class=\"wp-block-separator\" \/><!-- \/wp:separator -->\n<p><!-- wp:paragraph --><\/p>\n<p><!-- \/wp:paragraph --><\/p>\n<p><!-- wp:heading --><\/p>\n<h2>En savoir plus<\/h2>\n<p><!-- \/wp:heading --><\/p>\n<p><!-- wp:paragraph --><\/p>\n<p>Pour plus de renseignement, vous pouvez consulter les foires aux questions suivantes :<\/p>\n<p><!-- \/wp:paragraph --><\/p>\n<p><!-- wp:buttons {\"contentJustification\":\"center\"} --><\/p>\n<div class=\"wp-block-buttons is-content-justification-center\"><!-- wp:button -->\n<div class=\"wp-block-button\"><a class=\"wp-block-button__link\" href=\"https:\/\/www.support-lycee40.fr\/\" target=\"_blank\" rel=\"noreferrer noopener\">FAQ support Lyc\u00e9e 4.0<\/a><\/div>\n<p><!-- \/wp:button --><\/p>\n<p><!-- wp:button --><\/p>\n<div class=\"wp-block-button\"><a class=\"wp-block-button__link\" href=\"https:\/\/www.jeunest.fr\/faq-lycee-4-0\/\" target=\"_blank\" rel=\"noreferrer noopener\">FAQ dispositif Jeun&rsquo;Est<\/a><\/div>\n<p><!-- \/wp:button --><\/p>\n<\/div>\n<p><!-- \/wp:buttons --><\/p>","protected":false},"excerpt":{"rendered":"<p>Depuis 2019, la R\u00e9gion Grand-Est fournit un PC au lyc\u00e9ens de la R\u00e9gion.(Les PC achet\u00e9s entre 2018 et ao\u00fbt 2019 avec un logo Grand-Est sur la coque ne sont pas concern\u00e9s par ces informations.) En attendant que l\u2019appareil soit r\u00e9par\u00e9 (ou qu\u2019un nouveau ne soit achet\u00e9), vous pouvez solliciter l\u2019\u00e9tablissement pour obtenir le pr\u00eat d\u2019un [&hellip;]<\/p>\n","protected":false},"author":1,"featured_media":0,"parent":341,"menu_order":0,"comment_status":"closed","ping_status":"closed","template":"","meta":{"ngg_post_thumbnail":0,"footnotes":""},"_links":{"self":[{"href":"https:\/\/sitetab3.ac-reims.fr\/lp-eiffel\/-wp-\/wp-json\/wp\/v2\/pages\/490"}],"collection":[{"href":"https:\/\/sitetab3.ac-reims.fr\/lp-eiffel\/-wp-\/wp-json\/wp\/v2\/pages"}],"about":[{"href":"https:\/\/sitetab3.ac-reims.fr\/lp-eiffel\/-wp-\/wp-json\/wp\/v2\/types\/page"}],"author":[{"embeddable":true,"href":"https:\/\/sitetab3.ac-reims.fr\/lp-eiffel\/-wp-\/wp-json\/wp\/v2\/users\/1"}],"replies":[{"embeddable":true,"href":"https:\/\/sitetab3.ac-reims.fr\/lp-eiffel\/-wp-\/wp-json\/wp\/v2\/comments?post=490"}],"version-history":[{"count":17,"href":"https:\/\/sitetab3.ac-reims.fr\/lp-eiffel\/-wp-\/wp-json\/wp\/v2\/pages\/490\/revisions"}],"predecessor-version":[{"id":1339,"href":"https:\/\/sitetab3.ac-reims.fr\/lp-eiffel\/-wp-\/wp-json\/wp\/v2\/pages\/490\/revisions\/1339"}],"up":[{"embeddable":true,"href":"https:\/\/sitetab3.ac-reims.fr\/lp-eiffel\/-wp-\/wp-json\/wp\/v2\/pages\/341"}],"wp:attachment":[{"href":"https:\/\/sitetab3.ac-reims.fr\/lp-eiffel\/-wp-\/wp-json\/wp\/v2\/media?parent=490"}],"curies":[{"name":"wp","href":"https:\/\/api.w.org\/{rel}","templated":true}]}}