{"id":80,"date":"2022-01-10T14:52:42","date_gmt":"2022-01-10T13:52:42","guid":{"rendered":"http:\/\/sitetab3.ac-reims.fr\/lp-eiffel\/-wp-\/?page_id=80"},"modified":"2022-01-27T08:44:11","modified_gmt":"2022-01-27T07:44:11","slug":"le-mot-du-proviseur","status":"publish","type":"page","link":"https:\/\/sitetab3.ac-reims.fr\/lp-eiffel\/-wp-\/accueil\/le-mot-du-proviseur\/","title":{"rendered":"Le mot du Proviseur"},"content":{"rendered":"<p style=\"text-align: center;\"><a href=\"http:\/\/sitetab3.ac-reims.fr\/lp-eiffel\/-wp-\/wp-content\/uploads\/Logo-eiffel.png\"><img loading=\"lazy\" decoding=\"async\" class=\"size-full wp-image-53 alignleft\" src=\"http:\/\/sitetab3.ac-reims.fr\/lp-eiffel\/-wp-\/wp-content\/uploads\/Logo-eiffel.png\" alt=\"\" width=\"150\" height=\"152\"><\/a><\/p>\n<p>&nbsp;<\/p>\n<p style=\"text-align: center;\">BIENVENUE AU LYCEE GUSTAVE EIFFEL,<\/p>\n<p style=\"text-align: center;\">LYC\u00c9E DES M\u00c9TIERS DE L\u2019AUTOMOBILE, DE LA RESTAURATION ET DE L\u2019ALIMENTATION<\/p>\n<p>&nbsp;<\/p>\n<p>&nbsp;<\/p>\n<p style=\"text-indent: 50px; text-align: center;\">\u00c9tablissement \u00e0 taille humaine qui accueille 670 \u00e9l\u00e8ves, dont 130 internes. Il offre une grande diversit\u00e9 de formations professionnelles dans un espace vaste et verdoyant qui s\u2019\u00e9tend sur 7 hectares.<\/p>\n<p style=\"text-align: center;\">&nbsp;<\/p>\n<p style=\"text-indent: 50px; text-align: center;\">Un climat positif r\u00e8gne au sein de l\u2019\u00e9tablissement o\u00f9 chaque individualit\u00e9 peut trouver facilement sa place, sous r\u00e9serve de tenir compte des r\u00e8gles de vie en collectivit\u00e9.<\/p>\n<p style=\"text-align: center;\">&nbsp;<\/p>\n<p style=\"text-indent: 50px; text-align: center;\">L\u2019\u00e9quipe de direction et l\u2019ensemble des personnels, \u00e9quipes enseignantes et d&rsquo;\u00e9ducation en premier lieu, se mobilisent pour accueillir chaque \u00e9l\u00e8ve entrant et faciliter son int\u00e9gration positive. Une attention bienveillante est apport\u00e9e \u00e0 chacun d\u2019entre eux, tout au long de son parcours de formation au sein de l\u2019\u00e9tablissement, selon un rythme et niveau d\u2019exigence adapt\u00e9s \u00e0 chacun.<\/p>\n<p style=\"text-align: center;\">&nbsp;<\/p>\n<p style=\"text-indent: 50px; text-align: center;\">L\u2019objectif est de permettre \u00e0 chaque jeune de se construire positivement et prendre confiance en son potentiel, pour le mener vers la r\u00e9ussite au dipl\u00f4me et l\u2019obtention d\u2019une qualification professionnelle.<\/p>\n<p style=\"text-align: center;\">&nbsp;<\/p>\n<p style=\"text-indent: 50px; text-align: center;\">Aider nos \u00e9l\u00e8ves \u00e0 devenir des citoyens de demain responsables, ouverts aux autres et \u00e0 la culture, aptes \u00e0 s\u2019ins\u00e9rer de fa\u00e7on positive dans la vie professionnelle et sociale, tel est notre but.<\/p>\n<p style=\"text-align: center;\">&nbsp;<\/p>\n<p style=\"text-align: center;\">\u00ab\u00a0Le Lyc\u00e9e o\u00f9 il fait bon vivre, travailler, r\u00e9ussir\u00a0\u00bb<\/p>\n<p style=\"text-align: center;\">est une r\u00e9alit\u00e9, devise \u00e0 laquelle chacun doit contribuer !<\/p>\n<p style=\"text-align: center;\">Je vous souhaite une excellente r\u00e9ussite au sein de notre \u00e9tablissement.<\/p>\n<p style=\"text-align: center;\">&nbsp;<\/p>\n<p style=\"text-align: center;\">Monsieur le Proviseur<\/p>\n<p>&nbsp;<\/p>\n","protected":false},"excerpt":{"rendered":"<p>&nbsp; BIENVENUE AU LYCEE GUSTAVE EIFFEL, LYC\u00c9E DES M\u00c9TIERS DE L\u2019AUTOMOBILE, DE LA RESTAURATION ET DE L\u2019ALIMENTATION &nbsp; &nbsp; \u00c9tablissement \u00e0 taille humaine qui accueille 670 \u00e9l\u00e8ves, dont 130 internes. Il offre une grande diversit\u00e9 de formations professionnelles dans un espace vaste et verdoyant qui s\u2019\u00e9tend sur 7 hectares. &nbsp; Un climat positif r\u00e8gne au [&hellip;]<\/p>\n","protected":false},"author":1,"featured_media":0,"parent":286,"menu_order":0,"comment_status":"closed","ping_status":"closed","template":"","meta":{"ngg_post_thumbnail":0,"footnotes":""},"_links":{"self":[{"href":"https:\/\/sitetab3.ac-reims.fr\/lp-eiffel\/-wp-\/wp-json\/wp\/v2\/pages\/80"}],"collection":[{"href":"https:\/\/sitetab3.ac-reims.fr\/lp-eiffel\/-wp-\/wp-json\/wp\/v2\/pages"}],"about":[{"href":"https:\/\/sitetab3.ac-reims.fr\/lp-eiffel\/-wp-\/wp-json\/wp\/v2\/types\/page"}],"author":[{"embeddable":true,"href":"https:\/\/sitetab3.ac-reims.fr\/lp-eiffel\/-wp-\/wp-json\/wp\/v2\/users\/1"}],"replies":[{"embeddable":true,"href":"https:\/\/sitetab3.ac-reims.fr\/lp-eiffel\/-wp-\/wp-json\/wp\/v2\/comments?post=80"}],"version-history":[{"count":1,"href":"https:\/\/sitetab3.ac-reims.fr\/lp-eiffel\/-wp-\/wp-json\/wp\/v2\/pages\/80\/revisions"}],"predecessor-version":[{"id":81,"href":"https:\/\/sitetab3.ac-reims.fr\/lp-eiffel\/-wp-\/wp-json\/wp\/v2\/pages\/80\/revisions\/81"}],"up":[{"embeddable":true,"href":"https:\/\/sitetab3.ac-reims.fr\/lp-eiffel\/-wp-\/wp-json\/wp\/v2\/pages\/286"}],"wp:attachment":[{"href":"https:\/\/sitetab3.ac-reims.fr\/lp-eiffel\/-wp-\/wp-json\/wp\/v2\/media?parent=80"}],"curies":[{"name":"wp","href":"https:\/\/api.w.org\/{rel}","templated":true}]}}