{"id":82,"date":"2022-01-10T14:54:10","date_gmt":"2022-01-10T13:54:10","guid":{"rendered":"http:\/\/sitetab3.ac-reims.fr\/lp-eiffel\/-wp-\/?page_id=82"},"modified":"2025-12-04T09:01:32","modified_gmt":"2025-12-04T08:01:32","slug":"services-restauration-hotellerie","status":"publish","type":"page","link":"https:\/\/sitetab3.ac-reims.fr\/lp-eiffel\/-wp-\/services-restauration-hotellerie\/","title":{"rendered":"Restaurants"},"content":{"rendered":"<p><!--\n\n\n<div style=\"opacity:0.5;\" mce_style=\"opacity:0.5;\">\n\n\n<p style=\"text-align:center;text-decoration:line-through;\" mce_style=\"text-align:center;text-decoration:line-through;\"><img decoding=\"async\" src=\"images\/Logo_menus.jpg\" mce_src=\"images\/Logo_menus.jpg\" border=\"0\" width=\"200\" style=\"border: none;\" mce_style=\"border: none;\" \/>\n<a href=\"#\" mce_href=\"#\" title=\"Obtenir le document PDF\"><img decoding=\"async\" src=\"images\/thumb_menu-masque.png\" mce_src=\"images\/thumb_menu-masque.png\" border=\"0\" style=\"border: none;\" mce_style=\"border: none;\" \/>\nPlaquette des menus<\/a><\/p>\n\n\n\n\n\n<table style=\"margin:1em auto;\" mce_style=\"margin:1em auto;\" border=\"0\">\n\n\n<tbody>\n\n\n<tr>\n\n\n<td><a href=\"#\" mce_href=\"#\" style=\"padding:5px 10px;text-decoration:none;text-decoration: line-through;background-color:#ddd;font-weight: bold;color: #444;border-bottom: 3px solid #aaa;\" mce_style=\"padding:5px 10px;text-decoration:none;text-decoration: line-through;background-color:#ddd;font-weight: bold;color: #444;border-bottom: 3px solid #aaa;\">T\u00e9l\u00e9charger les menus <img decoding=\"async\" src=\"images\/dlicon.png\" mce_src=\"images\/dlicon.png\" border=\"0\" \/><\/a><\/td>\n\n\n\n\n<td><a href=\"#\" mce_href=\"#\" style=\"padding:5px 10px;text-decoration:none;text-decoration: line-through;background-color:#ddd;font-weight: bold;color: #444;border-bottom: 3px solid #aaa;\" mce_style=\"padding:5px 10px;text-decoration:none;text-decoration: line-through;background-color:#ddd;font-weight: bold;color: #444;border-bottom: 3px solid #aaa;\">Lire les menus en ligne <img decoding=\"async\" src=\"images\/M_images\/pdf_button.png\" mce_src=\"images\/M_images\/pdf_button.png\" border=\"0\" \/><\/a><\/td>\n\n\n<\/tr>\n\n\n<\/tbody>\n\n\n<\/table>\n\n\n<\/div>\n\n\n\n\n<p style=\"text-align:center;\" mce_style=\"text-align:center;\"><b>\u00c9tant donn\u00e9 le contexte sanitaire actuel, les menus sont masqu\u00e9s.\nIls seront \u00e0 nouveau disponibles d\u00e8s que la situation le permettra.\nVeuillez contacter par t\u00e9l\u00e9phone le restaurant pour obtenir plus d'information (voir ci-dessous).\nVeuillez nous excuser pour la g\u00e8ne occasionn\u00e9e.<\/b>\n--><\/p>\n<p style=\"text-align: center;\"><a href=\"http:\/\/sitetab3.ac-reims.fr\/lp-eiffel\/-wp-\/wp-content\/uploads\/Logo_menus.jpg\"><img loading=\"lazy\" decoding=\"async\" class=\"alignnone size-full wp-image-76\" src=\"http:\/\/sitetab3.ac-reims.fr\/lp-eiffel\/-wp-\/wp-content\/uploads\/Logo_menus.jpg\" alt=\"\" width=\"522\" height=\"295\" srcset=\"https:\/\/sitetab3.ac-reims.fr\/lp-eiffel\/-wp-\/wp-content\/uploads\/Logo_menus.jpg 522w, https:\/\/sitetab3.ac-reims.fr\/lp-eiffel\/-wp-\/wp-content\/uploads\/Logo_menus-300x170.jpg 300w\" sizes=\"(max-width: 522px) 100vw, 522px\" \/><\/a><br \/>\n<a href=\"http:\/\/sitetab3.ac-reims.fr\/lp-eiffel\/-wp-\/wp-content\/uploads\/Menus_2026_janv-avril.pdf\"><img loading=\"lazy\" decoding=\"async\" class=\"alignnone wp-image-77 size-full\" src=\"http:\/\/sitetab3.ac-reims.fr\/lp-eiffel\/-wp-\/wp-content\/uploads\/thumb_menu.png\" alt=\"\" width=\"160\" height=\"226\"><\/a><br \/>\n<a style=\"line-height: 2.5em; padding: 0.3em 0.5em; font-weight: bold; background-color: #8d4c16; color: #fff; box-shadow: 4px 4px #572b0e;\" href=\"http:\/\/sitetab3.ac-reims.fr\/lp-eiffel\/-wp-\/wp-content\/uploads\/Menus_2026_janv-avril.pdf\">Plaquette des menus <span style=\"color: #66c109;\">2026<\/span><\/a><\/p>\n<hr style=\"width: 50%; margin: 2.5em auto; border: 1px solid #aaa;\">\n<h2 style=\"text-align: center;\">Informations \u00e0 notre aimable client\u00e8le :<\/h2>\n<h1 style=\"text-align: center;\"><strong><span style=\"text-decoration: underline;\">Le Restaurant gastronomique \u00ab Le Bagnolet \u00bb<\/span><\/strong><\/h1>\n<p style=\"text-align: center;\">D\u00e9jeuners ou d\u00eeners : principalement sur r\u00e9servation (prochainement, votre demande de r\u00e9servation par internet).<\/p>\n<p style=\"text-align: center;\">Restaurant ouvert les : Lundi, mardi, mercredi, jeudi et vendredi midis<br \/>\nMidi D\u00e9but de service : 12 h 15 \/ 12 h 30 Fin de service : 14 h \/ 14 h 30<\/p>\n<p style=\"text-align: center;\">4 soirs par semaine : Lundi, mardi, mercredi et jeudi.<br \/>\nD\u00e9but de service : 19 h 15 \/19 h 45 Fin de service : 22 h<\/p>\n<p style=\"text-align: center;\">Les prix des menus varient entre 13\u20ac50 et 22 \u20ac <span style=\"text-decoration: underline;\">hors boissons<\/span> sauf soir\u00e9es exceptionnelles<\/p>\n<p style=\"text-align: center;\">&#8211; \u2666 &#8211;<\/p>\n<table style=\"margin: auto; text-align: center;\" border=\"0\">\n<tbody>\n<tr>\n<th>&nbsp;<\/th>\n<th style=\"padding: 3px 5px; background-color: #ddd;\">D\u00e9but du service<\/th>\n<th style=\"padding: 3px 5px; background-color: #ddd;\">Fin du service<\/th>\n<\/tr>\n<tr>\n<th style=\"padding: 3px 5px; background-color: #ddd;\">Le midi<\/th>\n<td>12h15-12h30<\/td>\n<td>14h00-14h30<\/td>\n<\/tr>\n<tr>\n<th style=\"padding: 3px 5px; background-color: #ddd;\">Le soir<\/th>\n<td>19h15-19h45<\/td>\n<td>22h00<\/td>\n<\/tr>\n<\/tbody>\n<\/table>\n<h1 style=\"text-align: center;\"><strong><span style=\"text-decoration: underline;\">La Brasserie \u00ab Jean Esquenet\u00bb<\/span><\/strong><\/h1>\n<p style=\"text-align: center;\">Service rapide, moins d\u2019une heure (\u00e0 pr\u00e9ciser d\u00e8s votre arriv\u00e9e)<br \/>\navec ou sans r\u00e9servation de 12h \u00e0 14h.<\/p>\n<p style=\"text-align: center;\">Brasserie ouverte les : Lundi, mardi, mercredi, jeudi et vendredi midis<\/p>\n<p style=\"text-align: center;\">Nous vous proposons des formules rapides :<\/p>\n<ul style=\"width: 300px; margin: 0.5em auto;\">\n<li>L\u2019Instant Snack &amp; sa garniture pour 6\u20ac<\/li>\n<li>L\u2019Assiette du fromager &amp; sa garniture pour 6\u20ac<\/li>\n<li>Plat du jour 6.50\u20ac<\/li>\n<li>Formule 2 plats 10 \u20ac<\/li>\n<li>Formule 3 plats 13\u20ac50<\/li>\n<\/ul>\n<hr style=\"width: 50%; margin: 2.5em auto; border: 1px solid #aaa;\">\n<h1 style=\"text-align: center;\">POUR TOUTE R\u00c9SERVATION. CONTACTEZ-LE 03.26.50.65.19<\/h1>\n<p style=\"text-align: center;\">D\u00e9jeuners ou d\u00eeners : Uniquement sur r\u00e9servation<\/p>\n<p style=\"text-align: center;\">Les \u00e9ventuels diff\u00e9rentiels tarifaires avec la profession, de m\u00eame que les \u00e9ventuelles variations qualitatives s\u2019expliquent par le caract\u00e8re purement p\u00e9dagogique de ce restaurant d\u2019application. Les prix demand\u00e9s n\u2019int\u00e8grent en effet pas les charges auxquelles sont soumises les entreprises commerciales de restauration et ne peuvent donc pas correspondre aux tarifs pratiqu\u00e9s par les restaurants priv\u00e9s.<\/p>\n<p style=\"text-align: center;\">En fonction des arrivages ou d\u2019imp\u00e9ratifs p\u00e9dagogiques, nos menus sont publi\u00e9s<br \/>\nsous r\u00e9serve de modifications ou d\u2019annulations exceptionnelles.<\/p>\n<p style=\"text-align: center;\">Tous nos plats sont faits maison.<\/p>\n<hr style=\"width: 50%; margin: 2.5em auto; border: 1px solid #aaa;\">\n<p style=\"text-align: center;\">Lyc\u00e9e des m\u00e9tiers de la Restauration et de l&rsquo;Alimentation Gustave Eiffel 34 rue de Neufch\u00e2tel &#8211; REIMS<br \/>\n03 26 50 65 19<\/p>\n","protected":false},"excerpt":{"rendered":"<p>Plaquette des menus 2026 Informations \u00e0 notre aimable client\u00e8le : Le Restaurant gastronomique \u00ab Le Bagnolet \u00bb D\u00e9jeuners ou d\u00eeners : principalement sur r\u00e9servation (prochainement, votre demande de r\u00e9servation par internet). Restaurant ouvert les : Lundi, mardi, mercredi, jeudi et vendredi midis Midi D\u00e9but de service : 12 h 15 \/ 12 h 30 Fin [&hellip;]<\/p>\n","protected":false},"author":1,"featured_media":0,"parent":0,"menu_order":0,"comment_status":"closed","ping_status":"closed","template":"","meta":{"ngg_post_thumbnail":0,"footnotes":""},"_links":{"self":[{"href":"https:\/\/sitetab3.ac-reims.fr\/lp-eiffel\/-wp-\/wp-json\/wp\/v2\/pages\/82"}],"collection":[{"href":"https:\/\/sitetab3.ac-reims.fr\/lp-eiffel\/-wp-\/wp-json\/wp\/v2\/pages"}],"about":[{"href":"https:\/\/sitetab3.ac-reims.fr\/lp-eiffel\/-wp-\/wp-json\/wp\/v2\/types\/page"}],"author":[{"embeddable":true,"href":"https:\/\/sitetab3.ac-reims.fr\/lp-eiffel\/-wp-\/wp-json\/wp\/v2\/users\/1"}],"replies":[{"embeddable":true,"href":"https:\/\/sitetab3.ac-reims.fr\/lp-eiffel\/-wp-\/wp-json\/wp\/v2\/comments?post=82"}],"version-history":[{"count":22,"href":"https:\/\/sitetab3.ac-reims.fr\/lp-eiffel\/-wp-\/wp-json\/wp\/v2\/pages\/82\/revisions"}],"predecessor-version":[{"id":1329,"href":"https:\/\/sitetab3.ac-reims.fr\/lp-eiffel\/-wp-\/wp-json\/wp\/v2\/pages\/82\/revisions\/1329"}],"wp:attachment":[{"href":"https:\/\/sitetab3.ac-reims.fr\/lp-eiffel\/-wp-\/wp-json\/wp\/v2\/media?parent=82"}],"curies":[{"name":"wp","href":"https:\/\/api.w.org\/{rel}","templated":true}]}}