{"id":98,"date":"2022-01-10T15:49:42","date_gmt":"2022-01-10T14:49:42","guid":{"rendered":"http:\/\/sitetab3.ac-reims.fr\/lp-eiffel\/-wp-\/?page_id=98"},"modified":"2024-10-01T09:44:42","modified_gmt":"2024-10-01T07:44:42","slug":"restaurant-le-bagnolet","status":"publish","type":"page","link":"https:\/\/sitetab3.ac-reims.fr\/lp-eiffel\/-wp-\/services-restauration-hotellerie\/restaurant-le-bagnolet\/","title":{"rendered":"Restaurant Le Bagnolet"},"content":{"rendered":"<p><a href=\"http:\/\/sitetab3.ac-reims.fr\/lp-eiffel\/-wp-\/wp-content\/uploads\/Mindmap-lieux-lycee-Eiffel-1.png\"><img loading=\"lazy\" decoding=\"async\" class=\"size-full wp-image-99 alignleft\" src=\"http:\/\/sitetab3.ac-reims.fr\/lp-eiffel\/-wp-\/wp-content\/uploads\/Mindmap-lieux-lycee-Eiffel-1.png\" alt=\"\" width=\"215\" height=\"288\"><\/a>Le restaurant \u00ab\u00a0Le Bagnolet\u00a0\u00bb vous accueille tous les midis du Lundi au vendredi et tous les soirs du mardi au jeudi. Dans un but p\u00e9dagogique, nous vous serions tr\u00e8s reconnaissants de bien vouloir respecter les horaires suivants :<\/p>\n<table style=\"margin: auto; text-align: center;\" border=\"0\">\n<tbody>\n<tr>\n<th>&nbsp;<\/th>\n<th style=\"padding: 3px 5px; background-color: #ddd;\">D\u00e9but du service<\/th>\n<th style=\"padding: 3px 5px; background-color: #ddd;\">Fin du service<\/th>\n<\/tr>\n<tr>\n<th style=\"padding: 3px 5px; background-color: #ddd;\">Le midi<\/th>\n<td>12h15-12h30<\/td>\n<td>14h00-14h30<\/td>\n<\/tr>\n<tr>\n<th style=\"padding: 3px 5px; background-color: #ddd;\">Le soir<\/th>\n<td>19h15-19h45<\/td>\n<td>22h00<\/td>\n<\/tr>\n<\/tbody>\n<\/table>\n<p style=\"text-align: justify;\">Notre restaurant d&rsquo;application vous accueille avec diff\u00e9rentes formules de restauration, boissons \u00e0 la carte.<\/p>\n<p><strong><a href=\"http:\/\/sitetab3.ac-reims.fr\/lp-eiffel\/-wp-\/wp-content\/uploads\/menufrench.jpg\"><img loading=\"lazy\" decoding=\"async\" class=\" wp-image-100 alignleft\" src=\"http:\/\/sitetab3.ac-reims.fr\/lp-eiffel\/-wp-\/wp-content\/uploads\/menufrench.jpg\" alt=\"\" width=\"71\" height=\"91\"><\/a>Restaurant \u00ab\u00a0le Bagnolet\u00a0\u00bb<\/strong>Retrouvez toutes les informations sur la plaquette :<\/p>\n<p><!--\n\n\n<p style=\"color:#aaa;text-decoration: line-through;\" mce_style=\"color:#aaa;text-decoration: line-through;\">Retrouvez toutes les informations sur la plaquette :<\/p>\n\n\n\n<a href=\"https:\/\/sitetab3.ac-reims.fr\/lp-eiffel\/-wp-\/services-restauration-hotellerie\/\" style=\"padding:5px 10px;text-decoration:none;background-color:#eee;font-weight: bold;color: #aaa;border-bottom: 3px solid #ccc;\">Plaquette des menus <img decoding=\"async\" src=\"images\/M_images\/pdf_button.png\" mce_src=\"images\/M_images\/pdf_button.png\" border=\"0\" \/><\/a>\n\nUne actualisation prochaine du document sera r\u00e9alis\u00e9e afin de compl\u00e9ter les menus manquants.\n\nLa plaquette des menus sera bient\u00f4t disponible. Veuillez contacter l'\u00e9tablissement pour obtenir ces renseignements (cf. coordonn\u00e9es plus bas).\n\n--><\/p>\n<p><a href=\"https:\/\/sitetab3.ac-reims.fr\/lp-eiffel\/-wp-\/services-restauration-hotellerie\/\" style=\"padding:5px 10px;text-decoration:none;background-color:#ddd;font-weight: bold;color: #333;border-bottom: 3px solid #aaa;\">Plaquette des menus<\/a><\/p>\n<p style=\"text-align: justify;\">Le prix des menus hors-boissons est compris entre 12 et 18 euros. Ces prix varient en fonction du th\u00e8me du menu. Si le fromage n&rsquo;est pas inclus dans le menu, un chariot de fromages peut vous \u00eatre propos\u00e9.<\/p>\n<p style=\"text-align: justify;\">Pour des raisons d&rsquo;organisation, le nombre maximum de couverts par table est limit\u00e9, se renseigner au moment de la r\u00e9servation.<\/p>\n<h2 style=\"text-align: justify;\">Pour les r\u00e9servations et informations, nous sommes joignable au 03.26.50.65.19.<\/h2>\n<h2 style=\"text-align: justify;\">Pour tout renseignement sp\u00e9cifique, s&rsquo;informer aupr\u00e8s des responsables de l&rsquo;h\u00f4tellerie.<\/h2>\n<p style=\"text-align: justify;\">Les \u00e9ventuels diff\u00e9rentiels tarifaires avec la profession, de m\u00eame que les \u00e9ventuelles variations qualitatives s&rsquo;expliquent par le caract\u00e8re purement p\u00e9dagogique de ce restaurant d&rsquo;application.<br \/>\nLes prix demand\u00e9s n&rsquo;int\u00e8grent en effet pas les charges auxquelles sont soumises les entreprises commerciales de restauration et ne peuvent donc pas correspondre aux tarifs pratiqu\u00e9s par les restaurants priv\u00e9s.<br \/>\nEn fonction des arrivages ou d&rsquo;imp\u00e9ratifs p\u00e9dagogiques, nos menus sont publi\u00e9s sous r\u00e9serve de modifications ou d&rsquo;annulations exceptionnelles.<\/p>\n<p style=\"text-align: center;\"><a href=\"http:\/\/sitetab3.ac-reims.fr\/lp-eiffel\/-wp-\/wp-content\/uploads\/bagnolet5.jpg\"><img loading=\"lazy\" decoding=\"async\" class=\"alignnone size-full wp-image-101\" src=\"http:\/\/sitetab3.ac-reims.fr\/lp-eiffel\/-wp-\/wp-content\/uploads\/bagnolet5.jpg\" alt=\"\" width=\"272\" height=\"364\" srcset=\"https:\/\/sitetab3.ac-reims.fr\/lp-eiffel\/-wp-\/wp-content\/uploads\/bagnolet5.jpg 272w, https:\/\/sitetab3.ac-reims.fr\/lp-eiffel\/-wp-\/wp-content\/uploads\/bagnolet5-224x300.jpg 224w\" sizes=\"(max-width: 272px) 100vw, 272px\" \/><\/a><\/p>\n","protected":false},"excerpt":{"rendered":"<p>Le restaurant \u00ab\u00a0Le Bagnolet\u00a0\u00bb vous accueille tous les midis du Lundi au vendredi et tous les soirs du mardi au jeudi. Dans un but p\u00e9dagogique, nous vous serions tr\u00e8s reconnaissants de bien vouloir respecter les horaires suivants : &nbsp; D\u00e9but du service Fin du service Le midi 12h15-12h30 14h00-14h30 Le soir 19h15-19h45 22h00 Notre restaurant [&hellip;]<\/p>\n","protected":false},"author":1,"featured_media":0,"parent":82,"menu_order":0,"comment_status":"closed","ping_status":"closed","template":"","meta":{"ngg_post_thumbnail":0,"footnotes":""},"_links":{"self":[{"href":"https:\/\/sitetab3.ac-reims.fr\/lp-eiffel\/-wp-\/wp-json\/wp\/v2\/pages\/98"}],"collection":[{"href":"https:\/\/sitetab3.ac-reims.fr\/lp-eiffel\/-wp-\/wp-json\/wp\/v2\/pages"}],"about":[{"href":"https:\/\/sitetab3.ac-reims.fr\/lp-eiffel\/-wp-\/wp-json\/wp\/v2\/types\/page"}],"author":[{"embeddable":true,"href":"https:\/\/sitetab3.ac-reims.fr\/lp-eiffel\/-wp-\/wp-json\/wp\/v2\/users\/1"}],"replies":[{"embeddable":true,"href":"https:\/\/sitetab3.ac-reims.fr\/lp-eiffel\/-wp-\/wp-json\/wp\/v2\/comments?post=98"}],"version-history":[{"count":9,"href":"https:\/\/sitetab3.ac-reims.fr\/lp-eiffel\/-wp-\/wp-json\/wp\/v2\/pages\/98\/revisions"}],"predecessor-version":[{"id":1260,"href":"https:\/\/sitetab3.ac-reims.fr\/lp-eiffel\/-wp-\/wp-json\/wp\/v2\/pages\/98\/revisions\/1260"}],"up":[{"embeddable":true,"href":"https:\/\/sitetab3.ac-reims.fr\/lp-eiffel\/-wp-\/wp-json\/wp\/v2\/pages\/82"}],"wp:attachment":[{"href":"https:\/\/sitetab3.ac-reims.fr\/lp-eiffel\/-wp-\/wp-json\/wp\/v2\/media?parent=98"}],"curies":[{"name":"wp","href":"https:\/\/api.w.org\/{rel}","templated":true}]}}