{"id":1037,"date":"2021-11-08T13:26:45","date_gmt":"2021-11-08T12:26:45","guid":{"rendered":"http:\/\/sitetab3.ac-reims.fr\/lp-emile-baudot\/-wp-\/?page_id=1037"},"modified":"2025-11-27T09:22:59","modified_gmt":"2025-11-27T08:22:59","slug":"presentation","status":"publish","type":"page","link":"https:\/\/sitetab3.ac-reims.fr\/lp-emile-baudot\/-wp-\/presentation\/","title":{"rendered":"Pr\u00e9sentation"},"content":{"rendered":"\n<hr class=\"wp-block-separator has-css-opacity\"\/>\n\n\n\n<p><a href=\"http:\/\/sitetab3.ac-reims.fr\/lp-emile-baudot\/-wp-\/wp-content\/uploads\/triangle_bleu.png\"><img loading=\"lazy\" decoding=\"async\" width=\"10\" height=\"16\" class=\"alignnone size-full wp-image-1016\" src=\"http:\/\/sitetab3.ac-reims.fr\/lp-emile-baudot\/-wp-\/wp-content\/uploads\/triangle_bleu.png\" alt=\"\"><\/a><span style=\"text-decoration: underline;\"><span style=\"color: #800080; text-decoration: underline;\"><strong>Situation <\/strong><\/span><\/span><span style=\"color: #800080;\"><a style=\"color: #800080; text-decoration: underline;\" href=\"http:\/\/sitetab3.ac-reims.fr\/lp-emile-baudot\/-wp-\/situation-geographique\/\"><strong>g\u00e9ographique<\/strong><\/a><\/span><\/p>\n\n\n\n<hr class=\"wp-block-separator has-css-opacity\"\/>\n\n\n\n<p><a href=\"http:\/\/sitetab3.ac-reims.fr\/lp-emile-baudot\/-wp-\/wp-content\/uploads\/triangle_bleu.png\"><img loading=\"lazy\" decoding=\"async\" width=\"10\" height=\"16\" class=\"alignnone size-full wp-image-1016\" src=\"http:\/\/sitetab3.ac-reims.fr\/lp-emile-baudot\/-wp-\/wp-content\/uploads\/triangle_bleu.png\" alt=\"\"><\/a>&nbsp;<strong><a href=\"https:\/\/sitetab3.ac-reims.fr\/lp-emile-baudot\/-wp-\/2021-2022\/\">Le Lyc\u00e9e des M\u00e9tiers Emile Baudot<\/a><\/strong><\/p>\n\n\n\n<hr class=\"wp-block-separator has-css-opacity\"\/>\n\n\n\n<p><a href=\"http:\/\/sitetab3.ac-reims.fr\/lp-emile-baudot\/-wp-\/wp-content\/uploads\/triangle_bleu.png\"><img loading=\"lazy\" decoding=\"async\" class=\"alignnone size-full wp-image-1016\" src=\"http:\/\/sitetab3.ac-reims.fr\/lp-emile-baudot\/-wp-\/wp-content\/uploads\/triangle_bleu.png\" alt=\"\" width=\"10\" height=\"16\"><\/a> <a href=\"http:\/\/sitetab3.ac-reims.fr\/lp-emile-baudot\/-wp-\/plan-dacces\/\"><strong>Plan d\u2019acc\u00e8s<\/strong><\/a><\/p>\n\n\n\n<hr class=\"wp-block-separator has-css-opacity\"\/>\n\n\n\n<p><a href=\"http:\/\/sitetab3.ac-reims.fr\/lp-emile-baudot\/-wp-\/wp-content\/uploads\/triangle_bleu.png\"><img loading=\"lazy\" decoding=\"async\" class=\"alignnone size-full wp-image-1016\" src=\"http:\/\/sitetab3.ac-reims.fr\/lp-emile-baudot\/-wp-\/wp-content\/uploads\/triangle_bleu.png\" alt=\"\" width=\"10\" height=\"16\"><\/a>&nbsp;<strong>Qui \u00e9tait Emile Baudot ?<\/strong><\/p>\n\n\n\n<figure class=\"wp-block-image alignnone\"><a href=\"http:\/\/sitetab3.ac-reims.fr\/lp-emile-baudot\/-wp-\/wp-content\/uploads\/arton34-06819.jpg\"><img loading=\"lazy\" decoding=\"async\" width=\"83\" height=\"100\" src=\"http:\/\/sitetab3.ac-reims.fr\/lp-emile-baudot\/-wp-\/wp-content\/uploads\/arton34-06819.jpg\" alt=\"\" class=\"wp-image-1038\"\/><\/a><figcaption class=\"wp-element-caption\">Emile Baudot<\/figcaption><\/figure>\n\n\n\n<p>&nbsp;Jean Maurice \u00c9mile Baudot, n\u00e9 \u00e0 Magneux le 11 septembre 1845 et mort \u00e0 Sceaux le 28 mars 1903, est un ing\u00e9nieur en t\u00e9l\u00e9graphie fran\u00e7ais. Il est l\u2019inventeur du code Baudot utilis\u00e9 par les t\u00e9l\u00e9scripteurs<\/p>\n\n\n\n<hr class=\"wp-block-separator has-css-opacity\"\/>\n\n\n\n<p><span style=\"color: #800080;\"><a style=\"color: #800080;\" href=\"http:\/\/sitetab3.ac-reims.fr\/lp-emile-baudot\/-wp-\/wp-content\/uploads\/triangle_bleu.png\"><img loading=\"lazy\" decoding=\"async\" width=\"10\" height=\"16\" class=\"alignnone size-full wp-image-1016\" src=\"http:\/\/sitetab3.ac-reims.fr\/lp-emile-baudot\/-wp-\/wp-content\/uploads\/triangle_bleu.png\" alt=\"\"><\/a><span style=\"text-decoration: underline;\">\u00a0<strong><span style=\"font-size: 12pt;\"><a style=\"color: #800080; text-decoration: underline;\" href=\"http:\/\/sitetab3.ac-reims.fr\/lp-emile-baudot\/-wp-\/organigramme-2017-2018\/\">Organigramme 202<\/a>5\/2026<\/span><\/strong><\/span><\/span><\/p>\n\n\n\n<figure class=\"wp-block-image\"><a href=\"http:\/\/sitetab3.ac-reims.fr\/lp-emile-baudot\/-wp-\/wp-content\/uploads\/arton38-40c7d.jpg\"><img loading=\"lazy\" decoding=\"async\" width=\"97\" height=\"100\" src=\"http:\/\/sitetab3.ac-reims.fr\/lp-emile-baudot\/-wp-\/wp-content\/uploads\/arton38-40c7d.jpg\" alt=\"\" class=\"wp-image-1039\"\/><\/a><\/figure>\n\n\n\n<p><span style=\"color: #800080;\"><a style=\"color: #800080;\" href=\"http:\/\/sitetab3.ac-reims.fr\/lp-emile-baudot\/-wp-\/wp-content\/uploads\/triangle_bleu.png\"><img loading=\"lazy\" decoding=\"async\" class=\"alignnone size-full wp-image-1016\" src=\"http:\/\/sitetab3.ac-reims.fr\/lp-emile-baudot\/-wp-\/wp-content\/uploads\/triangle_bleu.png\" alt=\"\" width=\"10\" height=\"16\"><\/a><a href=\"https:\/\/sitetab3.ac-reims.fr\/lp-emile-baudot\/-wp-\/intendance\/\"><span style=\"text-decoration: underline;\"><strong> I<\/strong><b>ntendance-Informations<\/b><\/span><\/a><\/span><\/p>\n","protected":false},"excerpt":{"rendered":"<p>Situation g\u00e9ographique &nbsp;Le Lyc\u00e9e des M\u00e9tiers Emile Baudot Plan d\u2019acc\u00e8s &nbsp;Qui \u00e9tait Emile Baudot ? &nbsp;Jean Maurice \u00c9mile Baudot, n\u00e9 \u00e0 Magneux le 11 septembre 1845 et mort \u00e0 Sceaux le 28 mars 1903, est un ing\u00e9nieur en t\u00e9l\u00e9graphie fran\u00e7ais. Il est l\u2019inventeur du code Baudot utilis\u00e9 par les t\u00e9l\u00e9scripteurs \u00a0Organigramme 2025\/2026 Intendance-Informations<\/p>\n","protected":false},"author":1,"featured_media":0,"parent":0,"menu_order":0,"comment_status":"closed","ping_status":"closed","template":"","meta":{"ngg_post_thumbnail":0,"footnotes":""},"_links":{"self":[{"href":"https:\/\/sitetab3.ac-reims.fr\/lp-emile-baudot\/-wp-\/wp-json\/wp\/v2\/pages\/1037"}],"collection":[{"href":"https:\/\/sitetab3.ac-reims.fr\/lp-emile-baudot\/-wp-\/wp-json\/wp\/v2\/pages"}],"about":[{"href":"https:\/\/sitetab3.ac-reims.fr\/lp-emile-baudot\/-wp-\/wp-json\/wp\/v2\/types\/page"}],"author":[{"embeddable":true,"href":"https:\/\/sitetab3.ac-reims.fr\/lp-emile-baudot\/-wp-\/wp-json\/wp\/v2\/users\/1"}],"replies":[{"embeddable":true,"href":"https:\/\/sitetab3.ac-reims.fr\/lp-emile-baudot\/-wp-\/wp-json\/wp\/v2\/comments?post=1037"}],"version-history":[{"count":25,"href":"https:\/\/sitetab3.ac-reims.fr\/lp-emile-baudot\/-wp-\/wp-json\/wp\/v2\/pages\/1037\/revisions"}],"predecessor-version":[{"id":3208,"href":"https:\/\/sitetab3.ac-reims.fr\/lp-emile-baudot\/-wp-\/wp-json\/wp\/v2\/pages\/1037\/revisions\/3208"}],"wp:attachment":[{"href":"https:\/\/sitetab3.ac-reims.fr\/lp-emile-baudot\/-wp-\/wp-json\/wp\/v2\/media?parent=1037"}],"curies":[{"name":"wp","href":"https:\/\/api.w.org\/{rel}","templated":true}]}}

Présentation

<hr class="wp-block-separator has-css-opacity"/>



<p><a href="http://sitetab3.ac-reims.fr/lp-emile-baudot/-wp-/wp-content/uploads/triangle_bleu.png"><img loading="lazy" decoding="async" width="10" height="16" class="alignnone size-full wp-image-1016" src="http://sitetab3.ac-reims.fr/lp-emile-baudot/-wp-/wp-content/uploads/triangle_bleu.png" alt=""></a><span style="text-decoration: underline;"><span style="color: #800080; text-decoration: underline;"><strong>Situation </strong></span></span><span style="color: #800080;"><a style="color: #800080; text-decoration: underline;" href="http://sitetab3.ac-reims.fr/lp-emile-baudot/-wp-/situation-geographique/"><strong>géographique</strong></a></span></p>



<hr class="wp-block-separator has-css-opacity"/>



<p><a href="http://sitetab3.ac-reims.fr/lp-emile-baudot/-wp-/wp-content/uploads/triangle_bleu.png"><img loading="lazy" decoding="async" width="10" height="16" class="alignnone size-full wp-image-1016" src="http://sitetab3.ac-reims.fr/lp-emile-baudot/-wp-/wp-content/uploads/triangle_bleu.png" alt=""></a>&nbsp;<strong><a href="https://sitetab3.ac-reims.fr/lp-emile-baudot/-wp-/2021-2022/">Le Lycée des Métiers Emile Baudot</a></strong></p>



<hr class="wp-block-separator has-css-opacity"/>



<p><a href="http://sitetab3.ac-reims.fr/lp-emile-baudot/-wp-/wp-content/uploads/triangle_bleu.png"><img loading="lazy" decoding="async" class="alignnone size-full wp-image-1016" src="http://sitetab3.ac-reims.fr/lp-emile-baudot/-wp-/wp-content/uploads/triangle_bleu.png" alt="" width="10" height="16"></a> <a href="http://sitetab3.ac-reims.fr/lp-emile-baudot/-wp-/plan-dacces/"><strong>Plan d’accès</strong></a></p>



<hr class="wp-block-separator has-css-opacity"/>



<p><a href="http://sitetab3.ac-reims.fr/lp-emile-baudot/-wp-/wp-content/uploads/triangle_bleu.png"><img loading="lazy" decoding="async" class="alignnone size-full wp-image-1016" src="http://sitetab3.ac-reims.fr/lp-emile-baudot/-wp-/wp-content/uploads/triangle_bleu.png" alt="" width="10" height="16"></a>&nbsp;<strong>Qui était Emile Baudot ?</strong></p>



<figure class="wp-block-image alignnone"><a href="http://sitetab3.ac-reims.fr/lp-emile-baudot/-wp-/wp-content/uploads/arton34-06819.jpg"><img loading="lazy" decoding="async" width="83" height="100" src="http://sitetab3.ac-reims.fr/lp-emile-baudot/-wp-/wp-content/uploads/arton34-06819.jpg" alt="" class="wp-image-1038"/></a><figcaption class="wp-element-caption">Emile Baudot</figcaption></figure>



<p>&nbsp;Jean Maurice Émile Baudot, né à Magneux le 11 septembre 1845 et mort à Sceaux le 28 mars 1903, est un ingénieur en télégraphie français. Il est l’inventeur du code Baudot utilisé par les téléscripteurs</p>



<hr class="wp-block-separator has-css-opacity"/>



<p><span style="color: #800080;"><a style="color: #800080;" href="http://sitetab3.ac-reims.fr/lp-emile-baudot/-wp-/wp-content/uploads/triangle_bleu.png"><img loading="lazy" decoding="async" width="10" height="16" class="alignnone size-full wp-image-1016" src="http://sitetab3.ac-reims.fr/lp-emile-baudot/-wp-/wp-content/uploads/triangle_bleu.png" alt=""></a><span style="text-decoration: underline;"> <strong><span style="font-size: 12pt;"><a style="color: #800080; text-decoration: underline;" href="http://sitetab3.ac-reims.fr/lp-emile-baudot/-wp-/organigramme-2017-2018/">Organigramme 202</a>5/2026</span></strong></span></span></p>



<figure class="wp-block-image"><a href="http://sitetab3.ac-reims.fr/lp-emile-baudot/-wp-/wp-content/uploads/arton38-40c7d.jpg"><img loading="lazy" decoding="async" width="97" height="100" src="http://sitetab3.ac-reims.fr/lp-emile-baudot/-wp-/wp-content/uploads/arton38-40c7d.jpg" alt="" class="wp-image-1039"/></a></figure>



<p><span style="color: #800080;"><a style="color: #800080;" href="http://sitetab3.ac-reims.fr/lp-emile-baudot/-wp-/wp-content/uploads/triangle_bleu.png"><img loading="lazy" decoding="async" class="alignnone size-full wp-image-1016" src="http://sitetab3.ac-reims.fr/lp-emile-baudot/-wp-/wp-content/uploads/triangle_bleu.png" alt="" width="10" height="16"></a><a href="https://sitetab3.ac-reims.fr/lp-emile-baudot/-wp-/intendance/"><span style="text-decoration: underline;"><strong> I</strong><b>ntendance-Informations</b></span></a></span></p>

<p>Situation géographique &nbsp;Le Lycée des Métiers Emile Baudot Plan d’accès &nbsp;Qui était Emile Baudot ? &nbsp;Jean Maurice Émile Baudot, né à Magneux le 11 septembre 1845 et mort à Sceaux le 28 mars 1903, est un ingénieur en télégraphie français. Il est l’inventeur du code Baudot utilisé par les téléscripteurs  Organigramme 2025/2026 Intendance-Informations</p>
