{"id":1211,"date":"2021-11-17T15:32:09","date_gmt":"2021-11-17T14:32:09","guid":{"rendered":"http:\/\/sitetab3.ac-reims.fr\/lp-emile-baudot\/-wp-\/?page_id=1211"},"modified":"2021-11-17T15:41:26","modified_gmt":"2021-11-17T14:41:26","slug":"eco-lycee-2016-2017","status":"publish","type":"page","link":"https:\/\/sitetab3.ac-reims.fr\/lp-emile-baudot\/-wp-\/eco-lycee-2016-2017\/","title":{"rendered":"Eco lyc\u00e9e 2016-2017"},"content":{"rendered":"<hr>\n<p><a href=\"http:\/\/sitetab3.ac-reims.fr\/lp-emile-baudot\/-wp-\/wp-content\/uploads\/triangle_bleu.png\"><img loading=\"lazy\" decoding=\"async\" class=\"alignnone size-full wp-image-1016\" src=\"http:\/\/sitetab3.ac-reims.fr\/lp-emile-baudot\/-wp-\/wp-content\/uploads\/triangle_bleu.png\" alt=\"\" width=\"10\" height=\"16\"><\/a>&nbsp;<a href=\"http:\/\/sitetab3.ac-reims.fr\/lp-emile-baudot\/-wp-\/travaux-eleves-forum-sante\/\"><strong>Travaux \u00e9l\u00e8ves forum sant\u00e9<\/strong><\/a><\/p>\n<p>&#8230;<\/p>\n<hr>\n<p><a href=\"http:\/\/sitetab3.ac-reims.fr\/lp-emile-baudot\/-wp-\/wp-content\/uploads\/triangle_bleu.png\"><img loading=\"lazy\" decoding=\"async\" class=\"alignnone size-full wp-image-1016\" src=\"http:\/\/sitetab3.ac-reims.fr\/lp-emile-baudot\/-wp-\/wp-content\/uploads\/triangle_bleu.png\" alt=\"\" width=\"10\" height=\"16\"><\/a>&nbsp;<a href=\"http:\/\/sitetab3.ac-reims.fr\/lp-emile-baudot\/-wp-\/wp-content\/uploads\/handicap-1.pdf\">Sensibilisation au handicap<\/a><\/p>\n<hr>\n<p>&nbsp;<\/p>\n","protected":false},"excerpt":{"rendered":"<p>&nbsp;Travaux \u00e9l\u00e8ves forum sant\u00e9 &#8230; &nbsp;Sensibilisation au handicap &nbsp;<\/p>\n","protected":false},"author":1,"featured_media":0,"parent":0,"menu_order":0,"comment_status":"closed","ping_status":"closed","template":"","meta":{"ngg_post_thumbnail":0,"footnotes":""},"_links":{"self":[{"href":"https:\/\/sitetab3.ac-reims.fr\/lp-emile-baudot\/-wp-\/wp-json\/wp\/v2\/pages\/1211"}],"collection":[{"href":"https:\/\/sitetab3.ac-reims.fr\/lp-emile-baudot\/-wp-\/wp-json\/wp\/v2\/pages"}],"about":[{"href":"https:\/\/sitetab3.ac-reims.fr\/lp-emile-baudot\/-wp-\/wp-json\/wp\/v2\/types\/page"}],"author":[{"embeddable":true,"href":"https:\/\/sitetab3.ac-reims.fr\/lp-emile-baudot\/-wp-\/wp-json\/wp\/v2\/users\/1"}],"replies":[{"embeddable":true,"href":"https:\/\/sitetab3.ac-reims.fr\/lp-emile-baudot\/-wp-\/wp-json\/wp\/v2\/comments?post=1211"}],"version-history":[{"count":4,"href":"https:\/\/sitetab3.ac-reims.fr\/lp-emile-baudot\/-wp-\/wp-json\/wp\/v2\/pages\/1211\/revisions"}],"predecessor-version":[{"id":1218,"href":"https:\/\/sitetab3.ac-reims.fr\/lp-emile-baudot\/-wp-\/wp-json\/wp\/v2\/pages\/1211\/revisions\/1218"}],"wp:attachment":[{"href":"https:\/\/sitetab3.ac-reims.fr\/lp-emile-baudot\/-wp-\/wp-json\/wp\/v2\/media?parent=1211"}],"curies":[{"name":"wp","href":"https:\/\/api.w.org\/{rel}","templated":true}]}}

Eco lycée 2016-2017

<hr>
<p><a href="http://sitetab3.ac-reims.fr/lp-emile-baudot/-wp-/wp-content/uploads/triangle_bleu.png"><img loading="lazy" decoding="async" class="alignnone size-full wp-image-1016" src="http://sitetab3.ac-reims.fr/lp-emile-baudot/-wp-/wp-content/uploads/triangle_bleu.png" alt="" width="10" height="16"></a>&nbsp;<a href="http://sitetab3.ac-reims.fr/lp-emile-baudot/-wp-/travaux-eleves-forum-sante/"><strong>Travaux élèves forum santé</strong></a></p>
<p>&#8230;</p>
<hr>
<p><a href="http://sitetab3.ac-reims.fr/lp-emile-baudot/-wp-/wp-content/uploads/triangle_bleu.png"><img loading="lazy" decoding="async" class="alignnone size-full wp-image-1016" src="http://sitetab3.ac-reims.fr/lp-emile-baudot/-wp-/wp-content/uploads/triangle_bleu.png" alt="" width="10" height="16"></a>&nbsp;<a href="http://sitetab3.ac-reims.fr/lp-emile-baudot/-wp-/wp-content/uploads/handicap-1.pdf">Sensibilisation au handicap</a></p>
<hr>
<p>&nbsp;</p>

<p>&nbsp;Travaux élèves forum santé &#8230; &nbsp;Sensibilisation au handicap &nbsp;</p>
