{"id":1219,"date":"2021-11-17T15:42:01","date_gmt":"2021-11-17T14:42:01","guid":{"rendered":"http:\/\/sitetab3.ac-reims.fr\/lp-emile-baudot\/-wp-\/?page_id=1219"},"modified":"2021-11-17T15:51:12","modified_gmt":"2021-11-17T14:51:12","slug":"eco-lycee-2017-2018","status":"publish","type":"page","link":"https:\/\/sitetab3.ac-reims.fr\/lp-emile-baudot\/-wp-\/eco-lycee-2017-2018\/","title":{"rendered":"Eco-lyc\u00e9e 2017-2018"},"content":{"rendered":"<hr>\n<p><a href=\"http:\/\/sitetab3.ac-reims.fr\/lp-emile-baudot\/-wp-\/wp-content\/uploads\/triangle_bleu.png\"><img loading=\"lazy\" decoding=\"async\" class=\"alignnone size-full wp-image-1016\" src=\"http:\/\/sitetab3.ac-reims.fr\/lp-emile-baudot\/-wp-\/wp-content\/uploads\/triangle_bleu.png\" alt=\"\" width=\"10\" height=\"16\"><\/a>&nbsp;<a href=\"http:\/\/sitetab3.ac-reims.fr\/lp-emile-baudot\/-wp-\/projet-eco-ecole-2018-2019-le-label-du-lycee-est-renouvele\/\"><strong>Projet Eco-Ecole 2017-2018 : le label du lyc\u00e9e est renouvel\u00e9<\/strong><\/a><\/p>\n<p>Ci-dessous un rappel des diff\u00e9rentes \u00e9tapes du projet :<\/p>\n<hr>\n<p><a href=\"http:\/\/sitetab3.ac-reims.fr\/lp-emile-baudot\/-wp-\/wp-content\/uploads\/triangle_bleu.png\"><img loading=\"lazy\" decoding=\"async\" class=\"alignnone size-full wp-image-1016\" src=\"http:\/\/sitetab3.ac-reims.fr\/lp-emile-baudot\/-wp-\/wp-content\/uploads\/triangle_bleu.png\" alt=\"\" width=\"10\" height=\"16\"><\/a>&nbsp;<a href=\"http:\/\/sitetab3.ac-reims.fr\/lp-emile-baudot\/-wp-\/epi-ma-pause-fraicheur-le-diaporama-des-menus\/\"><strong>EPI \u00ab\u00a0Ma pause fra\u00eecheur\u00a0\u00bb- le diaporama des menus<\/strong><\/a><\/p>\n<hr>\n<p><a href=\"http:\/\/sitetab3.ac-reims.fr\/lp-emile-baudot\/-wp-\/wp-content\/uploads\/triangle_bleu.png\"><img loading=\"lazy\" decoding=\"async\" class=\"alignnone size-full wp-image-1016\" src=\"http:\/\/sitetab3.ac-reims.fr\/lp-emile-baudot\/-wp-\/wp-content\/uploads\/triangle_bleu.png\" alt=\"\" width=\"10\" height=\"16\"><\/a>&nbsp;<a href=\"http:\/\/sitetab3.ac-reims.fr\/lp-emile-baudot\/-wp-\/theme-de-l-annee-2017-2018-les-dechets\/\"><strong>Th\u00e8me de l\u2019ann\u00e9e 2017-2018 : les d\u00e9chets<\/strong><\/a><\/p>\n<p>Le th\u00e8me retenu pour l\u2019ann\u00e9e 2017-2018 concerne la probl\u00e9matique des d\u00e9chets.<\/p>\n","protected":false},"excerpt":{"rendered":"<p>&nbsp;Projet Eco-Ecole 2017-2018 : le label du lyc\u00e9e est renouvel\u00e9 Ci-dessous un rappel des diff\u00e9rentes \u00e9tapes du projet : &nbsp;EPI \u00ab\u00a0Ma pause fra\u00eecheur\u00a0\u00bb- le diaporama des menus &nbsp;Th\u00e8me de l\u2019ann\u00e9e 2017-2018 : les d\u00e9chets Le th\u00e8me retenu pour l\u2019ann\u00e9e 2017-2018 concerne la probl\u00e9matique des d\u00e9chets.<\/p>\n","protected":false},"author":1,"featured_media":0,"parent":0,"menu_order":0,"comment_status":"closed","ping_status":"closed","template":"","meta":{"ngg_post_thumbnail":0,"footnotes":""},"_links":{"self":[{"href":"https:\/\/sitetab3.ac-reims.fr\/lp-emile-baudot\/-wp-\/wp-json\/wp\/v2\/pages\/1219"}],"collection":[{"href":"https:\/\/sitetab3.ac-reims.fr\/lp-emile-baudot\/-wp-\/wp-json\/wp\/v2\/pages"}],"about":[{"href":"https:\/\/sitetab3.ac-reims.fr\/lp-emile-baudot\/-wp-\/wp-json\/wp\/v2\/types\/page"}],"author":[{"embeddable":true,"href":"https:\/\/sitetab3.ac-reims.fr\/lp-emile-baudot\/-wp-\/wp-json\/wp\/v2\/users\/1"}],"replies":[{"embeddable":true,"href":"https:\/\/sitetab3.ac-reims.fr\/lp-emile-baudot\/-wp-\/wp-json\/wp\/v2\/comments?post=1219"}],"version-history":[{"count":4,"href":"https:\/\/sitetab3.ac-reims.fr\/lp-emile-baudot\/-wp-\/wp-json\/wp\/v2\/pages\/1219\/revisions"}],"predecessor-version":[{"id":1225,"href":"https:\/\/sitetab3.ac-reims.fr\/lp-emile-baudot\/-wp-\/wp-json\/wp\/v2\/pages\/1219\/revisions\/1225"}],"wp:attachment":[{"href":"https:\/\/sitetab3.ac-reims.fr\/lp-emile-baudot\/-wp-\/wp-json\/wp\/v2\/media?parent=1219"}],"curies":[{"name":"wp","href":"https:\/\/api.w.org\/{rel}","templated":true}]}}

Eco-lycée 2017-2018

<hr>
<p><a href="http://sitetab3.ac-reims.fr/lp-emile-baudot/-wp-/wp-content/uploads/triangle_bleu.png"><img loading="lazy" decoding="async" class="alignnone size-full wp-image-1016" src="http://sitetab3.ac-reims.fr/lp-emile-baudot/-wp-/wp-content/uploads/triangle_bleu.png" alt="" width="10" height="16"></a>&nbsp;<a href="http://sitetab3.ac-reims.fr/lp-emile-baudot/-wp-/projet-eco-ecole-2018-2019-le-label-du-lycee-est-renouvele/"><strong>Projet Eco-Ecole 2017-2018 : le label du lycée est renouvelé</strong></a></p>
<p>Ci-dessous un rappel des différentes étapes du projet :</p>
<hr>
<p><a href="http://sitetab3.ac-reims.fr/lp-emile-baudot/-wp-/wp-content/uploads/triangle_bleu.png"><img loading="lazy" decoding="async" class="alignnone size-full wp-image-1016" src="http://sitetab3.ac-reims.fr/lp-emile-baudot/-wp-/wp-content/uploads/triangle_bleu.png" alt="" width="10" height="16"></a>&nbsp;<a href="http://sitetab3.ac-reims.fr/lp-emile-baudot/-wp-/epi-ma-pause-fraicheur-le-diaporama-des-menus/"><strong>EPI « Ma pause fraîcheur »- le diaporama des menus</strong></a></p>
<hr>
<p><a href="http://sitetab3.ac-reims.fr/lp-emile-baudot/-wp-/wp-content/uploads/triangle_bleu.png"><img loading="lazy" decoding="async" class="alignnone size-full wp-image-1016" src="http://sitetab3.ac-reims.fr/lp-emile-baudot/-wp-/wp-content/uploads/triangle_bleu.png" alt="" width="10" height="16"></a>&nbsp;<a href="http://sitetab3.ac-reims.fr/lp-emile-baudot/-wp-/theme-de-l-annee-2017-2018-les-dechets/"><strong>Thème de l’année 2017-2018 : les déchets</strong></a></p>
<p>Le thème retenu pour l’année 2017-2018 concerne la problématique des déchets.</p>

<p>&nbsp;Projet Eco-Ecole 2017-2018 : le label du lycée est renouvelé Ci-dessous un rappel des différentes étapes du projet : &nbsp;EPI « Ma pause fraîcheur »- le diaporama des menus &nbsp;Thème de l’année 2017-2018 : les déchets Le thème retenu pour l’année 2017-2018 concerne la problématique des déchets.</p>
