{"id":1904,"date":"2024-02-13T17:09:01","date_gmt":"2024-02-13T16:09:01","guid":{"rendered":"https:\/\/sitetab3.ac-reims.fr\/lp-emile-baudot\/-wp-\/?page_id=1904"},"modified":"2024-09-06T17:25:51","modified_gmt":"2024-09-06T15:25:51","slug":"archives-labellisation-eco-ecole","status":"publish","type":"page","link":"https:\/\/sitetab3.ac-reims.fr\/lp-emile-baudot\/-wp-\/archives-labellisation-eco-ecole\/","title":{"rendered":"Archives Labellisation Eco \u00c9cole"},"content":{"rendered":"\n<p><a href=\"https:\/\/sitetab3.ac-reims.fr\/lp-emile-baudot\/-wp-\/un-10eme-label-eco-ecole-pour-le-lp\/\">Eco-lyc\u00e9e 2019-2020<\/a><\/p>\n\n\n\n<p><a href=\"https:\/\/sitetab3.ac-reims.fr\/lp-emile-baudot\/-wp-\/retour-sur-les-actions-menees-cette-annee\/\">Eco-lyc\u00e9e 2018-2019<\/a><\/p>\n\n\n\n<p><a href=\"https:\/\/sitetab3.ac-reims.fr\/lp-emile-baudot\/-wp-\/eco-lycee-2017-2018\/\">Eco-lyc\u00e9e 2017-2018<\/a><\/p>\n\n\n\n<p><a href=\"https:\/\/sitetab3.ac-reims.fr\/lp-emile-baudot\/-wp-\/eco-lycee-2016-2017\/\">Eco-lyc\u00e9e 2016-2017<\/a><\/p>\n\n\n\n<p><a href=\"https:\/\/sitetab3.ac-reims.fr\/lp-emile-baudot\/-wp-\/eco-lycee-2015-2016\/\">Eco-lyc\u00e9e 2015-2016<\/a><\/p>\n","protected":false},"excerpt":{"rendered":"<p>Eco-lyc\u00e9e 2019-2020 Eco-lyc\u00e9e 2018-2019 Eco-lyc\u00e9e 2017-2018 Eco-lyc\u00e9e 2016-2017 Eco-lyc\u00e9e 2015-2016<\/p>\n","protected":false},"author":1,"featured_media":0,"parent":0,"menu_order":0,"comment_status":"closed","ping_status":"closed","template":"","meta":{"ngg_post_thumbnail":0,"footnotes":""},"_links":{"self":[{"href":"https:\/\/sitetab3.ac-reims.fr\/lp-emile-baudot\/-wp-\/wp-json\/wp\/v2\/pages\/1904"}],"collection":[{"href":"https:\/\/sitetab3.ac-reims.fr\/lp-emile-baudot\/-wp-\/wp-json\/wp\/v2\/pages"}],"about":[{"href":"https:\/\/sitetab3.ac-reims.fr\/lp-emile-baudot\/-wp-\/wp-json\/wp\/v2\/types\/page"}],"author":[{"embeddable":true,"href":"https:\/\/sitetab3.ac-reims.fr\/lp-emile-baudot\/-wp-\/wp-json\/wp\/v2\/users\/1"}],"replies":[{"embeddable":true,"href":"https:\/\/sitetab3.ac-reims.fr\/lp-emile-baudot\/-wp-\/wp-json\/wp\/v2\/comments?post=1904"}],"version-history":[{"count":4,"href":"https:\/\/sitetab3.ac-reims.fr\/lp-emile-baudot\/-wp-\/wp-json\/wp\/v2\/pages\/1904\/revisions"}],"predecessor-version":[{"id":2445,"href":"https:\/\/sitetab3.ac-reims.fr\/lp-emile-baudot\/-wp-\/wp-json\/wp\/v2\/pages\/1904\/revisions\/2445"}],"wp:attachment":[{"href":"https:\/\/sitetab3.ac-reims.fr\/lp-emile-baudot\/-wp-\/wp-json\/wp\/v2\/media?parent=1904"}],"curies":[{"name":"wp","href":"https:\/\/api.w.org\/{rel}","templated":true}]}}

Archives Labellisation Eco École

<p><a href="https://sitetab3.ac-reims.fr/lp-emile-baudot/-wp-/un-10eme-label-eco-ecole-pour-le-lp/">Eco-lycée 2019-2020</a></p>



<p><a href="https://sitetab3.ac-reims.fr/lp-emile-baudot/-wp-/retour-sur-les-actions-menees-cette-annee/">Eco-lycée 2018-2019</a></p>



<p><a href="https://sitetab3.ac-reims.fr/lp-emile-baudot/-wp-/eco-lycee-2017-2018/">Eco-lycée 2017-2018</a></p>



<p><a href="https://sitetab3.ac-reims.fr/lp-emile-baudot/-wp-/eco-lycee-2016-2017/">Eco-lycée 2016-2017</a></p>



<p><a href="https://sitetab3.ac-reims.fr/lp-emile-baudot/-wp-/eco-lycee-2015-2016/">Eco-lycée 2015-2016</a></p>

<p>Eco-lycée 2019-2020 Eco-lycée 2018-2019 Eco-lycée 2017-2018 Eco-lycée 2016-2017 Eco-lycée 2015-2016</p>
