{"id":3209,"date":"2025-11-27T09:27:54","date_gmt":"2025-11-27T08:27:54","guid":{"rendered":"https:\/\/sitetab3.ac-reims.fr\/lp-emile-baudot\/-wp-\/?page_id=3209"},"modified":"2025-11-27T09:27:54","modified_gmt":"2025-11-27T08:27:54","slug":"actions-culturelles-citoyennes-et-pedagogiques-2024-2025","status":"publish","type":"page","link":"https:\/\/sitetab3.ac-reims.fr\/lp-emile-baudot\/-wp-\/vie-de-letablissement\/actions-culturelles-citoyennes-et-pedagogiques-2\/actions-culturelles-citoyennes-et-pedagogiques-2024-2025\/","title":{"rendered":"Actions culturelles, citoyennes et p\u00e9dagogiques 2024-2025"},"content":{"rendered":"\n<h3 class=\"wp-block-heading\">Juin 2025&nbsp;<\/h3>\n\n\n\n<ul>\n<li><a href=\"https:\/\/sitetab3.ac-reims.fr\/lp-emile-baudot\/-wp-\/inauguration-de-lallee-julie-victoire-daubie\/\" target=\"_blank\" rel=\"noreferrer noopener\">Inauguration de l&rsquo;all\u00e9e Julie-Victoire Daubi\u00e9, \u00e0 l&rsquo;initiative des \u00e9l\u00e8ves du CVL<\/a><\/li>\n<\/ul>\n\n\n\n<p><\/p>\n\n\n\n<h3 class=\"wp-block-heading\">Mai 2025<\/h3>\n\n\n\n<ul>\n<li><a href=\"https:\/\/sitetab3.ac-reims.fr\/lp-emile-baudot\/-wp-\/ceremonie-du-ravivage-de-la-flamme-sur-la-tombe-du-soldat-inconnu-2bpms\/\" target=\"_blank\" rel=\"noreferrer noopener\">Participation des 2BPMS \u00e0 la c\u00e9r\u00e9monie du ravivage de la flamme sur la tombe du soldat inconnu<\/a><\/li>\n<\/ul>\n\n\n\n<p><\/p>\n\n\n\n<h3 class=\"wp-block-heading\">Avril 2025<\/h3>\n\n\n\n<ul>\n<li><a href=\"https:\/\/sitetab3.ac-reims.fr\/lp-emile-baudot\/-wp-\/projet-cultures-urbaines-2bpmrc\/\" target=\"_blank\" rel=\"noreferrer noopener\">Projet \u00ab\u00a0Cultures urbaines\u00a0\u00bb et sa concr\u00e9tisation<\/a><\/li>\n\n\n\n<li><a href=\"https:\/\/sitetab3.ac-reims.fr\/lp-emile-baudot\/-wp-\/course-contre-la-faim-une-action-solidaire-organisee-par-le-cvl\/\" target=\"_blank\" rel=\"noreferrer noopener\">Action solidaire : Course contre la faim organis\u00e9e par les \u00e9lus du CVL<\/a><\/li>\n<\/ul>\n\n\n\n<p><\/p>\n\n\n\n<h3 class=\"wp-block-heading\">Mars 2025<\/h3>\n\n\n\n<ul>\n<li><a href=\"https:\/\/sitetab3.ac-reims.fr\/lp-emile-baudot\/-wp-\/rencontre-dauteur-celine-righi-berline\/\" target=\"_blank\" rel=\"noreferrer noopener\">Rencontre d&rsquo;auteur avec C\u00e9line Righi et son roman Berline : 1CAP AS, 1CAP 2AGA, 1BPMS et 1BPMCV<\/a><\/li>\n\n\n\n<li><a href=\"https:\/\/sitetab3.ac-reims.fr\/lp-emile-baudot\/-wp-\/cinejustice-justice-et-verite\/\" data-type=\"link\" data-id=\"https:\/\/sitetab3.ac-reims.fr\/lp-emile-baudot\/-wp-\/cinejustice-justice-et-verite\/\" target=\"_blank\" rel=\"noreferrer noopener\">Cin\u00e9justice \u00ab\u00a0Justice et v\u00e9rit\u00e9\u00a0\u00bb : TBPMCV, TBPMS, BTS MOS1 et 2<\/a><\/li>\n\n\n\n<li><a href=\"https:\/\/sitetab3.ac-reims.fr\/lp-emile-baudot\/-wp-\/festival-check-ton-info\/\" target=\"_blank\" rel=\"noreferrer noopener\">Festival \u00ab\u00a0Check ton info\u00a0\u00bb : 1CAP AS et 1CAP 2AGA<\/a><\/li>\n<\/ul>\n\n\n\n<p><\/p>\n\n\n\n<h3 class=\"wp-block-heading\">F\u00e9vrier 2025<\/h3>\n\n\n\n<ul>\n<li>\u00a0<a href=\"https:\/\/sitetab3.ac-reims.fr\/lp-emile-baudot\/-wp-\/?p=2874\" target=\"_blank\" rel=\"noreferrer noopener\">Action citoyenne et culturelle : pi\u00e8ce de th\u00e9\u00e2tre La meute<\/a><\/li>\n<\/ul>\n\n\n\n<p><\/p>\n\n\n\n<h3 class=\"wp-block-heading\">D\u00e9cembre 2024<\/h3>\n\n\n\n<ul>\n<li><a href=\"https:\/\/sitetab3.ac-reims.fr\/lp-emile-baudot\/-wp-\/visite-de-lehpad-de-joinville\/\" target=\"_blank\" rel=\"noreferrer noopener\">Partage interg\u00e9n\u00e9rationnel entre les \u00e9l\u00e8ves de 1CAP 2AGA et les r\u00e9sidents de l&rsquo;EHPAD de Joinville<\/a><\/li>\n<\/ul>\n\n\n\n<p><\/p>\n\n\n\n<h3 class=\"wp-block-heading\">Novembre 2024<\/h3>\n\n\n\n<ul>\n<li><a href=\"https:\/\/sitetab3.ac-reims.fr\/lp-emile-baudot\/-wp-\/devoir-de-memoire-visite-du-centre-dinterpretation-marne-14-18-de-suippes-et-des-tranchees-de-la-main-de-massiges\/\" target=\"_blank\" rel=\"noreferrer noopener\">3PM, 1CAP 2AGA et 1CAP AS : visite du Centre d&rsquo;Interpr\u00e9tation de Suippes et des tranch\u00e9es de la Main de Massiges dans le cadre du devoir de m\u00e9moire<\/a><\/li>\n\n\n\n<li><a href=\"https:\/\/sitetab3.ac-reims.fr\/lp-emile-baudot\/-wp-\/sensibilisation-a-la-lutte-contre-le-harcelement-scolaire\/\" target=\"_blank\" rel=\"noreferrer noopener\">Sensibilisation des \u00e9l\u00e8ves \u00e0 la lutte contre le harc\u00e8lement scolaire<\/a><\/li>\n<\/ul>\n\n\n\n<p><\/p>\n\n\n\n<h3 class=\"wp-block-heading\">Octobre 2024<\/h3>\n\n\n\n<ul>\n<li><a href=\"https:\/\/sitetab3.ac-reims.fr\/lp-emile-baudot\/-wp-\/observation-de-la-biodiversite-locale\/\" target=\"_blank\" rel=\"noreferrer noopener\">Eco-d\u00e9l\u00e9gu\u00e9s et 1BPMS : observation de la biodiversit\u00e9 locale \u00e0 la \u00ab\u00a0Digue\u00a0\u00bb de Wassy<\/a><\/li>\n\n\n\n<li><a href=\"https:\/\/sitetab3.ac-reims.fr\/lp-emile-baudot\/-wp-\/dcp-batir-en-pensant-a-lavenir\/\" target=\"_blank\" rel=\"noreferrer noopener\">Les 3\u00e8mes pr\u00e9pa-m\u00e9tiers et la D\u00e9couverte Professionnelle : B\u00e2tir en pensant \u00e0 l&rsquo;avenir<\/a><\/li>\n<\/ul>\n\n\n\n<p><\/p>\n\n\n\n<h3 class=\"wp-block-heading\">Septembre 2024<\/h3>\n\n\n\n<ul>\n<li><a href=\"https:\/\/sitetab3.ac-reims.fr\/lp-emile-baudot\/-wp-\/journee-europeenne-des-langues\/\" target=\"_blank\" rel=\"noreferrer noopener\">Journ\u00e9e europ\u00e9enne des langues c\u00e9l\u00e9br\u00e9es par les \u00e9l\u00e8ves de 1\u00e8res CAP et de 2ndes Bac pro<\/a><\/li>\n\n\n\n<li><a href=\"https:\/\/sitetab3.ac-reims.fr\/lp-emile-baudot\/-wp-\/devoir-de-memoire-visite-du-camp-de-concentration-du-struthof\/\" target=\"_blank\" rel=\"noreferrer noopener\">TBPMCV et TBPMS : visite du camp de concentration du Struthof dans le cadre du devoir de m\u00e9moire<\/a><\/li>\n\n\n\n<li><a href=\"https:\/\/sitetab3.ac-reims.fr\/lp-emile-baudot\/-wp-\/journee-du-sport-scolaire\/\" target=\"_blank\" rel=\"noreferrer noopener\">Journ\u00e9e du sport scolaire : d\u00e9couverte de la pratique du skateboard<\/a><\/li>\n<\/ul>\n","protected":false},"excerpt":{"rendered":"<p>Juin 2025&nbsp; Mai 2025 Avril 2025 Mars 2025 F\u00e9vrier 2025 D\u00e9cembre 2024 Novembre 2024 Octobre 2024 Septembre 2024<\/p>\n","protected":false},"author":1,"featured_media":0,"parent":2453,"menu_order":1,"comment_status":"closed","ping_status":"closed","template":"","meta":{"ngg_post_thumbnail":0,"footnotes":""},"_links":{"self":[{"href":"https:\/\/sitetab3.ac-reims.fr\/lp-emile-baudot\/-wp-\/wp-json\/wp\/v2\/pages\/3209"}],"collection":[{"href":"https:\/\/sitetab3.ac-reims.fr\/lp-emile-baudot\/-wp-\/wp-json\/wp\/v2\/pages"}],"about":[{"href":"https:\/\/sitetab3.ac-reims.fr\/lp-emile-baudot\/-wp-\/wp-json\/wp\/v2\/types\/page"}],"author":[{"embeddable":true,"href":"https:\/\/sitetab3.ac-reims.fr\/lp-emile-baudot\/-wp-\/wp-json\/wp\/v2\/users\/1"}],"replies":[{"embeddable":true,"href":"https:\/\/sitetab3.ac-reims.fr\/lp-emile-baudot\/-wp-\/wp-json\/wp\/v2\/comments?post=3209"}],"version-history":[{"count":1,"href":"https:\/\/sitetab3.ac-reims.fr\/lp-emile-baudot\/-wp-\/wp-json\/wp\/v2\/pages\/3209\/revisions"}],"predecessor-version":[{"id":3210,"href":"https:\/\/sitetab3.ac-reims.fr\/lp-emile-baudot\/-wp-\/wp-json\/wp\/v2\/pages\/3209\/revisions\/3210"}],"up":[{"embeddable":true,"href":"https:\/\/sitetab3.ac-reims.fr\/lp-emile-baudot\/-wp-\/wp-json\/wp\/v2\/pages\/2453"}],"wp:attachment":[{"href":"https:\/\/sitetab3.ac-reims.fr\/lp-emile-baudot\/-wp-\/wp-json\/wp\/v2\/media?parent=3209"}],"curies":[{"name":"wp","href":"https:\/\/api.w.org\/{rel}","templated":true}]}}

Actions culturelles, citoyennes et pédagogiques 2024-2025

<h3 class="wp-block-heading">Juin 2025&nbsp;</h3>



<ul>
<li><a href="https://sitetab3.ac-reims.fr/lp-emile-baudot/-wp-/inauguration-de-lallee-julie-victoire-daubie/" target="_blank" rel="noreferrer noopener">Inauguration de l&rsquo;allée Julie-Victoire Daubié, à l&rsquo;initiative des élèves du CVL</a></li>
</ul>



<p></p>



<h3 class="wp-block-heading">Mai 2025</h3>



<ul>
<li><a href="https://sitetab3.ac-reims.fr/lp-emile-baudot/-wp-/ceremonie-du-ravivage-de-la-flamme-sur-la-tombe-du-soldat-inconnu-2bpms/" target="_blank" rel="noreferrer noopener">Participation des 2BPMS à la cérémonie du ravivage de la flamme sur la tombe du soldat inconnu</a></li>
</ul>



<p></p>



<h3 class="wp-block-heading">Avril 2025</h3>



<ul>
<li><a href="https://sitetab3.ac-reims.fr/lp-emile-baudot/-wp-/projet-cultures-urbaines-2bpmrc/" target="_blank" rel="noreferrer noopener">Projet « Cultures urbaines » et sa concrétisation</a></li>



<li><a href="https://sitetab3.ac-reims.fr/lp-emile-baudot/-wp-/course-contre-la-faim-une-action-solidaire-organisee-par-le-cvl/" target="_blank" rel="noreferrer noopener">Action solidaire : Course contre la faim organisée par les élus du CVL</a></li>
</ul>



<p></p>



<h3 class="wp-block-heading">Mars 2025</h3>



<ul>
<li><a href="https://sitetab3.ac-reims.fr/lp-emile-baudot/-wp-/rencontre-dauteur-celine-righi-berline/" target="_blank" rel="noreferrer noopener">Rencontre d&rsquo;auteur avec Céline Righi et son roman Berline : 1CAP AS, 1CAP 2AGA, 1BPMS et 1BPMCV</a></li>



<li><a href="https://sitetab3.ac-reims.fr/lp-emile-baudot/-wp-/cinejustice-justice-et-verite/" data-type="link" data-id="https://sitetab3.ac-reims.fr/lp-emile-baudot/-wp-/cinejustice-justice-et-verite/" target="_blank" rel="noreferrer noopener">Cinéjustice « Justice et vérité » : TBPMCV, TBPMS, BTS MOS1 et 2</a></li>



<li><a href="https://sitetab3.ac-reims.fr/lp-emile-baudot/-wp-/festival-check-ton-info/" target="_blank" rel="noreferrer noopener">Festival « Check ton info » : 1CAP AS et 1CAP 2AGA</a></li>
</ul>



<p></p>



<h3 class="wp-block-heading">Février 2025</h3>



<ul>
<li> <a href="https://sitetab3.ac-reims.fr/lp-emile-baudot/-wp-/?p=2874" target="_blank" rel="noreferrer noopener">Action citoyenne et culturelle : pièce de théâtre La meute</a></li>
</ul>



<p></p>



<h3 class="wp-block-heading">Décembre 2024</h3>



<ul>
<li><a href="https://sitetab3.ac-reims.fr/lp-emile-baudot/-wp-/visite-de-lehpad-de-joinville/" target="_blank" rel="noreferrer noopener">Partage intergénérationnel entre les élèves de 1CAP 2AGA et les résidents de l&rsquo;EHPAD de Joinville</a></li>
</ul>



<p></p>



<h3 class="wp-block-heading">Novembre 2024</h3>



<ul>
<li><a href="https://sitetab3.ac-reims.fr/lp-emile-baudot/-wp-/devoir-de-memoire-visite-du-centre-dinterpretation-marne-14-18-de-suippes-et-des-tranchees-de-la-main-de-massiges/" target="_blank" rel="noreferrer noopener">3PM, 1CAP 2AGA et 1CAP AS : visite du Centre d&rsquo;Interprétation de Suippes et des tranchées de la Main de Massiges dans le cadre du devoir de mémoire</a></li>



<li><a href="https://sitetab3.ac-reims.fr/lp-emile-baudot/-wp-/sensibilisation-a-la-lutte-contre-le-harcelement-scolaire/" target="_blank" rel="noreferrer noopener">Sensibilisation des élèves à la lutte contre le harcèlement scolaire</a></li>
</ul>



<p></p>



<h3 class="wp-block-heading">Octobre 2024</h3>



<ul>
<li><a href="https://sitetab3.ac-reims.fr/lp-emile-baudot/-wp-/observation-de-la-biodiversite-locale/" target="_blank" rel="noreferrer noopener">Eco-délégués et 1BPMS : observation de la biodiversité locale à la « Digue » de Wassy</a></li>



<li><a href="https://sitetab3.ac-reims.fr/lp-emile-baudot/-wp-/dcp-batir-en-pensant-a-lavenir/" target="_blank" rel="noreferrer noopener">Les 3èmes prépa-métiers et la Découverte Professionnelle : Bâtir en pensant à l&rsquo;avenir</a></li>
</ul>



<p></p>



<h3 class="wp-block-heading">Septembre 2024</h3>



<ul>
<li><a href="https://sitetab3.ac-reims.fr/lp-emile-baudot/-wp-/journee-europeenne-des-langues/" target="_blank" rel="noreferrer noopener">Journée européenne des langues célébrées par les élèves de 1ères CAP et de 2ndes Bac pro</a></li>



<li><a href="https://sitetab3.ac-reims.fr/lp-emile-baudot/-wp-/devoir-de-memoire-visite-du-camp-de-concentration-du-struthof/" target="_blank" rel="noreferrer noopener">TBPMCV et TBPMS : visite du camp de concentration du Struthof dans le cadre du devoir de mémoire</a></li>



<li><a href="https://sitetab3.ac-reims.fr/lp-emile-baudot/-wp-/journee-du-sport-scolaire/" target="_blank" rel="noreferrer noopener">Journée du sport scolaire : découverte de la pratique du skateboard</a></li>
</ul>

<p>Juin 2025&nbsp; Mai 2025 Avril 2025 Mars 2025 Février 2025 Décembre 2024 Novembre 2024 Octobre 2024 Septembre 2024</p>
