{"id":1670,"date":"2021-09-07T15:03:33","date_gmt":"2021-09-07T13:03:33","guid":{"rendered":"http:\/\/sitetab3.ac-reims.fr\/lp-val-more\/-wp-\/?page_id=1670"},"modified":"2025-12-19T09:02:28","modified_gmt":"2025-12-19T08:02:28","slug":"bac-pro","status":"publish","type":"page","link":"https:\/\/sitetab3.ac-reims.fr\/lp-val-more\/-wp-\/bac-pro\/","title":{"rendered":"Bac Pro"},"content":{"rendered":"<div id=\"misenformetexte\">\n<p style=\"text-align: justify;\"><span style=\"text-decoration: underline;\"><span style=\"font-family: arial, helvetica, sans-serif; font-size: 14pt;\"><strong>BAC PROFESSIONNEL<\/strong><\/span><\/span><\/p>\n<p style=\"text-align: justify;\"><span style=\"font-family: arial, helvetica, sans-serif; font-size: 12pt;\">Le bac professionnel offre une qualification reconnue sur le march\u00e9 de l&#8217;emploi et r\u00e9pond \u00e0 la demande des entreprises de la production et des services.<\/span><\/p>\n<p style=\"text-align: justify;\"><span style=\"font-family: arial, helvetica, sans-serif; font-size: 12pt;\">L&rsquo;enseignement en bac pro se r\u00e9f\u00e8re \u00e0 des m\u00e9tiers et comprend des stages appel\u00e9s PFMP (p\u00e9riodes de formation en milieu professionnel). <\/span><\/p>\n<p style=\"text-align: justify;\"><span style=\"font-family: arial, helvetica, sans-serif; font-size: 12pt;\">Il permet d&rsquo;acc\u00e9der rapidement au monde du travail, mais aussi de continuer ses \u00e9tudes dans l&rsquo;enseignement sup\u00e9rieur, principalement en <u>BTS<\/u>.<\/span><\/p>\n<p style=\"text-align: justify;\"><span style=\"font-family: arial, helvetica, sans-serif; font-size: 12pt;\"><strong><u>L&rsquo;ACC\u00c8S EN BAC PROFESSIONNEL<\/u><\/strong><\/span><\/p>\n<p style=\"text-align: justify;\"><span style=\"font-family: arial, helvetica, sans-serif; font-size: 12pt;\">L&rsquo;acc\u00e8s peut se faire soit apr\u00e8s la classe de 3<sup>\u00e9me<\/sup>, soit apr\u00e8s un CAP ou encore apr\u00e8s une seconde g\u00e9n\u00e9rale et technologique.<\/span><\/p>\n<p style=\"text-align: justify;\"><span style=\"font-family: arial, helvetica, sans-serif; font-size: 12pt;\"><strong><u>LE PARCOURS DU\u00a0BAC PROFESSIONNEL EN 3 ANS<\/u><\/strong><\/span><\/p>\n<p style=\"text-align: justify;\"><span style=\"font-family: arial, helvetica, sans-serif; font-size: 12pt;\">Il se compose :<\/span><\/p>\n<ul style=\"text-align: justify;\">\n<li><span style=\"font-family: arial, helvetica, sans-serif; font-size: 12pt;\">d&rsquo;une seconde professionnelle organis\u00e9e par\u00a0<strong><u>famille de m\u00e9tiers<\/u><\/strong> ou <strong>sp\u00e9cialit\u00e9 hors familles de m\u00e9tiers<\/strong> pour pr\u00e9parer progressivement l&rsquo;\u00e9l\u00e8ve \u00e0 un bac pro pr\u00e9cis ;<\/span><\/li>\n<li><span style=\"font-family: arial, helvetica, sans-serif; font-size: 12pt;\">d&rsquo;une 1<sup>\u00e9re<\/sup> professionnelle, au cours de laquelle les \u00e9l\u00e8ves suivent une sp\u00e9cialit\u00e9 choisie\u00a0\u00e0 la fin de l\u2019ann\u00e9e de seconde professionnelle,<\/span><\/li>\n<li><span style=\"font-family: arial, helvetica, sans-serif; font-size: 12pt;\">d&rsquo;une terminale professionnelle qui permet de se pr\u00e9parer \u00e0 l&rsquo;insertion professionnelle et \u00e0 la poursuite d&rsquo;\u00e9tudes.<\/span><\/li>\n<\/ul>\n<p style=\"text-align: justify;\"><span style=\"font-family: arial, helvetica, sans-serif; font-size: 12pt;\">Le cycle peut \u00eatre suivi par la voie scolaire dans les lyc\u00e9es professionnels ou par la voie de l&rsquo;apprentissage dans les CFA (centre de formation d&rsquo;apprentis).<\/span><\/p>\n<p style=\"text-align: justify;\"><span style=\"font-family: arial, helvetica, sans-serif; font-size: 12pt;\">Un \u00e9l\u00e8ve de 3<sup>\u00e9me\u00a0<\/sup>qui se lance en bac professionnel doit choisir soit \u00ab\u00a0<strong>une famille de m\u00e9tiers<\/strong>\u00ab\u00a0, soit <strong>une\u00a0sp\u00e9cialit\u00e9.<\/strong><\/span><\/p>\n<p><span style=\"font-size: 8pt;\">\u00a0<\/span><\/p>\n<p style=\"text-align: justify;\"><span style=\"font-family: arial, helvetica, sans-serif; font-size: 12pt;\"><strong>LES FAMILLES DE M\u00c9TIERS<\/strong><\/span><\/p>\n<p style=\"text-align: justify;\"><span style=\"font-family: arial, helvetica, sans-serif; font-size: 12pt;\"><strong>La seconde professionnelle est organis\u00e9e par familles de m\u00e9tiers dans la plupart des domaines, chacune d\u2019entre elles regroupe plusieurs sp\u00e9cialit\u00e9s du bac professionnel. <\/strong><\/span><\/p>\n<p style=\"text-align: justify;\"><span style=\"font-family: arial, helvetica, sans-serif; font-size: 12pt;\"><strong>Une mesure destin\u00e9e \u00e0 donner le temps et les connaissances n\u00e9cessaires pour choisir son m\u00e9tier.<\/strong><\/span><\/p>\n<ul style=\"text-align: justify;\">\n<li><span style=\"font-family: arial, helvetica, sans-serif; font-size: 12pt;\"><strong><u>LES FAMILLES DE M\u00c9TIERS EN SECONDE PROFESSIONNELLE<\/u><\/strong><\/span><\/li>\n<\/ul>\n<p style=\"text-align: justify;\"><span style=\"font-family: arial, helvetica, sans-serif; font-size: 12pt;\">Un \u00e9l\u00e8ve de 3<sup>\u00e9me\u00a0<\/sup>qui se lance en bac professionnel doit choisir soit une\u00a0sp\u00e9cialit\u00e9, soit \u00ab\u00a0une famille de m\u00e9tiers\u00a0\u00bb.<\/span><\/p>\n<p style=\"text-align: justify;\"><span style=\"font-family: arial, helvetica, sans-serif; font-size: 12pt;\">Les familles de m\u00e9tiers sont identifi\u00e9es par les branches professionnelles.<\/span><\/p>\n<p style=\"text-align: justify;\"><span style=\"font-family: arial, helvetica, sans-serif; font-size: 12pt;\"><u>Exemples :<\/u> les m\u00e9tiers de la relation client, les m\u00e9tiers de l\u2019alimentation, les m\u00e9tiers des transitions num\u00e9rique et \u00e9nerg\u00e9tique\u2026 Une famille de m\u00e9tiers peut compter entre 2 et 10 sp\u00e9cialit\u00e9s.<\/span><\/p>\n<p style=\"text-align: justify;\"><span style=\"font-family: arial, helvetica, sans-serif; font-size: 12pt;\"><strong><u>OBJECTIF\u00a0: UNE ORIENTATION PROGRESSIVE<\/u><\/strong><\/span><\/p>\n<p style=\"text-align: justify;\"><span style=\"font-family: arial, helvetica, sans-serif; font-size: 12pt;\">L&rsquo;id\u00e9e est de proposer une seconde professionnelle commune \u00e0 plusieurs sp\u00e9cialit\u00e9s. De cette mani\u00e8re, l&rsquo;\u00e9l\u00e8ve pourra :<\/span><\/p>\n<ul style=\"text-align: justify;\">\n<li><span style=\"font-family: arial, helvetica, sans-serif; font-size: 12pt;\">d\u00e9couvrir la famille de m\u00e9tiers qui lui pla\u00eet,<\/span><\/li>\n<li><span style=\"font-family: arial, helvetica, sans-serif; font-size: 12pt;\">apprendre les savoir-faire communs \u00e0 tous les m\u00e9tiers d\u2019un m\u00eame secteur pour affiner ses choix,<\/span><\/li>\n<li><span style=\"font-family: arial, helvetica, sans-serif; font-size: 12pt;\">choisir, \u00e0 la fin de l&rsquo;ann\u00e9e de seconde professionnelle, son m\u00e9tier et sa sp\u00e9cialit\u00e9.<\/span><\/li>\n<\/ul>\n<p style=\"text-align: justify;\"><span style=\"font-family: arial, helvetica, sans-serif; font-size: 14pt;\"><strong>Le Lyc\u00e9e des m\u00e9tiers Val Mor\u00e9 poss\u00e8de une seconde professionnelle m\u00e9tiers de la maintenance des mat\u00e9riels et des v\u00e9hicules<\/strong> qui permettra de d\u00e9couvrir les 6 formations suivantes\u00a0:<\/span><\/p>\n<ul>\n<li><span style=\"font-family: arial, helvetica, sans-serif; font-size: 14pt;\">Maintenance des mat\u00e9riels\u00a0<u>option A mat\u00e9riels agricoles<\/u><\/span><\/li>\n<li><span style=\"font-family: arial, helvetica, sans-serif; font-size: 14pt;\">Maintenance des mat\u00e9riels\u00a0<u>option B mat\u00e9riels de construction et manutention<\/u><\/span><\/li>\n<li><span style=\"font-family: arial, helvetica, sans-serif; font-size: 14pt;\">Maintenance des mat\u00e9riels\u00a0<u>option C mat\u00e9riels d\u2019espaces verts<\/u><\/span><\/li>\n<\/ul>\n<ul>\n<li><span style=\"font-family: arial, helvetica, sans-serif; font-size: 14pt;\">Maintenance des v\u00e9hicules\u00a0<u>option A voitures particuli\u00e8res<\/u><\/span><\/li>\n<li><span style=\"font-family: arial, helvetica, sans-serif; font-size: 14pt;\">Maintenance des v\u00e9hicules\u00a0<u>option B v\u00e9hicules de transport routier<\/u><\/span><\/li>\n<li><span style=\"font-family: arial, helvetica, sans-serif; font-size: 14pt;\">Maintenance des v\u00e9hicules\u00a0<u>option C motocycles<\/u><\/span><\/li>\n<\/ul>\n<p><a href=\"http:\/\/sitetab3.ac-reims.fr\/lp-val-more\/-wp-\/wp-content\/uploads\/Plaquette-sur-toutes-les-formations-du-lycee-Val-More-en-2025-2026.pdf\" target=\"_blank\" rel=\"noopener\"><img loading=\"lazy\" decoding=\"async\" class=\"size-full wp-image-1999 aligncenter\" src=\"http:\/\/sitetab3.ac-reims.fr\/lp-val-more\/-wp-\/wp-content\/uploads\/mmv.jpg\" alt=\"\" width=\"157\" height=\"210\" \/><\/a><\/p>\n<p style=\"text-align: center;\"><a href=\"http:\/\/sitetab3.ac-reims.fr\/lp-val-more\/-wp-\/wp-content\/uploads\/Plaquette-sur-toutes-les-formations-du-lycee-Val-More-en-2025-2026.pdf\" target=\"_blank\" rel=\"noopener\"><span style=\"font-family: arial, helvetica, sans-serif; font-size: 14pt;\">(Plaquette formation seconde professionnelle m\u00e9tiers de la maintenance des mat\u00e9riels et des v\u00e9hicules)<\/span><\/a><\/p>\n<p style=\"text-align: justify;\"><span style=\"font-family: arial, helvetica, sans-serif; font-size: 14pt;\"><strong>\u00a0 Le <\/strong><strong>lyc\u00e9e des m\u00e9tiers Val Mor\u00e9 propose 5 formations apr\u00e8s la seconde professionnelle <\/strong><strong>m\u00e9tiers de la maintenance des mat\u00e9riels et des v\u00e9hicules\u00a0:<\/strong><\/span><\/p>\n<p style=\"text-align: center;\"><span style=\"font-family: arial, helvetica, sans-serif; font-size: 14pt;\"><strong><u>Bac Pro maintenance des mat\u00e9riels<\/u><\/strong><\/span><\/p>\n<p style=\"text-align: center;\"><span style=\"font-family: arial, helvetica, sans-serif; font-size: 14pt;\"><strong>3 formations \u00e0 partir de la classe de 1<sup>\u00e9re<\/sup><\/strong><\/span><\/p>\n<p><a href=\"http:\/\/sitetab3.ac-reims.fr\/lp-val-more\/-wp-\/wp-content\/uploads\/plaquette-BCP-MM-opt-MA-2025-2026.pdf\" target=\"_blank\" rel=\"noopener\"><img loading=\"lazy\" decoding=\"async\" class=\"size-full wp-image-1995 aligncenter\" src=\"http:\/\/sitetab3.ac-reims.fr\/lp-val-more\/-wp-\/wp-content\/uploads\/mma.jpg\" alt=\"\" width=\"169\" height=\"213\" \/><\/a><\/p>\n<p style=\"text-align: center;\"><a href=\"http:\/\/sitetab3.ac-reims.fr\/lp-val-more\/-wp-\/wp-content\/uploads\/plaquette-BCP-MM-opt-MA-2025-2026.pdf\" target=\"_blank\" rel=\"noopener\"><span style=\"font-size: 14pt; font-family: arial, helvetica, sans-serif;\">(Plaquette formation Bac Pro maintenance des mat\u00e9riels option Mat\u00e9riels Agricoles)<\/span><\/a><\/p>\n<p><a href=\"http:\/\/sitetab3.ac-reims.fr\/lp-val-more\/-wp-\/wp-content\/uploads\/plaquette-BCP-MM-opt-MCM-2025-2026.pdf\" target=\"_blank\" rel=\"noopener\"><img loading=\"lazy\" decoding=\"async\" class=\"size-full wp-image-1996 aligncenter\" src=\"http:\/\/sitetab3.ac-reims.fr\/lp-val-more\/-wp-\/wp-content\/uploads\/mmcm.jpg\" alt=\"\" width=\"169\" height=\"213\" \/><\/a><\/p>\n<p style=\"text-align: center;\"><a href=\"http:\/\/sitetab3.ac-reims.fr\/lp-val-more\/-wp-\/wp-content\/uploads\/plaquette-BCP-MM-opt-MCM-2025-2026.pdf\" target=\"_blank\" rel=\"noopener\"><span style=\"font-size: 14pt; font-family: arial, helvetica, sans-serif;\">(Plaquette formation Bac Pro maintenance des mat\u00e9riels option Mat\u00e9riels de Construction et de manutention)<\/span><\/a><\/p>\n<p><a href=\"http:\/\/sitetab3.ac-reims.fr\/lp-val-more\/-wp-\/wp-content\/uploads\/plaquette-BCP-MM-opt-MEV-2025-2026.pdf\" target=\"_blank\" rel=\"noopener\"><img loading=\"lazy\" decoding=\"async\" class=\"size-full wp-image-1997 aligncenter\" src=\"http:\/\/sitetab3.ac-reims.fr\/lp-val-more\/-wp-\/wp-content\/uploads\/mmev.jpg\" alt=\"\" width=\"169\" height=\"214\" \/><\/a><\/p>\n<p style=\"text-align: center;\"><a href=\"http:\/\/sitetab3.ac-reims.fr\/lp-val-more\/-wp-\/wp-content\/uploads\/plaquette-BCP-MM-opt-MEV-2025-2026.pdf\" target=\"_blank\" rel=\"noopener\"><span style=\"font-size: 14pt; font-family: arial, helvetica, sans-serif;\">(Plaquette formation Bac Pro maintenance des mat\u00e9riels option Mat\u00e9riels d\u2019Espaces Verts)<\/span><\/a><\/p>\n<p style=\"text-align: center;\"><span style=\"font-size: 14pt; font-family: arial, helvetica, sans-serif;\"><strong><u>Bac Pro maintenance des v\u00e9hicules<\/u><\/strong><\/span><\/p>\n<p style=\"text-align: center;\"><span style=\"font-size: 14pt; font-family: arial, helvetica, sans-serif;\"><strong>2 formations \u00e0 partir de la classe de 1<sup>\u00e9re<\/sup><\/strong><\/span><\/p>\n<p><a href=\"http:\/\/sitetab3.ac-reims.fr\/lp-val-more\/-wp-\/wp-content\/uploads\/plaquette-BCP-MV-opt-VTR-2025-2026.pdf\" target=\"_blank\" rel=\"noopener\"><img loading=\"lazy\" decoding=\"async\" class=\"size-full wp-image-2000 aligncenter\" src=\"http:\/\/sitetab3.ac-reims.fr\/lp-val-more\/-wp-\/wp-content\/uploads\/mmvtr.jpg\" alt=\"\" width=\"169\" height=\"215\" \/><\/a><\/p>\n<p style=\"text-align: center;\"><a href=\"http:\/\/sitetab3.ac-reims.fr\/lp-val-more\/-wp-\/wp-content\/uploads\/plaquette-BCP-MV-opt-VTR-2025-2026.pdf\" target=\"_blank\" rel=\"noopener\"><span style=\"font-size: 14pt; font-family: arial, helvetica, sans-serif;\">(Plaquette formation Bac Pro maintenance des v\u00e9hicules option V\u00e9hicules de Transport Routier)<\/span><\/a><\/p>\n<p><a href=\"http:\/\/sitetab3.ac-reims.fr\/lp-val-more\/-wp-\/wp-content\/uploads\/plaquette-BCP-MV-opt-motocycles-2025-2026.pdf\" target=\"_blank\" rel=\"noopener\"><img loading=\"lazy\" decoding=\"async\" class=\"size-full wp-image-1998 aligncenter\" src=\"http:\/\/sitetab3.ac-reims.fr\/lp-val-more\/-wp-\/wp-content\/uploads\/mmv-moto.jpg\" alt=\"\" width=\"166\" height=\"211\" \/><\/a><\/p>\n<p style=\"text-align: center;\"><a href=\"http:\/\/sitetab3.ac-reims.fr\/lp-val-more\/-wp-\/wp-content\/uploads\/plaquette-BCP-MV-opt-motocycles-2025-2026.pdf\" target=\"_blank\" rel=\"noopener\"><span style=\"font-size: 14pt; font-family: arial, helvetica, sans-serif;\">(Plaquette formation Bac Pro maintenance des v\u00e9hicules option Motocycles)<\/span><\/a><\/p>\n<p><span style=\"text-decoration: underline; font-size: 14pt; color: #0000ff;\"><span style=\"font-family: arial, helvetica, sans-serif;\"><strong>FORMATIONS OU SPECIALITES HORS FAMILLES DE METIERS<\/strong><\/span><\/span><\/p>\n<p style=\"text-align: center;\"><strong>\u00a0<\/strong><span style=\"font-size: 14pt; font-family: arial, helvetica, sans-serif;\"><strong><u>Bac Pro Conducteur Transport Routier Marchandises<\/u><\/strong><\/span><\/p>\n<p style=\"text-align: center;\"><span style=\"font-size: 14pt; font-family: arial, helvetica, sans-serif;\">une formation qui est propos\u00e9e au Lyc\u00e9e des M\u00e9tiers Val Mor\u00e9.<\/span><\/p>\n<p><a href=\"http:\/\/sitetab3.ac-reims.fr\/lp-val-more\/-wp-\/wp-content\/uploads\/plaquette-BCP-CRM-2025-2026.pdf\" target=\"_blank\" rel=\"noopener\"><img loading=\"lazy\" decoding=\"async\" class=\"aligncenter wp-image-1994 size-full\" src=\"http:\/\/sitetab3.ac-reims.fr\/lp-val-more\/-wp-\/wp-content\/uploads\/ctrm.jpg\" alt=\"\" width=\"158\" height=\"240\" \/><\/a><\/p>\n<p style=\"text-align: center;\"><a href=\"http:\/\/sitetab3.ac-reims.fr\/lp-val-more\/-wp-\/wp-content\/uploads\/plaquette-BCP-CRM-2025-2026.pdf\" target=\"_blank\" rel=\"noopener\"><span style=\"font-family: arial, helvetica, sans-serif; font-size: 14pt;\">(Plaquette formation Bac Pro Conducteur Routier Marchandises)<\/span><\/a><\/p>\n<\/div>\n","protected":false},"excerpt":{"rendered":"<p>BAC PROFESSIONNEL Le bac professionnel offre une qualification reconnue sur le march\u00e9 de l&#8217;emploi et r\u00e9pond \u00e0 la demande des entreprises de la production et des services. L&rsquo;enseignement en bac pro se r\u00e9f\u00e8re \u00e0 des m\u00e9tiers et comprend des stages appel\u00e9s PFMP (p\u00e9riodes de formation en milieu professionnel). Il permet d&rsquo;acc\u00e9der rapidement au monde du [&hellip;]<\/p>\n","protected":false},"author":1,"featured_media":0,"parent":0,"menu_order":0,"comment_status":"closed","ping_status":"closed","template":"","meta":{"ngg_post_thumbnail":0,"footnotes":""},"_links":{"self":[{"href":"https:\/\/sitetab3.ac-reims.fr\/lp-val-more\/-wp-\/wp-json\/wp\/v2\/pages\/1670"}],"collection":[{"href":"https:\/\/sitetab3.ac-reims.fr\/lp-val-more\/-wp-\/wp-json\/wp\/v2\/pages"}],"about":[{"href":"https:\/\/sitetab3.ac-reims.fr\/lp-val-more\/-wp-\/wp-json\/wp\/v2\/types\/page"}],"author":[{"embeddable":true,"href":"https:\/\/sitetab3.ac-reims.fr\/lp-val-more\/-wp-\/wp-json\/wp\/v2\/users\/1"}],"replies":[{"embeddable":true,"href":"https:\/\/sitetab3.ac-reims.fr\/lp-val-more\/-wp-\/wp-json\/wp\/v2\/comments?post=1670"}],"version-history":[{"count":27,"href":"https:\/\/sitetab3.ac-reims.fr\/lp-val-more\/-wp-\/wp-json\/wp\/v2\/pages\/1670\/revisions"}],"predecessor-version":[{"id":2730,"href":"https:\/\/sitetab3.ac-reims.fr\/lp-val-more\/-wp-\/wp-json\/wp\/v2\/pages\/1670\/revisions\/2730"}],"wp:attachment":[{"href":"https:\/\/sitetab3.ac-reims.fr\/lp-val-more\/-wp-\/wp-json\/wp\/v2\/media?parent=1670"}],"curies":[{"name":"wp","href":"https:\/\/api.w.org\/{rel}","templated":true}]}}